CRAN Package Check Results for Package rgeos

Last updated on 2022-12-08 01:52:22 CET.

Flavor Version Tinstall Tcheck Ttotal Status Flags
r-devel-linux-x86_64-debian-clang 0.5-9 17.59 73.12 90.71 WARN
r-devel-linux-x86_64-debian-gcc 0.5-9 13.66 57.58 71.24 WARN
r-devel-linux-x86_64-fedora-clang 0.5-9 130.93 WARN
r-devel-linux-x86_64-fedora-gcc 0.5-9 124.47 WARN
r-devel-windows-x86_64 0.5-9 85.00 170.00 255.00 OK
r-patched-linux-x86_64 0.5-9 19.74 69.22 88.96 OK
r-release-linux-x86_64 0.5-9 15.54 70.69 86.23 OK
r-release-macos-arm64 0.5-9 42.00 NOTE
r-release-macos-x86_64 0.5-9 54.00 OK
r-release-windows-x86_64 0.5-9 84.00 152.00 236.00 OK
r-oldrel-macos-arm64 0.5-9 48.00 NOTE
r-oldrel-macos-x86_64 0.5-9 57.00 NOTE
r-oldrel-windows-ix86+x86_64 0.5-9 80.00 152.00 232.00 NOTE

Check Details

Version: 0.5-9
Check: compiled code
Result: WARN
    File 'rgeos/libs/rgeos.so':
     Found '__sprintf_chk', possibly from 'sprintf' (C)
     Objects: 'local_stubs.o', 'rgeos_buffer.o', 'rgeos_geos2R.o',
     'rgeos_topology.o'
     Found '__vsprintf_chk', possibly from 'vsprintf' (C)
     Object: 'rgeos.o'
    
    Compiled code should not call entry points which might terminate R nor
    write to stdout/stderr instead of to the console, nor use Fortran I/O
    nor system RNGs nor [v]sprintf.
    
    See 'Writing portable packages' in the 'Writing R Extensions' manual.
Flavors: r-devel-linux-x86_64-debian-clang, r-devel-linux-x86_64-debian-gcc, r-devel-linux-x86_64-fedora-gcc

Version: 0.5-9
Check: compiled code
Result: WARN
    File ‘rgeos/libs/rgeos.so’:
     Found ‘sprintf’, possibly from ‘sprintf’ (C)
     Objects: ‘local_stubs.o’, ‘rgeos_buffer.o’, ‘rgeos_geos2R.o’,
     ‘rgeos_topology.o’
     Found ‘vsprintf’, possibly from ‘vsprintf’ (C)
     Object: ‘rgeos.o’
    
    Compiled code should not call entry points which might terminate R nor
    write to stdout/stderr instead of to the console, nor use Fortran I/O
    nor system RNGs nor [v]sprintf.
    
    See ‘Writing portable packages’ in the ‘Writing R Extensions’ manual.
Flavor: r-devel-linux-x86_64-fedora-clang

Version: 0.5-9
Check: installed package size
Result: NOTE
     installed size is 34.3Mb
     sub-directories of 1Mb or more:
     libs 33.3Mb
Flavors: r-release-macos-arm64, r-oldrel-macos-arm64, r-oldrel-macos-x86_64, r-oldrel-windows-ix86+x86_64