CRAN Package Check Results for Package rgexf

Last updated on 2018-08-19 07:47:34 CEST.

Flavor Version Tinstall Tcheck Ttotal Status Flags
r-devel-linux-x86_64-debian-clang 0.15.3 4.37 45.94 50.31 NOTE
r-devel-linux-x86_64-debian-gcc 0.15.3 3.25 36.87 40.12 NOTE
r-devel-linux-x86_64-fedora-clang 0.15.3 59.05 NOTE
r-devel-linux-x86_64-fedora-gcc 0.15.3 57.58 NOTE
r-devel-windows-ix86+x86_64 0.15.3 13.00 110.00 123.00 NOTE
r-patched-linux-x86_64 0.15.3 4.01 42.80 46.81 NOTE
r-patched-solaris-x86 0.15.3 84.20 NOTE
r-release-linux-x86_64 0.15.3 3.52 42.88 46.40 NOTE
r-release-windows-ix86+x86_64 0.15.3 12.00 77.00 89.00 NOTE
r-release-osx-x86_64 0.15.3 NOTE
r-oldrel-windows-ix86+x86_64 0.15.3 8.00 70.00 78.00 NOTE
r-oldrel-osx-x86_64 0.15.3 NOTE

Additional issues

valgrind

Check Details

Version: 0.15.3
Check: R code for possible problems
Result: NOTE
    gexf.to.igraph: no visible global function definition for ‘rgb’
    igraph.to.gexf: no visible global function definition for ‘col2rgb’
    Undefined global functions or variables:
     col2rgb rgb
    Consider adding
     importFrom("grDevices", "col2rgb", "rgb")
    to your NAMESPACE file.
Flavors: r-devel-linux-x86_64-debian-clang, r-devel-linux-x86_64-debian-gcc, r-devel-linux-x86_64-fedora-clang, r-devel-linux-x86_64-fedora-gcc, r-devel-windows-ix86+x86_64, r-patched-linux-x86_64, r-patched-solaris-x86, r-release-linux-x86_64, r-release-windows-ix86+x86_64, r-release-osx-x86_64, r-oldrel-windows-ix86+x86_64, r-oldrel-osx-x86_64

Version: 0.15.3
Check: compiled code
Result: NOTE
    File ‘rgexf/libs/rgexf.so’:
     Found no calls to: ‘R_registerRoutines’, ‘R_useDynamicSymbols’
    
    It is good practice to register native routines and to disable symbol
    search.
    
    See ‘Writing portable packages’ in the ‘Writing R Extensions’ manual.
Flavors: r-devel-linux-x86_64-debian-clang, r-devel-linux-x86_64-debian-gcc, r-devel-linux-x86_64-fedora-clang, r-devel-linux-x86_64-fedora-gcc, r-patched-linux-x86_64, r-release-linux-x86_64