CRAN Package Check Results for Package rgexf

Last updated on 2019-02-16 12:02:39 CET.

Flavor Version Tinstall Tcheck Ttotal Status Flags
r-devel-linux-x86_64-debian-clang 0.15.3 4.70 45.90 50.60 NOTE
r-devel-linux-x86_64-debian-gcc 0.15.3 3.06 36.77 39.83 NOTE
r-devel-linux-x86_64-fedora-clang 0.15.3 60.16 NOTE
r-devel-linux-x86_64-fedora-gcc 0.15.3 55.46 NOTE
r-devel-windows-ix86+x86_64 0.15.3 25.00 102.00 127.00 NOTE
r-patched-linux-x86_64 0.15.3 4.19 42.30 46.49 NOTE
r-patched-solaris-x86 0.15.3 82.80 NOTE
r-release-linux-x86_64 0.15.3 3.30 42.91 46.21 NOTE
r-release-windows-ix86+x86_64 0.15.3 9.00 102.00 111.00 NOTE
r-release-osx-x86_64 0.15.3 NOTE
r-oldrel-windows-ix86+x86_64 0.15.3 14.00 112.00 126.00 NOTE
r-oldrel-osx-x86_64 0.15.3 NOTE

Additional issues

valgrind

Check Details

Version: 0.15.3
Check: R code for possible problems
Result: NOTE
    gexf.to.igraph: no visible global function definition for ‘rgb’
    igraph.to.gexf: no visible global function definition for ‘col2rgb’
    Undefined global functions or variables:
     col2rgb rgb
    Consider adding
     importFrom("grDevices", "col2rgb", "rgb")
    to your NAMESPACE file.
Flavors: r-devel-linux-x86_64-debian-clang, r-devel-linux-x86_64-debian-gcc, r-devel-linux-x86_64-fedora-clang, r-devel-linux-x86_64-fedora-gcc, r-devel-windows-ix86+x86_64, r-patched-linux-x86_64, r-patched-solaris-x86, r-release-linux-x86_64, r-release-windows-ix86+x86_64, r-release-osx-x86_64, r-oldrel-windows-ix86+x86_64, r-oldrel-osx-x86_64

Version: 0.15.3
Check: compiled code
Result: NOTE
    File ‘rgexf/libs/rgexf.so’:
     Found no calls to: ‘R_registerRoutines’, ‘R_useDynamicSymbols’
    
    It is good practice to register native routines and to disable symbol
    search.
    
    See ‘Writing portable packages’ in the ‘Writing R Extensions’ manual.
Flavors: r-devel-linux-x86_64-fedora-clang, r-devel-linux-x86_64-fedora-gcc