CRAN Package Check Results for Package rggobi

Last updated on 2019-04-25 14:52:57 CEST.

Flavor Version Tinstall Tcheck Ttotal Status Flags
r-devel-linux-x86_64-debian-clang 2.1.22 25.82 33.43 59.25 NOTE
r-devel-linux-x86_64-debian-gcc 2.1.22 13.84 26.93 40.77 NOTE
r-devel-linux-x86_64-fedora-clang 2.1.22 68.92 NOTE
r-devel-linux-x86_64-fedora-gcc 2.1.22 60.10 NOTE
r-devel-windows-ix86+x86_64 2.1.22 147.00 73.00 220.00 NOTE
r-patched-linux-x86_64 2.1.22 17.43 33.01 50.44 NOTE
r-release-linux-x86_64 2.1.22 15.30 30.58 45.88 OK
r-release-windows-ix86+x86_64 2.1.22 78.00 73.00 151.00 OK
r-release-osx-x86_64 2.1.22 ERROR
r-oldrel-windows-ix86+x86_64 2.1.22 84.00 64.00 148.00 OK
r-oldrel-osx-x86_64 2.1.22 ERROR

Check Details

Version: 2.1.22
Check: top-level files
Result: NOTE
    Found a 'configure.in' file: 'configure.ac' has long been preferred.
     Output from running autoreconf:
     aclocal: warning: autoconf input should be named 'configure.ac', not 'configure.in'
Flavors: r-devel-linux-x86_64-debian-clang, r-devel-linux-x86_64-debian-gcc, r-devel-linux-x86_64-fedora-clang, r-devel-linux-x86_64-fedora-gcc, r-patched-linux-x86_64

Version: 2.1.22
Check: top-level files
Result: NOTE
    Found a 'configure.in' file: 'configure.ac' has long been preferred.
Flavor: r-devel-windows-ix86+x86_64

Version: 2.1.22
Check: package dependencies
Result: ERROR
    Package required but not available: ‘RGtk2’
    
    See section ‘The DESCRIPTION file’ in the ‘Writing R Extensions’
    manual.
Flavors: r-release-osx-x86_64, r-oldrel-osx-x86_64