CRAN Package Check Results for Package rgl

Last updated on 2018-09-26 06:46:58 CEST.

Flavor Version Tinstall Tcheck Ttotal Status Flags
r-devel-linux-x86_64-debian-clang 0.99.16 58.27 157.95 216.22 OK
r-devel-linux-x86_64-debian-gcc 0.99.16 43.54 120.46 164.00 OK
r-devel-linux-x86_64-fedora-clang 0.99.16 274.60 NOTE
r-devel-linux-x86_64-fedora-gcc 0.99.16 255.96 OK
r-devel-windows-ix86+x86_64 0.99.16 280.00 208.00 488.00 NOTE
r-patched-linux-x86_64 0.99.16 54.57 153.45 208.02 OK
r-patched-solaris-x86 0.99.16 230.80 WARN
r-release-linux-x86_64 0.99.16 59.71 155.50 215.21 OK
r-release-windows-ix86+x86_64 0.99.16 286.00 267.00 553.00 NOTE
r-release-osx-x86_64 0.99.16 WARN
r-oldrel-windows-ix86+x86_64 0.99.16 186.00 290.00 476.00 NOTE
r-oldrel-osx-x86_64 0.99.16 WARN

Additional issues

rchk valgrind

Check Details

Version: 0.99.16
Check: installed package size
Result: NOTE
     installed size is 10.4Mb
     sub-directories of 1Mb or more:
     doc 3.9Mb
     fonts 1.5Mb
     libs 2.7Mb
Flavors: r-devel-linux-x86_64-fedora-clang, r-devel-windows-ix86+x86_64, r-patched-solaris-x86, r-release-windows-ix86+x86_64, r-release-osx-x86_64, r-oldrel-windows-ix86+x86_64, r-oldrel-osx-x86_64

Version: 0.99.16
Check: re-building of vignette outputs
Result: WARN
    Error in re-building vignettes:
     ...
    Warning in engine$weave(file, quiet = quiet, encoding = enc) :
     Pandoc (>= 1.12.3) and/or pandoc-citeproc not available. Falling back to R Markdown v1.
    Quitting from lines 17-19 (WebGL.Rmd)
    Error: processing vignette 'WebGL.Rmd' failed with diagnostics:
    These vignettes assume pandoc version 1.14; older versions may not work.
    Execution halted
Flavors: r-patched-solaris-x86, r-release-osx-x86_64, r-oldrel-osx-x86_64