CRAN Package Check Results for Package rgl

Last updated on 2018-07-16 16:51:57 CEST.

Flavor Version Tinstall Tcheck Ttotal Status Flags
r-devel-linux-x86_64-debian-clang 0.99.16 52.50 141.58 194.08 OK
r-devel-linux-x86_64-debian-gcc 0.99.16 42.34 120.02 162.36 OK
r-devel-linux-x86_64-fedora-clang 0.99.16 271.28 NOTE
r-devel-linux-x86_64-fedora-gcc 0.99.16 257.71 OK
r-devel-windows-ix86+x86_64 0.99.16 288.00 210.00 498.00 NOTE
r-patched-linux-x86_64 0.99.16 52.04 155.05 207.09 OK
r-patched-solaris-x86 0.99.16 233.70 WARN
r-release-linux-x86_64 0.99.16 56.62 155.44 212.06 OK
r-release-windows-ix86+x86_64 0.99.16 211.00 209.00 420.00 NOTE
r-release-osx-x86_64 0.99.16 WARN
r-oldrel-windows-ix86+x86_64 0.99.16 196.00 212.00 408.00 NOTE
r-oldrel-osx-x86_64 0.99.16 WARN

Additional issues

valgrind

Check Details

Version: 0.99.16
Check: installed package size
Result: NOTE
     installed size is 10.3Mb
     sub-directories of 1Mb or more:
     doc 3.9Mb
     fonts 1.5Mb
     libs 2.6Mb
Flavors: r-devel-linux-x86_64-fedora-clang, r-devel-windows-ix86+x86_64, r-patched-solaris-x86, r-release-windows-ix86+x86_64, r-release-osx-x86_64, r-oldrel-windows-ix86+x86_64, r-oldrel-osx-x86_64

Version: 0.99.16
Check: re-building of vignette outputs
Result: WARN
    Error in re-building vignettes:
     ...
    Warning in engine$weave(file, quiet = quiet, encoding = enc) :
     Pandoc (>= 1.12.3) and/or pandoc-citeproc not available. Falling back to R Markdown v1.
    Quitting from lines 17-19 (WebGL.Rmd)
    Error: processing vignette 'WebGL.Rmd' failed with diagnostics:
    These vignettes assume pandoc version 1.14; older versions may not work.
    Execution halted
Flavors: r-patched-solaris-x86, r-release-osx-x86_64, r-oldrel-osx-x86_64