CRAN Package Check Results for Package rgl

Last updated on 2018-12-19 08:49:01 CET.

Flavor Version Tinstall Tcheck Ttotal Status Flags
r-devel-linux-x86_64-debian-clang 0.99.16 60.06 162.66 222.72 OK
r-devel-linux-x86_64-debian-gcc 0.99.16 46.13 122.81 168.94 OK
r-devel-linux-x86_64-fedora-clang 0.99.16 276.40 NOTE
r-devel-linux-x86_64-fedora-gcc 0.99.16 257.91 OK
r-devel-windows-ix86+x86_64 0.99.16 272.00 222.00 494.00 NOTE
r-patched-linux-x86_64 0.99.16 59.78 157.26 217.04 OK
r-patched-solaris-x86 0.99.16 234.90 WARN
r-release-linux-x86_64 0.99.16 59.22 156.45 215.67 OK
r-release-windows-ix86+x86_64 0.99.16 332.00 280.00 612.00 NOTE
r-release-osx-x86_64 0.99.16 WARN
r-oldrel-windows-ix86+x86_64 0.99.16 288.00 305.00 593.00 NOTE
r-oldrel-osx-x86_64 0.99.16 WARN

Additional issues

rchk valgrind

Check Details

Version: 0.99.16
Check: installed package size
Result: NOTE
     installed size is 10.4Mb
     sub-directories of 1Mb or more:
     doc 3.9Mb
     fonts 1.5Mb
     libs 2.7Mb
Flavors: r-devel-linux-x86_64-fedora-clang, r-devel-windows-ix86+x86_64, r-patched-solaris-x86, r-release-windows-ix86+x86_64, r-release-osx-x86_64, r-oldrel-windows-ix86+x86_64, r-oldrel-osx-x86_64

Version: 0.99.16
Check: re-building of vignette outputs
Result: WARN
    Error in re-building vignettes:
     ...
    Warning in engine$weave(file, quiet = quiet, encoding = enc) :
     Pandoc (>= 1.12.3) and/or pandoc-citeproc not available. Falling back to R Markdown v1.
    Quitting from lines 17-19 (WebGL.Rmd)
    Error: processing vignette 'WebGL.Rmd' failed with diagnostics:
    These vignettes assume pandoc version 1.14; older versions may not work.
    Execution halted
Flavors: r-patched-solaris-x86, r-release-osx-x86_64, r-oldrel-osx-x86_64