CRAN Package Check Results for Package rgl

Last updated on 2018-01-22 11:49:37 CET.

Flavor Version Tinstall Tcheck Ttotal Status Flags
r-devel-linux-x86_64-debian-clang 0.99.9 38.49 162.35 200.84 OK
r-devel-linux-x86_64-debian-gcc 0.99.9 27.37 131.40 158.77 OK
r-devel-linux-x86_64-fedora-clang 0.99.9 263.65 NOTE
r-devel-linux-x86_64-fedora-gcc 0.99.9 242.40 NOTE
r-devel-windows-ix86+x86_64 0.99.9 213.00 229.00 442.00 NOTE
r-patched-linux-x86_64 0.99.9 35.31 174.55 209.86 OK
r-patched-solaris-x86 0.99.9 256.50 WARN
r-release-linux-x86_64 0.99.9 35.79 171.25 207.04 OK
r-release-windows-ix86+x86_64 0.99.9 279.00 291.00 570.00 NOTE
r-release-osx-x86_64 0.99.9 WARN
r-oldrel-windows-ix86+x86_64 0.99.9 299.00 207.00 506.00 NOTE
r-oldrel-osx-x86_64 0.98.22 WARN

Additional issues

rchk valgrind

Check Details

Version: 0.99.9
Check: installed package size
Result: NOTE
     installed size is 9.9Mb
     sub-directories of 1Mb or more:
     doc 3.9Mb
     fonts 1.5Mb
     libs 2.6Mb
Flavors: r-devel-linux-x86_64-fedora-clang, r-devel-linux-x86_64-fedora-gcc, r-devel-windows-ix86+x86_64, r-patched-solaris-x86, r-release-windows-ix86+x86_64, r-release-osx-x86_64, r-oldrel-windows-ix86+x86_64

Version: 0.99.9
Check: package dependencies
Result: NOTE
    Package suggested but not available for checking: ‘magick’
Flavor: r-patched-solaris-x86

Version: 0.99.9
Check: Rd cross-references
Result: NOTE
    Package unavailable to check Rd xrefs: ‘magick’
Flavor: r-patched-solaris-x86

Version: 0.99.9
Check: re-building of vignette outputs
Result: WARN
    Error in re-building vignettes:
     ...
    Warning in engine$weave(file, quiet = quiet, encoding = enc) :
     Pandoc (>= 1.12.3) and/or pandoc-citeproc not available. Falling back to R Markdown v1.
    Quitting from lines 17-19 (WebGL.Rmd)
    Error: processing vignette 'WebGL.Rmd' failed with diagnostics:
    These vignettes assume pandoc version 1.13.1; older versions will not work.
    Execution halted
Flavors: r-patched-solaris-x86, r-release-osx-x86_64

Version: 0.98.22
Check: installed package size
Result: NOTE
     installed size is 12.6Mb
     sub-directories of 1Mb or more:
     doc 3.1Mb
     fonts 1.5Mb
     libs 6.1Mb
Flavor: r-oldrel-osx-x86_64

Version: 0.98.22
Check: re-building of vignette outputs
Result: WARN
    Error in re-building vignettes:
     ...
    Warning in engine$weave(file, quiet = quiet, encoding = enc) :
     Pandoc (>= 1.12.3) and/or pandoc-citeproc not available. Falling back to R Markdown v1.
    Quitting from lines 17-19 (WebGL.Rmd)
    Error: processing vignette 'WebGL.Rmd' failed with diagnostics:
    These vignettes assume pandoc version 1.13.1; older versions will not work.
    Execution halted
Flavor: r-oldrel-osx-x86_64