CRAN Package Check Results for Package rgl

Last updated on 2018-04-24 14:47:19 CEST.

Flavor Version Tinstall Tcheck Ttotal Status Flags
r-devel-linux-x86_64-debian-clang 0.99.16 57.53 157.13 214.66 OK
r-devel-linux-x86_64-debian-gcc 0.99.16 41.16 119.55 160.71 OK
r-devel-linux-x86_64-fedora-clang 0.99.16 262.49 NOTE
r-devel-linux-x86_64-fedora-gcc 0.99.16 236.28 NOTE
r-devel-windows-ix86+x86_64 0.99.16 298.00 201.00 499.00 NOTE
r-patched-linux-x86_64 0.99.16 56.83 157.60 214.43 OK
r-patched-solaris-x86 0.99.16 253.40 WARN
r-release-linux-x86_64 0.99.16 52.72 151.83 204.55 OK
r-release-windows-ix86+x86_64 0.99.16 298.00 201.00 499.00 NOTE
r-release-osx-x86_64 0.99.16 WARN
r-oldrel-windows-ix86+x86_64 0.99.16 208.00 206.00 414.00 NOTE
r-oldrel-osx-x86_64 0.99.16 WARN

Additional issues

valgrind

Check Details

Version: 0.99.16
Check: installed package size
Result: NOTE
     installed size is 10.3Mb
     sub-directories of 1Mb or more:
     doc 3.9Mb
     fonts 1.5Mb
     libs 2.6Mb
Flavors: r-devel-linux-x86_64-fedora-clang, r-devel-linux-x86_64-fedora-gcc, r-devel-windows-ix86+x86_64, r-patched-solaris-x86, r-release-windows-ix86+x86_64, r-release-osx-x86_64, r-oldrel-windows-ix86+x86_64, r-oldrel-osx-x86_64

Version: 0.99.16
Check: re-building of vignette outputs
Result: WARN
    Error in re-building vignettes:
     ...
    Warning in engine$weave(file, quiet = quiet, encoding = enc) :
     Pandoc (>= 1.12.3) and/or pandoc-citeproc not available. Falling back to R Markdown v1.
    Quitting from lines 17-19 (WebGL.Rmd)
    Error: processing vignette 'WebGL.Rmd' failed with diagnostics:
    These vignettes assume pandoc version 1.14; older versions may not work.
    Execution halted
Flavors: r-patched-solaris-x86, r-release-osx-x86_64, r-oldrel-osx-x86_64