Last updated on 2022-05-20 01:51:14 CEST.
Flavor | Version | Tinstall | Tcheck | Ttotal | Status | Flags |
---|---|---|---|---|---|---|
r-devel-linux-x86_64-debian-clang | 0.6.0 | 7.45 | 79.80 | 87.25 | OK | |
r-devel-linux-x86_64-debian-gcc | 0.6.0 | 5.80 | 59.36 | 65.16 | OK | |
r-devel-linux-x86_64-fedora-clang | 0.6.0 | 110.27 | NOTE | |||
r-devel-linux-x86_64-fedora-gcc | 0.6.0 | 99.45 | NOTE | |||
r-devel-windows-x86_64 | 0.6.0 | 52.00 | 111.00 | 163.00 | OK | |
r-patched-linux-x86_64 | 0.6.0 | 8.08 | 73.48 | 81.56 | OK | |
r-release-linux-x86_64 | 0.6.0 | 7.36 | 74.09 | 81.45 | OK | |
r-release-macos-arm64 | 0.6.0 | 35.00 | NOTE | |||
r-release-macos-x86_64 | 0.6.0 | 49.00 | NOTE | |||
r-release-windows-x86_64 | 0.6.0 | 47.00 | 109.00 | 156.00 | OK | |
r-oldrel-macos-arm64 | 0.6.0 | 31.00 | NOTE | |||
r-oldrel-macos-x86_64 | 0.6.0 | 47.00 | NOTE | |||
r-oldrel-windows-ix86+x86_64 | 0.6.0 | 18.00 | 92.00 | 110.00 | OK |
Version: 0.6.0
Check: dependencies in R code
Result: NOTE
Namespaces in Imports field not imported from:
‘cachem’ ‘magrittr’ ‘rappdirs’
All declared Imports should be used.
Flavors: r-devel-linux-x86_64-fedora-clang, r-devel-linux-x86_64-fedora-gcc, r-release-macos-arm64, r-release-macos-x86_64, r-oldrel-macos-arm64, r-oldrel-macos-x86_64