CRAN Package Check Results for Package rgsp

Last updated on 2024-03-04 03:52:41 CET.

Flavor Version Tinstall Tcheck Ttotal Status Flags
r-devel-linux-x86_64-debian-clang 0.2.0 4.83 41.07 45.90 NOTE
r-devel-linux-x86_64-debian-gcc 0.2.0 3.50 31.64 35.14 NOTE
r-devel-linux-x86_64-fedora-clang 0.2.0 56.42 NOTE
r-devel-linux-x86_64-fedora-gcc 0.2.0 53.71 NOTE
r-devel-windows-x86_64 0.2.0 6.00 52.00 58.00 NOTE
r-patched-linux-x86_64 0.2.0 5.68 40.51 46.19 NOTE
r-release-linux-x86_64 0.2.0 5.02 40.06 45.08 NOTE
r-release-macos-arm64 0.2.0 20.00 NOTE
r-release-macos-x86_64 0.2.0 31.00 NOTE
r-release-windows-x86_64 0.2.0 8.00 55.00 63.00 NOTE
r-oldrel-macos-arm64 0.2.0 19.00 NOTE
r-oldrel-windows-x86_64 0.2.0 7.00 60.00 67.00 NOTE

Check Details

Version: 0.2.0
Check: LazyData
Result: NOTE 'LazyData' is specified without a 'data' directory Flavors: r-devel-linux-x86_64-debian-clang, r-devel-linux-x86_64-debian-gcc, r-devel-linux-x86_64-fedora-clang, r-devel-linux-x86_64-fedora-gcc, r-devel-windows-x86_64, r-patched-linux-x86_64, r-release-linux-x86_64, r-release-macos-arm64, r-release-macos-x86_64, r-release-windows-x86_64, r-oldrel-macos-arm64, r-oldrel-windows-x86_64