CRAN Package Check Results for Package rgugik

Last updated on 2022-12-10 04:57:16 CET.

Flavor Version Tinstall Tcheck Ttotal Status Flags
r-devel-linux-x86_64-debian-clang 0.3.3 3.34 50.95 54.29 OK
r-devel-linux-x86_64-debian-gcc 0.3.3 3.03 39.39 42.42 OK
r-devel-linux-x86_64-fedora-clang 0.3.3 76.14 NOTE
r-devel-linux-x86_64-fedora-gcc 0.3.3 85.92 NOTE
r-devel-windows-x86_64 0.3.3 7.00 97.00 104.00 OK
r-patched-linux-x86_64 0.3.3 2.87 43.97 46.84 OK
r-release-linux-x86_64 0.3.3 3.19 44.11 47.30 OK
r-release-macos-arm64 0.3.3 28.00 NOTE
r-release-macos-x86_64 0.3.3 33.00 NOTE
r-release-windows-x86_64 0.3.3 19.00 90.00 109.00 OK
r-oldrel-macos-arm64 0.3.3 32.00 NOTE
r-oldrel-macos-x86_64 0.3.3 39.00 NOTE
r-oldrel-windows-ix86+x86_64 0.3.3 8.00 72.00 80.00 OK

Check Details

Version: 0.3.3
Check: data for non-ASCII characters
Result: NOTE
     Note: found 1473 marked UTF-8 strings
Flavors: r-devel-linux-x86_64-fedora-clang, r-devel-linux-x86_64-fedora-gcc, r-release-macos-arm64, r-release-macos-x86_64, r-oldrel-macos-arm64, r-oldrel-macos-x86_64