Last updated on 2021-04-23 10:48:36 CEST.
Flavor | Version | Tinstall | Tcheck | Ttotal | Status | Flags |
---|---|---|---|---|---|---|
r-devel-linux-x86_64-debian-clang | 1.1.1 | 6.71 | 53.86 | 60.57 | NOTE | |
r-devel-linux-x86_64-debian-gcc | 1.1.1 | 5.73 | 40.65 | 46.38 | NOTE | |
r-devel-linux-x86_64-fedora-clang | 1.1.1 | 83.97 | NOTE | |||
r-devel-linux-x86_64-fedora-gcc | 1.1.1 | 95.78 | NOTE | |||
r-devel-windows-ix86+x86_64 | 1.1.1 | 14.00 | 74.00 | 88.00 | NOTE | |
r-devel-windows-x86_64-gcc10-UCRT | 1.1.1 | NOTE | ||||
r-patched-linux-x86_64 | 1.1.1 | 6.66 | 51.99 | 58.65 | NOTE | |
r-patched-solaris-x86 | 1.1.1 | 105.90 | OK | |||
r-release-linux-x86_64 | 1.1.1 | 7.41 | 50.36 | 57.77 | OK | |
r-release-macos-x86_64 | 1.1.1 | OK | ||||
r-release-windows-ix86+x86_64 | 1.1.1 | 14.00 | 63.00 | 77.00 | OK | |
r-oldrel-macos-x86_64 | 1.1.1 | OK | ||||
r-oldrel-windows-ix86+x86_64 | 1.1.1 | 19.00 | 67.00 | 86.00 | OK |
Version: 1.1.1
Check: LazyData
Result: NOTE
'LazyData' is specified without a 'data' directory
Flavors: r-devel-linux-x86_64-debian-clang, r-devel-linux-x86_64-debian-gcc, r-devel-linux-x86_64-fedora-clang, r-devel-linux-x86_64-fedora-gcc, r-devel-windows-ix86+x86_64, r-devel-windows-x86_64-gcc10-UCRT, r-patched-linux-x86_64