CRAN Package Check Results for Package riingo

Last updated on 2024-03-02 02:48:49 CET.

Flavor Version Tinstall Tcheck Ttotal Status Flags
r-devel-linux-x86_64-debian-clang 0.3.1 4.36 37.54 41.90 NOTE
r-devel-linux-x86_64-debian-gcc 0.3.1 3.22 29.25 32.47 NOTE
r-devel-linux-x86_64-fedora-clang 0.3.1 51.20 NOTE
r-devel-linux-x86_64-fedora-gcc 0.3.1 49.91 NOTE
r-devel-windows-x86_64 0.3.1 5.00 60.00 65.00 NOTE
r-patched-linux-x86_64 0.3.1 4.73 36.85 41.58 NOTE
r-release-linux-x86_64 0.3.1 4.09 36.97 41.06 NOTE
r-release-macos-arm64 0.3.1 22.00 NOTE
r-release-macos-x86_64 0.3.1 28.00 NOTE
r-release-windows-x86_64 0.3.1 6.00 58.00 64.00 NOTE
r-oldrel-macos-arm64 0.3.1 17.00 NOTE
r-oldrel-windows-x86_64 0.3.1 6.00 61.00 67.00 NOTE

Check Details

Version: 0.3.1
Check: LazyData
Result: NOTE 'LazyData' is specified without a 'data' directory Flavors: r-devel-linux-x86_64-debian-clang, r-devel-linux-x86_64-debian-gcc, r-devel-linux-x86_64-fedora-clang, r-devel-linux-x86_64-fedora-gcc, r-devel-windows-x86_64, r-patched-linux-x86_64, r-release-linux-x86_64, r-release-macos-arm64, r-release-macos-x86_64, r-release-windows-x86_64, r-oldrel-macos-arm64, r-oldrel-windows-x86_64