CRAN Package Check Results for Package rijkspalette

Last updated on 2020-02-24 14:48:15 CET.

Flavor Version Tinstall Tcheck Ttotal Status Flags
r-devel-linux-x86_64-debian-clang 1.0.1 2.06 19.65 21.71 OK
r-devel-linux-x86_64-debian-gcc 1.0.1 1.72 16.10 17.82 OK
r-devel-linux-x86_64-fedora-clang 1.0.1 27.55 NOTE
r-devel-linux-x86_64-fedora-gcc 1.0.1 26.71 NOTE
r-devel-windows-ix86+x86_64 1.0.1 5.00 33.00 38.00 OK
r-devel-windows-ix86+x86_64-gcc8 1.0.1 11.00 31.00 42.00 OK
r-patched-linux-x86_64 1.0.1 OK
r-patched-solaris-x86 1.0.1 40.00 NOTE
r-release-linux-x86_64 1.0.1 1.62 18.53 20.15 OK
r-release-windows-ix86+x86_64 1.0.1 3.00 33.00 36.00 OK
r-release-osx-x86_64 1.0.1 NOTE
r-oldrel-windows-ix86+x86_64 1.0.1 5.00 33.00 38.00 OK
r-oldrel-osx-x86_64 1.0.1 NOTE

Check Details

Version: 1.0.1
Check: dependencies in R code
Result: NOTE
    Namespace in Imports field not imported from: ‘curl’
     All declared Imports should be used.
Flavors: r-devel-linux-x86_64-fedora-clang, r-devel-linux-x86_64-fedora-gcc, r-patched-solaris-x86, r-release-osx-x86_64, r-oldrel-osx-x86_64