CRAN Package Check Results for Package rinat

Last updated on 2020-01-19 15:47:43 CET.

Flavor Version Tinstall Tcheck Ttotal Status Flags
r-devel-linux-x86_64-debian-clang 0.1.5 4.19 43.02 47.21 WARN
r-devel-linux-x86_64-debian-gcc 0.1.5 3.45 34.09 37.54 WARN
r-devel-linux-x86_64-fedora-clang 0.1.5 58.14 WARN
r-devel-linux-x86_64-fedora-gcc 0.1.5 56.85 WARN
r-devel-windows-ix86+x86_64 0.1.5 20.00 117.00 137.00 WARN
r-devel-windows-ix86+x86_64-gcc8 0.1.5 12.00 112.00 124.00 WARN
r-patched-linux-x86_64 0.1.5 3.41 38.45 41.86 WARN
r-patched-solaris-x86 0.1.5 69.30 WARN
r-release-linux-x86_64 0.1.5 2.61 38.26 40.87 WARN
r-release-windows-ix86+x86_64 0.1.5 16.00 91.00 107.00 WARN
r-release-osx-x86_64 0.1.5 OK
r-oldrel-windows-ix86+x86_64 0.1.5 8.00 90.00 98.00 WARN
r-oldrel-osx-x86_64 0.1.5 OK

Check Details

Version: 0.1.5
Check: re-building of vignette outputs
Result: WARN
    Error(s) in re-building vignettes:
     ...
    --- re-building 'rinatVignette.Rmd' using rmarkdown
    Quitting from lines 63-68 (rinatVignette.Rmd)
    Error: processing vignette 'rinatVignette.Rmd' failed with diagnostics:
    Your search returned too many results, please consider breaking it up into smaller chunks by year or month
    --- failed re-building 'rinatVignette.Rmd'
    
    SUMMARY: processing the following file failed:
     'rinatVignette.Rmd'
    
    Error: Vignette re-building failed.
    Execution halted
Flavors: r-devel-linux-x86_64-debian-clang, r-devel-linux-x86_64-debian-gcc, r-patched-linux-x86_64, r-release-linux-x86_64

Version: 0.1.5
Check: re-building of vignette outputs
Result: WARN
    Error(s) in re-building vignettes:
    --- re-building ‘rinatVignette.Rmd’ using rmarkdown
    Quitting from lines 63-68 (rinatVignette.Rmd)
    Error: processing vignette 'rinatVignette.Rmd' failed with diagnostics:
    Your search returned too many results, please consider breaking it up into smaller chunks by year or month
    --- failed re-building ‘rinatVignette.Rmd’
    
    SUMMARY: processing the following file failed:
     ‘rinatVignette.Rmd’
    
    Error: Vignette re-building failed.
    Execution halted
Flavors: r-devel-linux-x86_64-fedora-clang, r-devel-linux-x86_64-fedora-gcc, r-devel-windows-ix86+x86_64, r-devel-windows-ix86+x86_64-gcc8, r-release-windows-ix86+x86_64

Version: 0.1.5
Check: re-building of vignette outputs
Result: WARN
    Error(s) in re-building vignettes:
     ...
    --- re-building ‘rinatVignette.Rmd’ using rmarkdown
    Warning in engine$weave(file, quiet = quiet, encoding = enc) :
     Pandoc (>= 1.12.3) and/or pandoc-citeproc not available. Falling back to R Markdown v1.
    Quitting from lines 63-68 (rinatVignette.Rmd)
    Error: processing vignette 'rinatVignette.Rmd' failed with diagnostics:
    Your search returned too many results, please consider breaking it up into smaller chunks by year or month
    --- failed re-building ‘rinatVignette.Rmd’
    
    SUMMARY: processing the following file failed:
     ‘rinatVignette.Rmd’
    
    Error: Vignette re-building failed.
    Execution halted
Flavor: r-patched-solaris-x86

Version: 0.1.5
Check: re-building of vignette outputs
Result: WARN
    Error in re-building vignettes:
     ...
    Quitting from lines 63-68 (rinatVignette.Rmd)
    Error: processing vignette 'rinatVignette.Rmd' failed with diagnostics:
    Your search returned too many results, please consider breaking it up into smaller chunks by year or month
    Execution halted
Flavor: r-oldrel-windows-ix86+x86_64