CRAN Package Check Results for Package rinat

Last updated on 2019-03-24 14:49:51 CET.

Flavor Version Tinstall Tcheck Ttotal Status Flags
r-devel-linux-x86_64-debian-clang 0.1.5 3.54 39.76 43.30 OK
r-devel-linux-x86_64-debian-gcc 0.1.5 2.76 32.23 34.99 OK
r-devel-linux-x86_64-fedora-clang 0.1.5 53.63 OK
r-devel-linux-x86_64-fedora-gcc 0.1.5 50.31 OK
r-devel-windows-ix86+x86_64 0.1.5 16.00 160.00 176.00 OK
r-patched-linux-x86_64 0.1.5 1.84 37.99 39.83 OK
r-patched-solaris-x86 0.1.5 74.00 OK
r-release-linux-x86_64 0.1.5 0.31 2.22 2.53 ERROR
r-release-windows-ix86+x86_64 0.1.5 6.00 106.00 112.00 WARN
r-release-osx-x86_64 0.1.5 OK
r-oldrel-windows-ix86+x86_64 0.1.5 6.00 128.00 134.00 WARN
r-oldrel-osx-x86_64 0.1.5 OK

Check Details

Version: 0.1.5
Check: whether package can be installed
Result: ERROR
    Installation failed.
Flavor: r-release-linux-x86_64

Version: 0.1.5
Check: re-building of vignette outputs
Result: WARN
    Error in re-building vignettes:
     ...
    Quitting from lines 100-102 (rinatVignette.Rmd)
    Error: processing vignette 'rinatVignette.Rmd' failed with diagnostics:
    cannot open the connection
    Execution halted
Flavors: r-release-windows-ix86+x86_64, r-oldrel-windows-ix86+x86_64