CRAN Package Check Results for Package rinat

Last updated on 2019-05-27 05:47:50 CEST.

Flavor Version Tinstall Tcheck Ttotal Status Flags
r-devel-linux-x86_64-debian-clang 0.1.5 3.02 40.94 43.96 OK
r-devel-linux-x86_64-debian-gcc 0.1.5 2.79 32.85 35.64 OK
r-devel-linux-x86_64-fedora-clang 0.1.5 53.95 OK
r-devel-linux-x86_64-fedora-gcc 0.1.5 51.91 OK
r-devel-windows-ix86+x86_64 0.1.5 10.00 142.00 152.00 OK
r-patched-linux-x86_64 0.1.5 OK
r-patched-solaris-x86 0.1.5 81.90 OK
r-release-linux-x86_64 0.1.5 3.43 40.70 44.13 OK
r-release-windows-ix86+x86_64 0.1.5 18.00 160.00 178.00 OK
r-release-osx-x86_64 0.1.5 OK
r-oldrel-windows-ix86+x86_64 0.1.5 11.00 104.00 115.00 WARN
r-oldrel-osx-x86_64 0.1.5 OK

Check Details

Version: 0.1.5
Check: re-building of vignette outputs
Result: WARN
    Error in re-building vignettes:
     ...
    Quitting from lines 100-102 (rinatVignette.Rmd)
    Error: processing vignette 'rinatVignette.Rmd' failed with diagnostics:
    cannot open the connection
    Execution halted
Flavor: r-oldrel-windows-ix86+x86_64