CRAN Package Check Results for Package rineq

Last updated on 2024-02-27 16:49:26 CET.

Flavor Version Tinstall Tcheck Ttotal Status Flags
r-devel-linux-x86_64-debian-clang 0.2.3 2.67 34.56 37.23 NOTE
r-devel-linux-x86_64-debian-gcc 0.2.3 2.27 26.29 28.56 NOTE
r-devel-linux-x86_64-fedora-clang 0.2.3 46.17 NOTE
r-devel-linux-x86_64-fedora-gcc 0.2.3 44.43 NOTE
r-devel-windows-x86_64 0.2.3 3.00 52.00 55.00 OK
r-patched-linux-x86_64 0.2.3 3.43 33.74 37.17 OK
r-release-linux-x86_64 0.2.3 2.24 33.11 35.35 OK
r-release-macos-arm64 0.2.3 21.00 OK
r-release-macos-x86_64 0.2.3 46.00 OK
r-release-windows-x86_64 0.2.3 3.00 54.00 57.00 OK
r-oldrel-macos-arm64 0.2.3 20.00 OK
r-oldrel-windows-x86_64 0.2.3 5.00 56.00 61.00 OK

Check Details

Version: 0.2.3
Check: Rd files
Result: NOTE checkRd: (-1) correct_sign.Rd:23: Lost braces in \itemize; \value handles \item{}{} directly checkRd: (-1) correct_sign.Rd:24: Lost braces in \itemize; \value handles \item{}{} directly Flavors: r-devel-linux-x86_64-debian-clang, r-devel-linux-x86_64-debian-gcc, r-devel-linux-x86_64-fedora-clang, r-devel-linux-x86_64-fedora-gcc