CRAN Package Check Results for Package rintcal

Last updated on 2024-07-18 01:55:41 CEST.

Flavor Version Tinstall Tcheck Ttotal Status Flags
r-devel-linux-x86_64-debian-clang 0.6.4 4.71 67.90 72.61 OK
r-devel-linux-x86_64-debian-gcc 0.6.4 4.19 52.17 56.36 OK
r-devel-linux-x86_64-fedora-clang 0.6.4 97.87 NOTE
r-devel-linux-x86_64-fedora-gcc 0.6.4 103.92 NOTE
r-devel-windows-x86_64 0.6.4 7.00 78.00 85.00 OK
r-patched-linux-x86_64 0.6.4 6.14 66.33 72.47 OK
r-release-linux-x86_64 0.6.4 6.04 67.26 73.30 OK
r-release-macos-arm64 0.6.4 44.00 OK
r-release-macos-x86_64 0.6.4 73.00 OK
r-release-windows-x86_64 0.6.4 7.00 83.00 90.00 OK
r-oldrel-macos-arm64 0.6.4 48.00 OK
r-oldrel-macos-x86_64 0.6.4 118.00 NOTE
r-oldrel-windows-x86_64 0.6.4 8.00 85.00 93.00 OK

Check Details

Version: 0.6.4
Check: data for non-ASCII characters
Result: NOTE Note: found 169 marked UTF-8 strings Flavors: r-devel-linux-x86_64-fedora-clang, r-devel-linux-x86_64-fedora-gcc

Version: 0.6.4
Check: installed package size
Result: NOTE installed size is 5.6Mb sub-directories of 1Mb or more: data 3.2Mb extdata 1.3Mb Flavor: r-oldrel-macos-x86_64