CRAN Package Check Results for Package rintimg

Last updated on 2021-05-13 22:51:12 CEST.

Flavor Version Tinstall Tcheck Ttotal Status Flags
r-devel-linux-x86_64-debian-clang 0.1.0 1.78 20.22 22.00 NOTE
r-devel-linux-x86_64-debian-gcc 0.1.0 1.41 15.79 17.20 NOTE
r-devel-linux-x86_64-fedora-clang 0.1.0 37.99 NOTE
r-devel-linux-x86_64-fedora-gcc 0.1.0 25.47 NOTE
r-devel-windows-ix86+x86_64 0.1.0 5.00 24.00 29.00 NOTE
r-devel-windows-x86_64-gcc10-UCRT 0.1.0 NOTE
r-patched-linux-x86_64 0.1.0 1.61 19.61 21.22 NOTE
r-patched-solaris-x86 0.1.0 41.40 NOTE
r-release-linux-x86_64 0.1.0 1.83 19.65 21.48 OK
r-release-macos-x86_64 0.1.0 OK
r-release-windows-ix86+x86_64 0.1.0 4.00 34.00 38.00 OK
r-oldrel-macos-x86_64 0.1.0 OK
r-oldrel-windows-ix86+x86_64 0.1.0 3.00 33.00 36.00 OK

Check Details

Version: 0.1.0
Check: LazyData
Result: NOTE
     'LazyData' is specified without a 'data' directory
Flavors: r-devel-linux-x86_64-debian-clang, r-devel-linux-x86_64-debian-gcc, r-devel-linux-x86_64-fedora-clang, r-devel-linux-x86_64-fedora-gcc, r-devel-windows-ix86+x86_64, r-devel-windows-x86_64-gcc10-UCRT, r-patched-linux-x86_64, r-patched-solaris-x86