CRAN Package Check Results for Package rio

Last updated on 2017-12-17 22:49:09 CET.

Flavor Version Tinstall Tcheck Ttotal Status Flags
r-devel-linux-x86_64-debian-clang 0.5.5 1.78 61.15 62.93 OK
r-devel-linux-x86_64-debian-gcc OK
r-devel-linux-x86_64-fedora-clang 0.5.5 71.82 OK
r-devel-linux-x86_64-fedora-gcc 0.5.5 70.12 OK
r-devel-windows-ix86+x86_64 0.5.5 5.00 76.00 81.00 OK
r-patched-linux-x86_64 0.5.5 1.72 62.04 63.76 OK
r-patched-solaris-x86 0.5.5 96.80 ERROR
r-release-linux-x86_64 0.5.5 1.92 61.33 63.25 OK
r-release-windows-ix86+x86_64 0.5.5 6.00 78.00 84.00 OK
r-release-osx-x86_64 0.5.5 OK
r-oldrel-windows-ix86+x86_64 0.5.5 6.00 111.00 117.00 OK
r-oldrel-osx-x86_64 0.5.5 OK

Check Details

Version: 0.5.5
Check: package dependencies
Result: NOTE
    Package suggested but not available for checking: ‘fst’
Flavor: r-patched-solaris-x86

Version: 0.5.5
Check: Rd cross-references
Result: NOTE
    Package unavailable to check Rd xrefs: ‘fst’
Flavor: r-patched-solaris-x86

Version: 0.5.5
Check: tests
Result: ERROR
     Running ‘test-all.R’ [20s/46s]
    Running the tests in ‘tests/test-all.R’ failed.
    Complete output:
     > library("testthat")
     > library("rio")
     > test_check("rio", reporter = "summary")
     characterize()/factorize(): ....
     Compressed files: ..... adding: iris.csv (deflated 78%)
     .....
     Convert: ......
     Errors: ..........W.W variable class width columns
     X1 X1 numeric 9 10-9
     ..
     Extensions: ...
     R dump imports/exports: ..
     Weka (.arff) imports/exports: ..
     CSV imports/exports: .....
     CSV (.csv2) imports/exports: ..........
     .csv.gz imports/exports: ..
     CSVY imports/exports: ..W..
     XBASE (.dbf) imports/exports: ..
     DIF imports/exports: .
     Stata (.dta) imports/exports: ......
     feather imports/exports: ..
     Fortran imports/exports: .
     fst imports/exports: Failed with error: 'there is no package called 'fst''
    
     FWF imports/exports: .............
     HTML imports/exports: ....
     JSON imports/exports: ..
     rmatio imports/exports: ..
     Minitab (.mtp) imports/exports:
     ODS imports/exports: ... adding: META-INF/ (stored 0%)
     adding: META-INF/manifest.xml (deflated 61%)
     adding: content.xml (deflated 98%)
     adding: meta.xml (deflated 51%)
     adding: mimetype (deflated 4%)
     adding: styles.xml (deflated 70%)
     .
     PSV imports/exports: ..
     Rdata imports/exports: .........
     RDS imports/exports: ..
     Epiinfo (.rec) imports/exports:
     SAS imports/exports: .
     SPSS (.sav) imports/exports: ...
     Systat (.syd) imports/exports: .
     TSV imports/exports: ..
     Excel (xlsx) imports/exports: .......
     XML imports/exports: ..
     YAML imports/exports: ..
     Gather attrs: ...............
     Get File Extension: ..............
     Check Data Identical: ..................
     Test import_list(): ...............
     Install uninstalled formats: 1
     Matrix imports/exports: ...
     Remote Files: .......
     Set object class: .............
    
     ══ Warnings ════════════════════════════════════════════════════════════════════
     1. Column widths printed for fixed-width format (@test_errors.R#31) - no non-missing arguments to max; returning -Inf
    
     2. Column widths printed for fixed-width format (@test_errors.R#32) - no non-missing arguments to max; returning -Inf
    
     3. Import from CSVY (@test_format_csvy.R#13) - Metadata is missing for variables listed in data: Date, WTI
    
     ══ Failed ══════════════════════════════════════════════════════════════════════
     ── 1. Error: install_formats() (@test_install_formats.R#4) ────────────────────
     trying to use CRAN without setting a mirror
     1: expect_true(install_formats()) at testthat/test_install_formats.R:4
     2: quasi_label(enquo(object), label)
     3: eval_bare(get_expr(quo), get_env(quo))
     4: install_formats()
     5: install.packages(to_install, ...)
     6: grep("^file:", contriburl)
     7: contrib.url(repos, type)
     8: stop("trying to use CRAN without setting a mirror")
    
     ══ DONE ════════════════════════════════════════════════════════════════════════
     No-one is perfect!
     Error: Test failures
     Execution halted
Flavor: r-patched-solaris-x86