CRAN Package Check Results for Package rio

Last updated on 2019-08-24 11:46:57 CEST.

Flavor Version Tinstall Tcheck Ttotal Status Flags
r-devel-linux-x86_64-debian-clang 0.5.16 5.06 62.05 67.11 NOTE
r-devel-linux-x86_64-debian-gcc 0.5.16 4.34 48.30 52.64 NOTE
r-devel-linux-x86_64-fedora-clang 0.5.16 82.79 NOTE
r-devel-linux-x86_64-fedora-gcc 0.5.16 78.60 NOTE
r-devel-windows-ix86+x86_64 0.5.16 14.00 125.00 139.00 OK
r-patched-linux-x86_64 0.5.16 4.96 60.72 65.68 OK
r-patched-solaris-x86 0.5.16 117.80 OK
r-release-linux-x86_64 0.5.16 5.19 60.46 65.65 OK
r-release-windows-ix86+x86_64 0.5.16 15.00 117.00 132.00 OK
r-release-osx-x86_64 0.5.16 OK
r-oldrel-windows-ix86+x86_64 0.5.16 12.00 130.00 142.00 OK
r-oldrel-osx-x86_64 0.5.16 OK

Check Details

Version: 0.5.16
Check: for non-standard things in the check directory
Result: NOTE
    Found the following files/directories:
     'mtcars.txt'
Flavors: r-devel-linux-x86_64-debian-clang, r-devel-linux-x86_64-debian-gcc, r-devel-linux-x86_64-fedora-clang, r-devel-linux-x86_64-fedora-gcc