CRAN Package Check Results for Package rio

Last updated on 2021-05-08 18:51:01 CEST.

Flavor Version Tinstall Tcheck Ttotal Status Flags
r-devel-linux-x86_64-debian-clang 0.5.26 6.55 90.81 97.36 OK
r-devel-linux-x86_64-debian-gcc 0.5.26 5.25 66.26 71.51 OK
r-devel-linux-x86_64-fedora-clang 0.5.26 124.92 OK
r-devel-linux-x86_64-fedora-gcc 0.5.26 112.39 OK
r-devel-windows-ix86+x86_64 0.5.26 16.00 120.00 136.00 OK
r-devel-windows-x86_64-gcc10-UCRT 0.5.26 NOTE
r-patched-linux-x86_64 0.5.26 6.96 86.35 93.31 OK
r-patched-solaris-x86 0.5.26 161.30 OK
r-release-linux-x86_64 0.5.26 5.08 86.38 91.46 OK
r-release-macos-x86_64 0.5.26 OK
r-release-windows-ix86+x86_64 0.5.26 11.00 98.00 109.00 OK
r-oldrel-macos-x86_64 0.5.26 ERROR
r-oldrel-windows-ix86+x86_64 0.5.26 13.00 117.00 130.00 OK

Additional issues

M1mac

Check Details

Version: 0.5.26
Check: package dependencies
Result: NOTE
    Package suggested but not available for checking: 'arrow'
Flavor: r-devel-windows-x86_64-gcc10-UCRT

Version: 0.5.26
Check: Rd cross-references
Result: NOTE
    Package unavailable to check Rd xrefs: 'arrow'
Flavor: r-devel-windows-x86_64-gcc10-UCRT

Version: 0.5.26
Check: tests
Result: ERROR
     Running ‘test-all.R’ [23s/32s]
    Running the tests in ‘tests/test-all.R’ failed.
    Last 13 lines of output:
    
     ══ Failed ══════════════════════════════════════════════════════════════════════
     ── 1. Error (test_format_parquet.R:7:5): Export to and import from parquet ─────
     Error: Cannot call parquet___WriterProperties___Builder__create(). See https://arrow.apache.org/docs/r/articles/install.html for help installing Arrow C++ libraries.
     Backtrace:
     1. testthat::expect_true(export(iris, "iris.parquet") %in% dir()) test_format_parquet.R:7:4
     5. rio::export(iris, "iris.parquet")
     7. rio:::.export.rio_parquet(file = file, x = x, ...)
     8. arrow::write_parquet(x = x, sink = file, ...)
     12. ParquetWriterProperties$create(...)
     13. arrow:::parquet___WriterProperties___Builder__create()
    
     ══ DONE ════════════════════════════════════════════════════════════════════════
     Error: Test failures
     Execution halted
Flavor: r-oldrel-macos-x86_64