CRAN Package Check Results for Package rio

Last updated on 2017-06-27 02:47:33.

Flavor Version Tinstall Tcheck Ttotal Status Flags
r-devel-linux-x86_64-debian-clang 0.5.5 1.40 39.57 40.97 OK
r-devel-linux-x86_64-debian-gcc 0.5.5 1.34 39.57 40.91 OK
r-devel-linux-x86_64-fedora-clang 0.5.5 73.25 OK
r-devel-linux-x86_64-fedora-gcc 0.5.5 74.07 OK
r-devel-windows-ix86+x86_64 0.5.5 7.00 75.00 82.00 OK
r-patched-linux-x86_64 0.5.5 1.35 39.19 40.54 OK
r-patched-solaris-sparc 0.5.0 399.90 ERROR
r-patched-solaris-x86 0.5.5 94.00 OK
r-release-linux-x86_64 0.5.5 1.42 40.11 41.53 OK
r-release-windows-ix86+x86_64 0.5.5 6.00 105.00 111.00 OK
r-release-osx-x86_64 0.5.5 OK
r-oldrel-windows-ix86+x86_64 0.5.5 8.00 88.00 96.00 OK
r-oldrel-osx-x86_64 0.5.5 OK

Check Details

Version: 0.5.0
Check: package dependencies
Result: NOTE
    Package suggested but not available for checking: ‘feather’
Flavor: r-patched-solaris-sparc

Version: 0.5.0
Check: Rd cross-references
Result: NOTE
    Package unavailable to check Rd xrefs: ‘feather’
Flavor: r-patched-solaris-sparc

Version: 0.5.0
Check: examples
Result: ERROR
    Running examples in ‘rio-Ex.R’ failed
    The error most likely occurred in:
    
    > ### Name: gather_attrs
    > ### Title: Gather attributes from data.frame variables
    > ### Aliases: gather_attrs
    >
    > ### ** Examples
    >
    > e <- import("http://www.stata-press.com/data/r13/auto.dta")
    Error in df_parse_dta_file(spec, encoding) :
     Failed to parse /tmp/RtmpLAa4uq/file20a7bcc181d.dta: Invalid file, or file has unsupported features.
    Calls: import ... standardize_attributes -> read_dta -> df_parse_dta_file -> .Call
    Execution halted
Flavor: r-patched-solaris-sparc

Version: 0.5.0
Check: tests
Result: ERROR
     Running ‘test-all.R’ [78s/80s]
    Running the tests in ‘tests/test-all.R’ failed.
    Complete output:
     > library("testthat")
     > library("rio")
     > test_check("rio", reporter = "summary")
     Compressed files: ..... adding: iris.csv (deflated 78%)
     ....
     Convert: .....
     Errors: ..........W.W variable class width columns
     X1 X1 numeric 9 10-9
     ..
     Extensions: ...
     R dump imports/exports: ..
     Weka (.arff) imports/exports: ..
     CSV imports/exports: .....
     CSV (.csv2) imports/exports: ..........
     .csv.gz imports/exports: ..
     CSVY imports/exports: ..W..
     XBASE (.dbf) imports/exports: ..
     DIF imports/exports:
     Stata (.dta) imports/exports: ......
     feather imports/exports: Loading required namespace: feather
     Failed with error: 'there is no package called 'feather''
    
     Fortran imports/exports:
     fst imports/exports: Loading required namespace: fst
     ..
     FWF imports/exports: .............
     HTML imports/exports: ....
     JSON imports/exports: ..
     rmatio imports/exports: Loading required namespace: rmatio
     ..
     Minitab (.mtp) imports/exports:
     ODS imports/exports: ...
     PSV imports/exports: ..
     Rdata imports/exports: ......
     RDS imports/exports: ..
     Epiinfo (.rec) imports/exports:
     SAS imports/exports:
     SPSS (.sav) imports/exports: ...
     Systat (.syd) imports/exports:
     TSV imports/exports: ..
     Excel imports/exports: .....
     XML imports/exports: ..
     YAML imports/exports: ..
     Gather attrs: 1....
     Get File Extension: ............
     Check Data Identical: .......Failed with error: 'there is no package called 'feather''
     ..........
     Matrix imports/exports: ...
     Remote Files: 2.....
     Set object class: ........
    
     Warnings -----------------------------------------------------------------------
     1. Column widths printed for fixed-width format (@test_errors.R#31) - no non-missing arguments to max; returning -Inf
    
     2. Column widths printed for fixed-width format (@test_errors.R#32) - no non-missing arguments to max; returning -Inf
    
     3. Import from CSVY (@test_format_csvy.R#13) - Metadata is missing for variables listed in data: Date, WTI
    
     Failed -------------------------------------------------------------------------
     1. Error: Gather attrs from Stata (@test_gather_attrs.R#4) ---------------------
     Failed to parse /tmp/RtmpM_aaJq/file21185c96618e.dta: Invalid file, or file has unsupported features.
     1: import("http://www.stata-press.com/data/r13/auto.dta") at testthat/test_gather_attrs.R:4
     2: .import(file = file, ...)
     3: .import.rio_dta(file = file, ...)
     4: standardize_attributes(read_dta(file = file))
     5: read_dta(file = file)
     6: df_parse_dta_file(spec, encoding)
    
     2. Error: Import Remote Stata File (@test_remote.R#4) --------------------------
     Failed to parse /tmp/RtmpM_aaJq/file21182b686059.dta: Invalid file, or file has unsupported features.
     1: expect_true(is.data.frame(import("http://www.stata-press.com/data/r13/auto.dta"))) at testthat/test_remote.R:4
     2: expect(identical(as.vector(object), TRUE), sprintf("%s isn't true.", lab), info = info)
     3: as.expectation(exp, ..., srcref = srcref)
     4: identical(as.vector(object), TRUE)
     5: as.vector(object)
     6: is.data.frame(import("http://www.stata-press.com/data/r13/auto.dta"))
     7: import("http://www.stata-press.com/data/r13/auto.dta")
     8: .import(file = file, ...)
     9: .import.rio_dta(file = file, ...)
     10: standardize_attributes(read_dta(file = file))
     11: read_dta(file = file)
     12: df_parse_dta_file(spec, encoding)
    
     DONE ===========================================================================
     Error: Test failures
     Execution halted
Flavor: r-patched-solaris-sparc