CRAN Package Check Results for Package riot

Last updated on 2022-08-15 04:50:25 CEST.

Flavor Version Tinstall Tcheck Ttotal Status Flags
r-devel-linux-x86_64-debian-clang 1.0.0 1540.76 151.60 1692.36 OK
r-devel-linux-x86_64-debian-gcc 1.0.0 1357.12 111.65 1468.77 OK
r-devel-linux-x86_64-fedora-clang 1.0.0 3130.03 NOTE
r-devel-linux-x86_64-fedora-gcc 1.0.0 2521.45 OK
r-devel-windows-x86_64 1.0.0 70.00 268.00 338.00 NOTE
r-patched-linux-x86_64 1.0.0 1086.66 148.00 1234.66 OK
r-release-linux-x86_64 1.0.0 1113.56 151.47 1265.03 OK
r-release-macos-arm64 1.0.0 729.00 NOTE
r-release-macos-x86_64 1.0.0 968.00 NOTE
r-release-windows-x86_64 1.0.0 83.00 264.00 347.00 NOTE
r-oldrel-macos-arm64 1.0.0 668.00 NOTE
r-oldrel-macos-x86_64 1.0.0 953.00 NOTE
r-oldrel-windows-ix86+x86_64 1.0.0 112.00 396.00 508.00 NOTE

Check Details

Version: 1.0.0
Check: installed package size
Result: NOTE
     installed size is 67.1Mb
     sub-directories of 1Mb or more:
     extdata 5.4Mb
     libs 61.5Mb
Flavors: r-devel-linux-x86_64-fedora-clang, r-devel-windows-x86_64, r-release-macos-arm64, r-release-macos-x86_64, r-release-windows-x86_64, r-oldrel-macos-arm64, r-oldrel-macos-x86_64, r-oldrel-windows-ix86+x86_64