CRAN Package Check Results for Package ripa

Last updated on 2018-08-21 06:50:22 CEST.

Flavor Version Tinstall Tcheck Ttotal Status Flags
r-devel-linux-x86_64-debian-clang 2.0-2 36.19 44.15 80.34 NOTE
r-devel-linux-x86_64-debian-gcc 2.0-2 29.73 35.36 65.09 NOTE
r-devel-linux-x86_64-fedora-clang 2.0-2 112.29 NOTE
r-devel-linux-x86_64-fedora-gcc 2.0-2 101.49 NOTE
r-devel-windows-ix86+x86_64 2.0-2 96.00 101.00 197.00 NOTE
r-patched-linux-x86_64 2.0-2 39.18 41.58 80.76 NOTE
r-patched-solaris-x86 2.0-2 111.40 NOTE
r-release-linux-x86_64 2.0-2 37.01 41.48 78.49 NOTE
r-release-windows-ix86+x86_64 2.0-2 99.00 71.00 170.00 NOTE
r-release-osx-x86_64 2.0-2 NOTE
r-oldrel-windows-ix86+x86_64 2.0-2 64.00 86.00 150.00 NOTE
r-oldrel-osx-x86_64 2.0-2 NOTE

Check Details

Version: 2.0-2
Check: dependencies in R code
Result: NOTE
    'library' or 'require' calls in package code:
     ‘doMC’ ‘doSNOW’ ‘e1071’ ‘fftw’ ‘foreach’ ‘jpeg’ ‘png’ ‘rggobi’
     ‘tkrplot’
     Please use :: or requireNamespace() instead.
     See section 'Suggested packages' in the 'Writing R Extensions' manual.
    Packages in Depends field not imported from:
     ‘parallel’ ‘tcltk’
     These packages need to be imported from (in the NAMESPACE file)
     for when this namespace is loaded but not attached.
Flavors: r-devel-linux-x86_64-debian-clang, r-devel-linux-x86_64-debian-gcc, r-devel-linux-x86_64-fedora-clang, r-devel-linux-x86_64-fedora-gcc, r-devel-windows-ix86+x86_64, r-patched-linux-x86_64, r-patched-solaris-x86, r-release-linux-x86_64, r-release-windows-ix86+x86_64, r-release-osx-x86_64, r-oldrel-windows-ix86+x86_64, r-oldrel-osx-x86_64

Version: 2.0-2
Check: S3 generic/method consistency
Result: NOTE
    Found the following apparent S3 methods exported but not registered:
     plot.imagematrix print.imagematrix
    See section ‘Registering S3 methods’ in the ‘Writing R Extensions’
    manual.
Flavors: r-devel-linux-x86_64-debian-clang, r-devel-linux-x86_64-debian-gcc, r-devel-linux-x86_64-fedora-clang, r-devel-linux-x86_64-fedora-gcc, r-patched-linux-x86_64, r-patched-solaris-x86, r-release-linux-x86_64

Version: 2.0-2
Check: R code for possible problems
Result: NOTE
    Grey: no visible global function definition for ‘dev.new’
    Grey: no visible global function definition for ‘par’
    Grey: no visible global function definition for ‘image’
    Grey: no visible global function definition for ‘gray’
    Grey: no visible global function definition for ‘title’
    RGB: no visible global function definition for ‘rgb’
    RGB: no visible global function definition for ‘dev.new’
    RGB: no visible global function definition for ‘par’
    RGB: no visible global function definition for ‘image’
    RGB: no visible global function definition for ‘title’
    RIPAgui: no visible global function definition for ‘tclVar’
    RIPAgui: no visible global function definition for ‘detectCores’
    RIPAgui: no visible global function definition for ‘is.tclObj’
    RIPAgui: no visible global function definition for ‘tclRequire’
    RIPAgui: no visible global function definition for ‘tkmessageBox’
    RIPAgui: no visible global function definition for ‘tktoplevel’
    RIPAgui: no visible global function definition for ‘tkwm.resizable’
    RIPAgui: no visible global function definition for ‘tktitle<-’
    RIPAgui: no visible global function definition for ‘ttknotebook’
    RIPAgui: no visible global function definition for ‘tkpack’
    RIPAgui: no visible global function definition for ‘tkconfigure’
    RIPAgui : regionBands: no visible global function definition for
     ‘tkmessageBox’
    RIPAgui : regionBands : build1: no visible global function definition
     for ‘tktoplevel’
    RIPAgui : regionBands : build1: no visible global function definition
     for ‘tkwm.geometry’
    RIPAgui : regionBands : build1: no visible global function definition
     for ‘tkwm.resizable’
    RIPAgui : regionBands : build1: no visible global function definition
     for ‘tktitle<-’
    RIPAgui : regionBands : build1: no visible global function definition
     for ‘tkscrollbar’
    RIPAgui : regionBands : build1 : <anonymous>: no visible global
     function definition for ‘tkyview’
    RIPAgui : regionBands : build1: no visible global function definition
     for ‘tklistbox’
    RIPAgui : regionBands : build1 : <anonymous>: no visible global
     function definition for ‘tkset’
    RIPAgui : regionBands : build1: no visible global function definition
     for ‘tkgrid’
    RIPAgui : regionBands : build1: no visible global function definition
     for ‘tklabel’
    RIPAgui : regionBands : build1: no visible global function definition
     for ‘tkgrid.configure’
    RIPAgui : regionBands : build1: no visible global function definition
     for ‘tkinsert’
    RIPAgui : regionBands : build1: no visible global function definition
     for ‘tkselection.set’
    RIPAgui : regionBands : build1 : OnOK1: no visible global function
     definition for ‘tkcurselection’
    RIPAgui : regionBands : build1 : OnOK1: no visible global function
     definition for ‘tkdestroy’
    RIPAgui : regionBands : build1: no visible global function definition
     for ‘tkbutton’
    RIPAgui : regionBands : build1: no visible global function definition
     for ‘tkfocus’
    RIPAgui : regionBands : build2: no visible global function definition
     for ‘tktoplevel’
    RIPAgui : regionBands : build2: no visible global function definition
     for ‘tkwm.geometry’
    RIPAgui : regionBands : build2: no visible global function definition
     for ‘tkwm.resizable’
    RIPAgui : regionBands : build2: no visible global function definition
     for ‘tktitle<-’
    RIPAgui : regionBands : build2: no visible global function definition
     for ‘tkscrollbar’
    RIPAgui : regionBands : build2 : <anonymous>: no visible global
     function definition for ‘tkyview’
    RIPAgui : regionBands : build2: no visible global function definition
     for ‘tklistbox’
    RIPAgui : regionBands : build2 : <anonymous>: no visible global
     function definition for ‘tkset’
    RIPAgui : regionBands : build2: no visible global function definition
     for ‘tkgrid’
    RIPAgui : regionBands : build2: no visible global function definition
     for ‘tklabel’
    RIPAgui : regionBands : build2: no visible global function definition
     for ‘tkgrid.configure’
    RIPAgui : regionBands : build2: no visible global function definition
     for ‘tkinsert’
    RIPAgui : regionBands : build2: no visible global function definition
     for ‘tkselection.set’
    RIPAgui : regionBands : build2 : OnOK2: no visible global function
     definition for ‘tkcurselection’
    RIPAgui : regionBands : build2 : OnOK2: no visible global function
     definition for ‘tkdestroy’
    RIPAgui : regionBands : build2 : OnOK2: no visible global function
     definition for ‘tktoplevel’
    RIPAgui : regionBands : build2 : OnOK2: no visible global function
     definition for ‘tkwm.geometry’
    RIPAgui : regionBands : build2 : OnOK2: no visible global function
     definition for ‘tkwm.resizable’
    RIPAgui : regionBands : build2 : OnOK2: no visible global function
     definition for ‘tktitle<-’
    RIPAgui : regionBands : build2 : OnOK2: no visible global function
     definition for ‘tkrplot’
    RIPAgui : regionBands : build2 : OnOK2 : <anonymous>: no visible global
     function definition for ‘hist’
    RIPAgui : regionBands : build2 : OnOK2: no visible global function
     definition for ‘tkpack’
    RIPAgui : regionBands : build2: no visible global function definition
     for ‘tkbutton’
    RIPAgui : regionBands : build2: no visible global function definition
     for ‘tkfocus’
    RIPAgui : regionBrush: no visible global function definition for
     ‘tkmessageBox’
    RIPAgui : regionBrush : build1: no visible global function definition
     for ‘tktoplevel’
    RIPAgui : regionBrush : build1: no visible global function definition
     for ‘tkwm.geometry’
    RIPAgui : regionBrush : build1: no visible global function definition
     for ‘tkwm.resizable’
    RIPAgui : regionBrush : build1: no visible global function definition
     for ‘tktitle<-’
    RIPAgui : regionBrush : build1: no visible global function definition
     for ‘tkscrollbar’
    RIPAgui : regionBrush : build1 : <anonymous>: no visible global
     function definition for ‘tkyview’
    RIPAgui : regionBrush : build1: no visible global function definition
     for ‘tklistbox’
    RIPAgui : regionBrush : build1 : <anonymous>: no visible global
     function definition for ‘tkset’
    RIPAgui : regionBrush : build1: no visible global function definition
     for ‘tkgrid’
    RIPAgui : regionBrush : build1: no visible global function definition
     for ‘tklabel’
    RIPAgui : regionBrush : build1: no visible global function definition
     for ‘tkgrid.configure’
    RIPAgui : regionBrush : build1: no visible global function definition
     for ‘tkinsert’
    RIPAgui : regionBrush : build1: no visible global function definition
     for ‘tkselection.set’
    RIPAgui : regionBrush : build1 : OnOK1: no visible global function
     definition for ‘tkcurselection’
    RIPAgui : regionBrush : build1 : OnOK1: no visible global function
     definition for ‘tkdestroy’
    RIPAgui : regionBrush : build1: no visible global function definition
     for ‘tkbutton’
    RIPAgui : regionBrush : build1: no visible global function definition
     for ‘tkfocus’
    RIPAgui : regionBrush : build2: no visible global function definition
     for ‘tktoplevel’
    RIPAgui : regionBrush : build2: no visible global function definition
     for ‘tkwm.geometry’
    RIPAgui : regionBrush : build2: no visible global function definition
     for ‘tkwm.resizable’
    RIPAgui : regionBrush : build2: no visible global function definition
     for ‘tktitle<-’
    RIPAgui : regionBrush : build2: no visible global function definition
     for ‘tkscrollbar’
    RIPAgui : regionBrush : build2 : <anonymous>: no visible global
     function definition for ‘tkyview’
    RIPAgui : regionBrush : build2: no visible global function definition
     for ‘tklistbox’
    RIPAgui : regionBrush : build2 : <anonymous>: no visible global
     function definition for ‘tkset’
    RIPAgui : regionBrush : build2: no visible global function definition
     for ‘tkgrid’
    RIPAgui : regionBrush : build2: no visible global function definition
     for ‘tklabel’
    RIPAgui : regionBrush : build2: no visible global function definition
     for ‘tkgrid.configure’
    RIPAgui : regionBrush : build2: no visible global function definition
     for ‘tkinsert’
    RIPAgui : regionBrush : build2: no visible global function definition
     for ‘tkselection.set’
    RIPAgui : regionBrush : build2 : OnOK2: no visible global function
     definition for ‘tkcurselection’
    RIPAgui : regionBrush : build2 : OnOK2: no visible global function
     definition for ‘tkdestroy’
    RIPAgui : regionBrush : build2 : OnOK2: no visible global function
     definition for ‘tkmessageBox’
    RIPAgui : regionBrush : build2 : OnOK2: no visible global function
     definition for ‘pairs’
    RIPAgui : regionBrush : build2: no visible global function definition
     for ‘tkbutton’
    RIPAgui : regionBrush : build2: no visible global function definition
     for ‘tkfocus’
    RIPAgui : brush: no visible global function definition for
     ‘tkmessageBox’
    RIPAgui : brush : build2: no visible global function definition for
     ‘tktoplevel’
    RIPAgui : brush : build2: no visible global function definition for
     ‘tkwm.geometry’
    RIPAgui : brush : build2: no visible global function definition for
     ‘tkwm.resizable’
    RIPAgui : brush : build2: no visible global function definition for
     ‘tktitle<-’
    RIPAgui : brush : build2: no visible global function definition for
     ‘tkscrollbar’
    RIPAgui : brush : build2 : <anonymous>: no visible global function
     definition for ‘tkyview’
    RIPAgui : brush : build2: no visible global function definition for
     ‘tklistbox’
    RIPAgui : brush : build2 : <anonymous>: no visible global function
     definition for ‘tkset’
    RIPAgui : brush : build2: no visible global function definition for
     ‘tkgrid’
    RIPAgui : brush : build2: no visible global function definition for
     ‘tklabel’
    RIPAgui : brush : build2: no visible global function definition for
     ‘tkgrid.configure’
    RIPAgui : brush : build2: no visible global function definition for
     ‘tkinsert’
    RIPAgui : brush : build2: no visible global function definition for
     ‘tkselection.set’
    RIPAgui : brush : build2 : OnOK: no visible global function definition
     for ‘tkcurselection’
    RIPAgui : brush : build2 : OnOK: no visible global function definition
     for ‘tkdestroy’
    RIPAgui : brush : build2 : OnOK: no visible global function definition
     for ‘tkmessageBox’
    RIPAgui : brush : build2 : OnOK: no visible global function definition
     for ‘pairs’
    RIPAgui : brush : build2: no visible global function definition for
     ‘tkbutton’
    RIPAgui : brush : build2: no visible global function definition for
     ‘tkfocus’
    RIPAgui : imageBands: no visible global function definition for
     ‘tkmessageBox’
    RIPAgui : imageBands: no visible global function definition for
     ‘tktoplevel’
    RIPAgui : imageBands: no visible global function definition for
     ‘tkwm.geometry’
    RIPAgui : imageBands: no visible global function definition for
     ‘tkwm.resizable’
    RIPAgui : imageBands: no visible global function definition for
     ‘tktitle<-’
    RIPAgui : imageBands: no visible global function definition for
     ‘tkscrollbar’
    RIPAgui : imageBands : <anonymous>: no visible global function
     definition for ‘tkyview’
    RIPAgui : imageBands: no visible global function definition for
     ‘tklistbox’
    RIPAgui : imageBands : <anonymous>: no visible global function
     definition for ‘tkset’
    RIPAgui : imageBands: no visible global function definition for
     ‘tkgrid’
    RIPAgui : imageBands: no visible global function definition for
     ‘tklabel’
    RIPAgui : imageBands: no visible global function definition for
     ‘tkgrid.configure’
    RIPAgui : imageBands: no visible global function definition for
     ‘tkinsert’
    RIPAgui : imageBands: no visible global function definition for
     ‘tkselection.set’
    RIPAgui : imageBands : OnOK: no visible global function definition for
     ‘tkcurselection’
    RIPAgui : imageBands : OnOK: no visible global function definition for
     ‘tktoplevel’
    RIPAgui : imageBands : OnOK: no visible global function definition for
     ‘tkwm.geometry’
    RIPAgui : imageBands : OnOK: no visible global function definition for
     ‘tkwm.resizable’
    RIPAgui : imageBands : OnOK: no visible global function definition for
     ‘tktitle<-’
    RIPAgui : imageBands : OnOK: no visible global function definition for
     ‘tkscrollbar’
    RIPAgui : imageBands : OnOK : <anonymous>: no visible global function
     definition for ‘tkyview’
    RIPAgui : imageBands : OnOK: no visible global function definition for
     ‘tktext’
    RIPAgui : imageBands : OnOK : <anonymous>: no visible global function
     definition for ‘tkset’
    RIPAgui : imageBands : OnOK: no visible global function definition for
     ‘tkgrid’
    RIPAgui : imageBands : OnOK: no visible global function definition for
     ‘tkgrid.configure’
    RIPAgui : imageBands : OnOK: no visible global function definition for
     ‘tkrplot’
    RIPAgui : imageBands : OnOK : <anonymous>: no visible global function
     definition for ‘plot’
    RIPAgui : imageBands : OnOK: no visible global function definition for
     ‘tkpack’
    RIPAgui : imageBands : OnOK: no visible global function definition for
     ‘median’
    RIPAgui : imageBands : OnOK: no visible global function definition for
     ‘sd’
    RIPAgui : imageBands : OnOK: no visible global function definition for
     ‘mad’
    RIPAgui : imageBands : OnOK: no visible global function definition for
     ‘kurtosis’
    RIPAgui : imageBands : OnOK: no visible global function definition for
     ‘skewness’
    RIPAgui : imageBands : OnOK : <anonymous>: no visible global function
     definition for ‘hist’
    RIPAgui : imageBands : OnOK: no visible global function definition for
     ‘tkconfigure’
    RIPAgui : imageBands : OnOK: no visible global function definition for
     ‘tkinsert’
    RIPAgui : imageBands: no visible global function definition for
     ‘tkbutton’
    RIPAgui : imageBands: no visible global function definition for
     ‘tkfocus’
    RIPAgui : covMatrix: no visible global function definition for
     ‘tkmessageBox’
    RIPAgui : covMatrix: no visible global function definition for
     ‘tktoplevel’
    RIPAgui : covMatrix: no visible global function definition for
     ‘tkwm.geometry’
    RIPAgui : covMatrix: no visible global function definition for
     ‘tkwm.resizable’
    RIPAgui : covMatrix: no visible global function definition for
     ‘tktitle<-’
    RIPAgui : covMatrix: no visible global function definition for
     ‘tkscrollbar’
    RIPAgui : covMatrix : <anonymous>: no visible global function
     definition for ‘tkyview’
    RIPAgui : covMatrix: no visible global function definition for
     ‘tklistbox’
    RIPAgui : covMatrix : <anonymous>: no visible global function
     definition for ‘tkset’
    RIPAgui : covMatrix: no visible global function definition for ‘tkgrid’
    RIPAgui : covMatrix: no visible global function definition for
     ‘tklabel’
    RIPAgui : covMatrix: no visible global function definition for
     ‘tkgrid.configure’
    RIPAgui : covMatrix: no visible global function definition for
     ‘tkinsert’
    RIPAgui : covMatrix: no visible global function definition for
     ‘tkselection.set’
    RIPAgui : covMatrix : OnOK: no visible global function definition for
     ‘tkcurselection’
    RIPAgui : covMatrix : OnOK: no visible global function definition for
     ‘tkdestroy’
    RIPAgui : covMatrix : OnOK: no visible global function definition for
     ‘cov’
    RIPAgui : covMatrix : OnOK : displayInTable: no visible global function
     definition for ‘tktoplevel’
    RIPAgui : covMatrix : OnOK : displayInTable: no visible global function
     definition for ‘tkwm.title’
    RIPAgui : covMatrix : OnOK : displayInTable: no visible global function
     definition for ‘tkwm.geometry’
    RIPAgui : covMatrix : OnOK : displayInTable: no visible global function
     definition for ‘tkwm.resizable’
    RIPAgui : covMatrix : OnOK : displayInTable: no visible global function
     definition for ‘tkwidget’
    RIPAgui : covMatrix : OnOK : displayInTable : <anonymous>: no visible
     global function definition for ‘tkset’
    RIPAgui : covMatrix : OnOK : displayInTable: no visible global function
     definition for ‘tkscrollbar’
    RIPAgui : covMatrix : OnOK : displayInTable : <anonymous>: no visible
     global function definition for ‘tkxview’
    RIPAgui : covMatrix : OnOK : displayInTable : <anonymous>: no visible
     global function definition for ‘tkyview’
    RIPAgui : covMatrix : OnOK : displayInTable: no visible global function
     definition for ‘tkgrid’
    RIPAgui : covMatrix : OnOK : displayInTable: no visible global function
     definition for ‘tkgrid.configure’
    RIPAgui : covMatrix : OnOK : displayInTable: no visible global function
     definition for ‘tkconfigure’
    RIPAgui : covMatrix : OnOK: no visible global function definition for
     ‘tkconfigure’
    RIPAgui : covMatrix: no visible global function definition for
     ‘tkbutton’
    RIPAgui : covMatrix: no visible global function definition for
     ‘tkfocus’
    RIPAgui : changeBands: no visible global function definition for
     ‘tkmessageBox’
    RIPAgui : changeBands : build: no visible global function definition
     for ‘tktoplevel’
    RIPAgui : changeBands : build: no visible global function definition
     for ‘tkwm.geometry’
    RIPAgui : changeBands : build: no visible global function definition
     for ‘tkwm.resizable’
    RIPAgui : changeBands : build: no visible global function definition
     for ‘tktitle<-’
    RIPAgui : changeBands : build: no visible global function definition
     for ‘tkscrollbar’
    RIPAgui : changeBands : build : <anonymous>: no visible global function
     definition for ‘tkyview’
    RIPAgui : changeBands : build: no visible global function definition
     for ‘tklistbox’
    RIPAgui : changeBands : build : <anonymous>: no visible global function
     definition for ‘tkset’
    RIPAgui : changeBands : build: no visible global function definition
     for ‘tkgrid’
    RIPAgui : changeBands : build: no visible global function definition
     for ‘tklabel’
    RIPAgui : changeBands : build: no visible global function definition
     for ‘tkgrid.configure’
    RIPAgui : changeBands : build: no visible global function definition
     for ‘tkinsert’
    RIPAgui : changeBands : build: no visible global function definition
     for ‘tkselection.set’
    RIPAgui : changeBands : build : OnOK: no visible global function
     definition for ‘tkcurselection’
    RIPAgui : changeBands : build : OnOK: no visible global function
     definition for ‘tkmessageBox’
    RIPAgui : changeBands : build : OnOK: no visible global function
     definition for ‘tkdestroy’
    RIPAgui : changeBands : build : OnOK: no visible global function
     definition for ‘tkframe’
    RIPAgui : changeBands : build : OnOK: no visible global function
     definition for ‘tkconfigure’
    RIPAgui : changeBands : build : OnOK: no visible global function
     definition for ‘tkplace’
    RIPAgui : changeBands : build : OnOK: no visible global function
     definition for ‘tkrplot’
    RIPAgui : changeBands : build : OnOK : <anonymous>: no visible global
     function definition for ‘plot’
    RIPAgui : changeBands : build : OnOK: no visible global function
     definition for ‘tkpack’
    RIPAgui : changeBands : build : OnOK: no visible global function
     definition for ‘tkdelete’
    RIPAgui : changeBands : build: no visible global function definition
     for ‘tkbutton’
    RIPAgui : changeBands : build: no visible global function definition
     for ‘tkfocus’
    RIPAgui : sliderFunction: no visible global function definition for
     ‘tkmessageBox’
    RIPAgui : sliderFunction: no visible global function definition for
     ‘tclvalue’
    RIPAgui : sliderFunction: no visible global function definition for
     ‘tkdestroy’
    RIPAgui : sliderFunction: no visible global function definition for
     ‘tkframe’
    RIPAgui : sliderFunction: no visible global function definition for
     ‘tkconfigure’
    RIPAgui : sliderFunction: no visible global function definition for
     ‘tkplace’
    RIPAgui : sliderFunction: no visible global function definition for
     ‘tkrplot’
    RIPAgui : sliderFunction : <anonymous>: no visible global function
     definition for ‘plot’
    RIPAgui : sliderFunction: no visible global function definition for
     ‘tkpack’
    RIPAgui : quit: no visible global function definition for ‘tkdestroy’
    RIPAgui : quit: no visible global function definition for ‘stopCluster’
    RIPAgui : pixelsValues : plotFunction1: no visible global function
     definition for ‘par’
    RIPAgui : pixelsValues : plotFunction1: no visible global function
     definition for ‘plot’
    RIPAgui : pixelsValues : OnLeftClick: no visible global function
     definition for ‘tclvalue’
    RIPAgui : pixelsValues : OnLeftClick: no visible global function
     definition for ‘tkwinfo’
    RIPAgui : pixelsValues : OnLeftClick: no visible global function
     definition for ‘tkmessageBox’
    RIPAgui : pixelsValues: no visible global function definition for
     ‘tkmessageBox’
    RIPAgui : pixelsValues: no visible global function definition for
     ‘tktoplevel’
    RIPAgui : pixelsValues: no visible global function definition for
     ‘tkwm.geometry’
    RIPAgui : pixelsValues: no visible global function definition for
     ‘tkwm.title’
    RIPAgui : pixelsValues: no visible global function definition for
     ‘tkrplot’
    RIPAgui : pixelsValues: no visible global function definition for
     ‘tkgrid’
    RIPAgui : pixelsValues: no visible global function definition for
     ‘tkbind’
    RIPAgui : pixelsValues: no visible global function definition for
     ‘tkconfigure’
    RIPAgui : editPixels: no visible global function definition for
     ‘tkmessageBox’
    RIPAgui : editPixels: no visible global function definition for
     ‘tktoplevel’
    RIPAgui : editPixels: no visible global function definition for
     ‘tkwm.geometry’
    RIPAgui : editPixels: no visible global function definition for
     ‘tkwm.resizable’
    RIPAgui : editPixels: no visible global function definition for
     ‘tktitle<-’
    RIPAgui : editPixels: no visible global function definition for
     ‘tkscrollbar’
    RIPAgui : editPixels : <anonymous>: no visible global function
     definition for ‘tkyview’
    RIPAgui : editPixels: no visible global function definition for
     ‘tklistbox’
    RIPAgui : editPixels : <anonymous>: no visible global function
     definition for ‘tkset’
    RIPAgui : editPixels: no visible global function definition for
     ‘tkgrid’
    RIPAgui : editPixels: no visible global function definition for
     ‘tklabel’
    RIPAgui : editPixels: no visible global function definition for
     ‘tkgrid.configure’
    RIPAgui : editPixels: no visible global function definition for
     ‘tkinsert’
    RIPAgui : editPixels: no visible global function definition for
     ‘tkselection.set’
    RIPAgui : editPixels : OnOK : onok: no visible global function
     definition for ‘tclvalue’
    RIPAgui : editPixels : OnOK : onok: no visible global function
     definition for ‘tkdestroy’
    RIPAgui : editPixels : OnOK : onok: no visible global function
     definition for ‘tkframe’
    RIPAgui : editPixels : OnOK : onok: no visible global function
     definition for ‘tkconfigure’
    RIPAgui : editPixels : OnOK : onok: no visible global function
     definition for ‘tkplace’
    RIPAgui : editPixels : OnOK : onok: no visible global function
     definition for ‘tkrplot’
    RIPAgui : editPixels : OnOK : onok : <anonymous>: no visible global
     function definition for ‘plot’
    RIPAgui : editPixels : OnOK : onok: no visible global function
     definition for ‘tkpack’
    RIPAgui : editPixels : OnOK: no visible global function definition for
     ‘tkcurselection’
    RIPAgui : editPixels : OnOK: no visible global function definition for
     ‘tkdestroy’
    RIPAgui : editPixels : OnOK: no visible global function definition for
     ‘tclArray’
    RIPAgui : editPixels : OnOK: no visible global function definition for
     ‘tktoplevel’
    RIPAgui : editPixels : OnOK: no visible global function definition for
     ‘tkwm.title’
    RIPAgui : editPixels : OnOK: no visible global function definition for
     ‘tkwm.geometry’
    RIPAgui : editPixels : OnOK: no visible global function definition for
     ‘tkwm.resizable’
    RIPAgui : editPixels : OnOK: no visible global function definition for
     ‘tkwidget’
    RIPAgui : editPixels : OnOK : <anonymous>: no visible global function
     definition for ‘tkset’
    RIPAgui : editPixels : OnOK: no visible global function definition for
     ‘tkscrollbar’
    RIPAgui : editPixels : OnOK : <anonymous>: no visible global function
     definition for ‘tkxview’
    RIPAgui : editPixels : OnOK : <anonymous>: no visible global function
     definition for ‘tkyview’
    RIPAgui : editPixels : OnOK: no visible global function definition for
     ‘tkgrid’
    RIPAgui : editPixels : OnOK: no visible global function definition for
     ‘tkgrid.configure’
    RIPAgui : editPixels : OnOK: no visible global function definition for
     ‘tkconfigure’
    RIPAgui : editPixels : OnOK: no visible global function definition for
     ‘tkbutton’
    RIPAgui : editPixels: no visible global function definition for
     ‘tkbutton’
    RIPAgui : editPixels: no visible global function definition for
     ‘tkfocus’
    RIPAgui : dynFunc: no visible global function definition for
     ‘tkmessageBox’
    RIPAgui : dynFunc: no visible global function definition for ‘median’
    RIPAgui : dynFunc: no visible global function definition for ‘sd’
    RIPAgui : dynFunc: no visible global function definition for ‘mad’
    RIPAgui : dynFunc: no visible global function definition for ‘kurtosis’
    RIPAgui : dynFunc: no visible global function definition for ‘skewness’
    RIPAgui : dynFunc: no visible global function definition for ‘ggobi’
    RIPAgui : dynFunc: no visible global function definition for ‘display’
    RIPAgui : showAllRegions: no visible global function definition for
     ‘tkmessageBox’
    RIPAgui : showAllRegions: no visible global function definition for
     ‘tktoplevel’
    RIPAgui : showAllRegions: no visible global function definition for
     ‘tkwm.resizable’
    RIPAgui : showAllRegions: no visible global function definition for
     ‘tktitle<-’
    RIPAgui : showAllRegions: no visible global function definition for
     ‘tkrplot’
    RIPAgui : showAllRegions : <anonymous>: no visible global function
     definition for ‘plot’
    RIPAgui : showAllRegions: no visible global function definition for
     ‘tkpack’
    RIPAgui : pca: no visible global function definition for ‘tkmessageBox’
    RIPAgui : pca: no visible global function definition for ‘princomp’
    RIPAgui : pca: no visible global function definition for ‘tktoplevel’
    RIPAgui : pca: no visible global function definition for ‘tkwm.title’
    RIPAgui : pca: no visible global function definition for ‘tkrplot’
    RIPAgui : pca : <anonymous>: no visible global function definition for
     ‘plot’
    RIPAgui : pca: no visible global function definition for ‘tkpack’
    RIPAgui : zoomImg: no visible global function definition for
     ‘tkmessageBox’
    RIPAgui : zoomImg: no visible global function definition for ‘plot’
    RIPAgui : zoom_jpg_png_RGB: no visible global function definition for
     ‘locator’
    RIPAgui : zoom_jpg_png_RGB: no visible global function definition for
     ‘rect’
    RIPAgui : zoom_jpg_png_RGB: no visible global function definition for
     ‘plot’
    RIPAgui : zoom_jpg_png_Grey: no visible global function definition for
     ‘locator’
    RIPAgui : zoom_jpg_png_Grey: no visible global function definition for
     ‘rect’
    RIPAgui : zoom_jpg_png_Grey: no visible global function definition for
     ‘plot’
    RIPAgui : equalizeImg: no visible global function definition for
     ‘tkmessageBox’
    RIPAgui : equalizeImg: no visible global function definition for
     ‘tkdestroy’
    RIPAgui : equalizeImg: no visible global function definition for
     ‘tkframe’
    RIPAgui : equalizeImg: no visible global function definition for
     ‘tkconfigure’
    RIPAgui : equalizeImg: no visible global function definition for
     ‘tkplace’
    RIPAgui : equalizeImg: no visible global function definition for
     ‘tkrplot’
    RIPAgui : equalizeImg : <anonymous>: no visible global function
     definition for ‘plot’
    RIPAgui : equalizeImg: no visible global function definition for
     ‘tkpack’
    RIPAgui : thresholding : th.by.discrim: no visible global function
     definition for ‘hist’
    RIPAgui : region : chooseRegion : plotFunction2: no visible global
     function definition for ‘par’
    RIPAgui : region : chooseRegion : plotFunction2: no visible global
     function definition for ‘plot’
    RIPAgui : region : chooseRegion : OnLeftClick2: no visible global
     function definition for ‘tclvalue’
    RIPAgui : region : chooseRegion : OnLeftClick2: no visible global
     function definition for ‘tkwinfo’
    RIPAgui : region : chooseRegion : OnLeftClick2: no visible global
     function definition for ‘tkmessageBox’
    RIPAgui : region : chooseRegion : findRegion: no visible global
     function definition for ‘tktoplevel’
    RIPAgui : region : chooseRegion : findRegion: no visible global
     function definition for ‘tkwm.geometry’
    RIPAgui : region : chooseRegion : findRegion: no visible global
     function definition for ‘tkwm.resizable’
    RIPAgui : region : chooseRegion : findRegion: no visible global
     function definition for ‘tktitle<-’
    RIPAgui : region : chooseRegion : findRegion: no visible global
     function definition for ‘chull’
    RIPAgui : region : chooseRegion : findRegion: no visible global
     function definition for ‘tkrplot’
    RIPAgui : region : chooseRegion : findRegion : <anonymous>: no visible
     global function definition for ‘plot’
    RIPAgui : region : chooseRegion : findRegion: no visible global
     function definition for ‘tkpack’
    RIPAgui : region : chooseRegion : showRegionStatistics :
     printStatistcs: no visible global function definition for
     ‘tkconfigure’
    RIPAgui : region : chooseRegion : showRegionStatistics :
     printStatistcs: no visible global function definition for ‘tkinsert’
    RIPAgui : region : chooseRegion : showRegionStatistics: no visible
     global function definition for ‘median’
    RIPAgui : region : chooseRegion : showRegionStatistics: no visible
     global function definition for ‘sd’
    RIPAgui : region : chooseRegion : showRegionStatistics: no visible
     global function definition for ‘mad’
    RIPAgui : region : chooseRegion : showRegionStatistics: no visible
     global function definition for ‘kurtosis’
    RIPAgui : region : chooseRegion : showRegionStatistics: no visible
     global function definition for ‘skewness’
    RIPAgui : region : chooseRegion : showRegionStatistics: no visible
     global function definition for ‘tkconfigure’
    RIPAgui : region : chooseRegion : showRegionStatistics: no visible
     global function definition for ‘tkinsert’
    RIPAgui : region : chooseRegion : OnRightClick: no visible global
     function definition for ‘tkdestroy’
    RIPAgui : region : chooseRegion : rectangleRegion: no visible global
     function definition for ‘tkdestroy’
    RIPAgui : region : chooseRegion : rectangleRegion: no visible global
     function definition for ‘tktoplevel’
    RIPAgui : region : chooseRegion : rectangleRegion: no visible global
     function definition for ‘tkwm.geometry’
    RIPAgui : region : chooseRegion : rectangleRegion: no visible global
     function definition for ‘tkwm.resizable’
    RIPAgui : region : chooseRegion : rectangleRegion: no visible global
     function definition for ‘tktitle<-’
    RIPAgui : region : chooseRegion : rectangleRegion: no visible global
     function definition for ‘tkrplot’
    RIPAgui : region : chooseRegion : rectangleRegion : <anonymous>: no
     visible global function definition for ‘plot’
    RIPAgui : region : chooseRegion : rectangleRegion: no visible global
     function definition for ‘tkpack’
    RIPAgui : region : chooseRegion : OnLeftClick3: no visible global
     function definition for ‘tclvalue’
    RIPAgui : region : chooseRegion : OnLeftClick3: no visible global
     function definition for ‘tkwinfo’
    RIPAgui : region : chooseRegion : OnLeftClick3: no visible global
     function definition for ‘tkmessageBox’
    RIPAgui : region : chooseRegion : circleRegion: no visible global
     function definition for ‘tkdestroy’
    RIPAgui : region : chooseRegion : circleRegion: no visible global
     function definition for ‘tktoplevel’
    RIPAgui : region : chooseRegion : circleRegion: no visible global
     function definition for ‘tkwm.geometry’
    RIPAgui : region : chooseRegion : circleRegion: no visible global
     function definition for ‘tkwm.resizable’
    RIPAgui : region : chooseRegion : circleRegion: no visible global
     function definition for ‘tktitle<-’
    RIPAgui : region : chooseRegion : circleRegion: no visible global
     function definition for ‘tkrplot’
    RIPAgui : region : chooseRegion : circleRegion : <anonymous>: no
     visible global function definition for ‘plot’
    RIPAgui : region : chooseRegion : circleRegion: no visible global
     function definition for ‘tkpack’
    RIPAgui : region : chooseRegion : OnLeftClick4: no visible global
     function definition for ‘tclvalue’
    RIPAgui : region : chooseRegion : OnLeftClick4: no visible global
     function definition for ‘tkwinfo’
    RIPAgui : region : chooseRegion : OnLeftClick4: no visible global
     function definition for ‘tkmessageBox’
    RIPAgui : region : chooseRegion: no visible global function definition
     for ‘tktoplevel’
    RIPAgui : region : chooseRegion: no visible global function definition
     for ‘tkrplot’
    RIPAgui : region : chooseRegion: no visible global function definition
     for ‘tkgrid’
    RIPAgui : region : chooseRegion: no visible global function definition
     for ‘tkbind’
    RIPAgui : region : chooseRegion: no visible global function definition
     for ‘tkwm.title’
    RIPAgui : region : chooseRegion: no visible global function definition
     for ‘tkconfigure’
    RIPAgui : region: no visible global function definition for
     ‘tktoplevel’
    RIPAgui : region: no visible global function definition for
     ‘tkwm.geometry’
    RIPAgui : region: no visible global function definition for
     ‘tkwm.resizable’
    RIPAgui : region: no visible global function definition for ‘tktitle<-’
    RIPAgui : region: no visible global function definition for
     ‘tkscrollbar’
    RIPAgui : region : <anonymous>: no visible global function definition
     for ‘tkyview’
    RIPAgui : region: no visible global function definition for ‘tklistbox’
    RIPAgui : region : <anonymous>: no visible global function definition
     for ‘tkset’
    RIPAgui : region: no visible global function definition for ‘tkgrid’
    RIPAgui : region: no visible global function definition for ‘tklabel’
    RIPAgui : region: no visible global function definition for
     ‘tkgrid.configure’
    RIPAgui : region: no visible global function definition for ‘tkinsert’
    RIPAgui : region: no visible global function definition for
     ‘tkselection.set’
    RIPAgui : region : OnOK: no visible global function definition for
     ‘tkcurselection’
    RIPAgui : region : OnOK: no visible global function definition for
     ‘tkdestroy’
    RIPAgui : region: no visible global function definition for ‘tkbutton’
    RIPAgui : region: no visible global function definition for ‘tkfocus’
    RIPAgui : stretch: no visible global function definition for
     ‘tkmessageBox’
    RIPAgui : stretch: no visible global function definition for
     ‘tkdestroy’
    RIPAgui : stretch: no visible global function definition for ‘tkframe’
    RIPAgui : stretch: no visible global function definition for
     ‘tkconfigure’
    RIPAgui : stretch: no visible global function definition for ‘tkplace’
    RIPAgui : stretch: no visible global function definition for ‘tkrplot’
    RIPAgui : stretch : <anonymous>: no visible global function definition
     for ‘plot’
    RIPAgui : stretch: no visible global function definition for ‘tkpack’
    RIPAgui : filters: no visible global function definition for
     ‘tkmessageBox’
    RIPAgui : filters: no visible global function definition for
     ‘tkdestroy’
    RIPAgui : filters: no visible global function definition for ‘tkframe’
    RIPAgui : filters: no visible global function definition for
     ‘tkconfigure’
    RIPAgui : filters: no visible global function definition for ‘tkplace’
    RIPAgui : filters: no visible global function definition for ‘tkrplot’
    RIPAgui : filters : <anonymous>: no visible global function definition
     for ‘plot’
    RIPAgui : filters: no visible global function definition for ‘tkpack’
    RIPAgui : segmentation: no visible global function definition for
     ‘tkmessageBox’
    RIPAgui : segmentation: no visible global function definition for
     ‘tkdestroy’
    RIPAgui : segmentation: no visible global function definition for
     ‘tkframe’
    RIPAgui : segmentation: no visible global function definition for
     ‘tkconfigure’
    RIPAgui : segmentation: no visible global function definition for
     ‘tkplace’
    RIPAgui : segmentation: no visible global function definition for
     ‘tkrplot’
    RIPAgui : segmentation : <anonymous>: no visible global function
     definition for ‘plot’
    RIPAgui : segmentation: no visible global function definition for
     ‘tkpack’
    RIPAgui : qualityIndex: no visible global function definition for
     ‘tkmessageBox’
    RIPAgui : saveImg: no visible global function definition for
     ‘tkmessageBox’
    RIPAgui : openAVIRIS: no visible global function definition for ‘.Tcl’
    RIPAgui : openAVIRIS: no visible global function definition for
     ‘tkdestroy’
    RIPAgui : openAVIRIS: no visible global function definition for
     ‘tkframe’
    RIPAgui : openAVIRIS: no visible global function definition for
     ‘tkconfigure’
    RIPAgui : openAVIRIS: no visible global function definition for
     ‘tkplace’
    RIPAgui : openAVIRIS: no visible global function definition for
     ‘tkdelete’
    RIPAgui : openAVIRIS: no visible global function definition for
     ‘tkgetOpenFile’
    RIPAgui : openAVIRIS: no visible global function definition for
     ‘tclvalue’
    RIPAgui : openAVIRIS: no visible global function definition for
     ‘tkmessageBox’
    RIPAgui : openAVIRIS: no visible global function definition for
     ‘tktoplevel’
    RIPAgui : openAVIRIS: no visible global function definition for
     ‘tktitle<-’
    RIPAgui : openAVIRIS: no visible global function definition for
     ‘tkwidget’
    RIPAgui : openAVIRIS: no visible global function definition for ‘tcl’
    RIPAgui : openAVIRIS: no visible global function definition for
     ‘tkpack’
    RIPAgui : openAVIRIS: no visible global function definition for
     ‘tkgrid’
    RIPAgui : openAVIRIS : OnClick: no visible global function definition
     for ‘tkmessageBox’
    RIPAgui : openAVIRIS: no visible global function definition for
     ‘tkProgressBar’
    RIPAgui : openAVIRIS: no visible global function definition for ‘jpeg’
    RIPAgui : openAVIRIS: no visible global function definition for ‘plot’
    RIPAgui : openAVIRIS: no visible global function definition for
     ‘dev.off’
    RIPAgui : openAVIRIS: no visible global function definition for
     ‘tclVar’
    RIPAgui : openAVIRIS: no visible global function definition for
     ‘tkbind’
    RIPAgui : openAVIRIS : <anonymous>: no visible global function
     definition for ‘tcl’
    RIPAgui : openAVIRIS: no visible global function definition for
     ‘setTkProgressBar’
    RIPAgui : openAVIRIS : onOK: no visible global function definition for
     ‘tkdestroy’
    RIPAgui : openAVIRIS : onOK: no visible global function definition for
     ‘tclvalue’
    RIPAgui : openAVIRIS : onOK: no visible global function definition for
     ‘tkrplot’
    RIPAgui : openAVIRIS : onOK : <anonymous>: no visible global function
     definition for ‘plot’
    RIPAgui : openAVIRIS : onOK: no visible global function definition for
     ‘tkpack’
    RIPAgui : openAVIRIS: no visible global function definition for
     ‘tkbutton’
    RIPAgui : openLan: no visible global function definition for ‘.Tcl’
    RIPAgui : openLan: no visible global function definition for
     ‘tkdestroy’
    RIPAgui : openLan: no visible global function definition for ‘tkframe’
    RIPAgui : openLan: no visible global function definition for
     ‘tkconfigure’
    RIPAgui : openLan: no visible global function definition for ‘tkplace’
    RIPAgui : openLan: no visible global function definition for ‘tkdelete’
    RIPAgui : openLan: no visible global function definition for
     ‘tkgetOpenFile’
    RIPAgui : openLan: no visible global function definition for ‘tclvalue’
    RIPAgui : openLan: no visible global function definition for
     ‘tkmessageBox’
    RIPAgui : openLan: no visible global function definition for ‘tkrplot’
    RIPAgui : openLan : <anonymous>: no visible global function definition
     for ‘plot’
    RIPAgui : openLan: no visible global function definition for ‘tkpack’
    RIPAgui : saveLan: no visible global function definition for
     ‘tkgetSaveFile’
    RIPAgui : saveLan: no visible global function definition for ‘tclvalue’
    RIPAgui : saveLan: no visible global function definition for
     ‘tkmessageBox’
    RIPAgui : saveJPG: no visible global function definition for
     ‘tkgetSaveFile’
    RIPAgui : saveJPG: no visible global function definition for ‘tclvalue’
    RIPAgui : saveJPG: no visible global function definition for
     ‘tkmessageBox’
    RIPAgui : saveJPG: no visible global function definition for
     ‘writeJPEG’
    RIPAgui : savePNG: no visible global function definition for
     ‘tkgetSaveFile’
    RIPAgui : savePNG: no visible global function definition for ‘tclvalue’
    RIPAgui : savePNG: no visible global function definition for
     ‘tkmessageBox’
    RIPAgui : savePNG: no visible global function definition for ‘writePNG’
    RIPAgui : openJPG : openJpgTabOne: no visible global function
     definition for ‘.Tcl’
    RIPAgui : openJPG : openJpgTabOne: no visible global function
     definition for ‘tkdestroy’
    RIPAgui : openJPG : openJpgTabOne: no visible global function
     definition for ‘tkframe’
    RIPAgui : openJPG : openJpgTabOne: no visible global function
     definition for ‘tkconfigure’
    RIPAgui : openJPG : openJpgTabOne: no visible global function
     definition for ‘tkplace’
    RIPAgui : openJPG : openJpgTabOne: no visible global function
     definition for ‘tkgetOpenFile’
    RIPAgui : openJPG : openJpgTabOne: no visible global function
     definition for ‘tclvalue’
    RIPAgui : openJPG : openJpgTabOne: no visible global function
     definition for ‘tkmessageBox’
    RIPAgui : openJPG : openJpgTabOne: no visible global function
     definition for ‘readJPEG’
    RIPAgui : openJPG : openJpgTabOne: no visible global function
     definition for ‘tkrplot’
    RIPAgui : openJPG : openJpgTabOne : <anonymous>: no visible global
     function definition for ‘plot’
    RIPAgui : openJPG : openJpgTabOne: no visible global function
     definition for ‘tkpack’
    RIPAgui : openJPG : openJpgTabTwo: no visible global function
     definition for ‘tkconfigure’
    RIPAgui : openJPG : openJpgTabTwo: no visible global function
     definition for ‘tkdelete’
    RIPAgui : openJPG : openJpgTabTwo: no visible global function
     definition for ‘tkdestroy’
    RIPAgui : openJPG : openJpgTabTwo: no visible global function
     definition for ‘tkframe’
    RIPAgui : openJPG : openJpgTabTwo: no visible global function
     definition for ‘tkplace’
    RIPAgui : openJPG : openJpgTabTwo: no visible global function
     definition for ‘tkgetOpenFile’
    RIPAgui : openJPG : openJpgTabTwo: no visible global function
     definition for ‘tclvalue’
    RIPAgui : openJPG : openJpgTabTwo: no visible global function
     definition for ‘tkmessageBox’
    RIPAgui : openJPG : openJpgTabTwo: no visible global function
     definition for ‘readJPEG’
    RIPAgui : openJPG : openJpgTabTwo: no visible global function
     definition for ‘tkrplot’
    RIPAgui : openJPG : openJpgTabTwo : <anonymous>: no visible global
     function definition for ‘plot’
    RIPAgui : openJPG : openJpgTabTwo: no visible global function
     definition for ‘tkpack’
    RIPAgui : openPNG : openPngTabOne: no visible global function
     definition for ‘.Tcl’
    RIPAgui : openPNG : openPngTabOne: no visible global function
     definition for ‘tkdestroy’
    RIPAgui : openPNG : openPngTabOne: no visible global function
     definition for ‘tkframe’
    RIPAgui : openPNG : openPngTabOne: no visible global function
     definition for ‘tkconfigure’
    RIPAgui : openPNG : openPngTabOne: no visible global function
     definition for ‘tkplace’
    RIPAgui : openPNG : openPngTabOne: no visible global function
     definition for ‘tkgetOpenFile’
    RIPAgui : openPNG : openPngTabOne: no visible global function
     definition for ‘tclvalue’
    RIPAgui : openPNG : openPngTabOne: no visible global function
     definition for ‘tkmessageBox’
    RIPAgui : openPNG : openPngTabOne: no visible global function
     definition for ‘readPNG’
    RIPAgui : openPNG : openPngTabOne: no visible global function
     definition for ‘tkrplot’
    RIPAgui : openPNG : openPngTabOne : <anonymous>: no visible global
     function definition for ‘plot’
    RIPAgui : openPNG : openPngTabOne: no visible global function
     definition for ‘tkpack’
    RIPAgui : openPNG : openPngTabTwo: no visible global function
     definition for ‘tkconfigure’
    RIPAgui : openPNG : openPngTabTwo: no visible global function
     definition for ‘tkdelete’
    RIPAgui : openPNG : openPngTabTwo: no visible global function
     definition for ‘tkdestroy’
    RIPAgui : openPNG : openPngTabTwo: no visible global function
     definition for ‘tkframe’
    RIPAgui : openPNG : openPngTabTwo: no visible global function
     definition for ‘tkplace’
    RIPAgui : openPNG : openPngTabTwo: no visible global function
     definition for ‘tkgetOpenFile’
    RIPAgui : openPNG : openPngTabTwo: no visible global function
     definition for ‘tclvalue’
    RIPAgui : openPNG : openPngTabTwo: no visible global function
     definition for ‘tkmessageBox’
    RIPAgui : openPNG : openPngTabTwo: no visible global function
     definition for ‘readPNG’
    RIPAgui : openPNG : openPngTabTwo: no visible global function
     definition for ‘tkrplot’
    RIPAgui : openPNG : openPngTabTwo : <anonymous>: no visible global
     function definition for ‘plot’
    RIPAgui : openPNG : openPngTabTwo: no visible global function
     definition for ‘tkpack’
    RIPAgui : negative: no visible global function definition for
     ‘tkmessageBox’
    RIPAgui : negative: no visible global function definition for
     ‘tkdestroy’
    RIPAgui : negative: no visible global function definition for ‘tkframe’
    RIPAgui : negative: no visible global function definition for
     ‘tkconfigure’
    RIPAgui : negative: no visible global function definition for ‘tkplace’
    RIPAgui : negative: no visible global function definition for ‘tkrplot’
    RIPAgui : negative : <anonymous>: no visible global function definition
     for ‘plot’
    RIPAgui : negative: no visible global function definition for ‘tkpack’
    RIPAgui : showAbout: no visible global function definition for
     ‘tkmessageBox’
    RIPAgui : highPOptions: no visible global function definition for
     ‘tktoplevel’
    RIPAgui : highPOptions: no visible global function definition for
     ‘tktitle<-’
    RIPAgui : highPOptions: no visible global function definition for
     ‘tkcheckbutton’
    RIPAgui : highPOptions: no visible global function definition for
     ‘tkentry’
    RIPAgui : highPOptions: no visible global function definition for
     ‘tkconfigure’
    RIPAgui : highPOptions: no visible global function definition for
     ‘tkgrid’
    RIPAgui : highPOptions: no visible global function definition for
     ‘tklabel’
    RIPAgui : highPOptions : OnOK: no visible global function definition
     for ‘tclvalue’
    RIPAgui : highPOptions : OnOK: no visible global function definition
     for ‘tkmessageBox’
    RIPAgui : highPOptions : OnOK: no visible global function definition
     for ‘makeCluster’
    RIPAgui : highPOptions : OnOK: no visible global function definition
     for ‘registerDoSNOW’
    RIPAgui : highPOptions : OnOK: no visible global function definition
     for ‘tkdestroy’
    RIPAgui : highPOptions: no visible global function definition for
     ‘tkbutton’
    RIPAgui: no visible global function definition for ‘tkfont.create’
    RIPAgui: no visible global function definition for ‘tkframe’
    RIPAgui: no visible global function definition for ‘tkadd’
    RIPAgui: no visible global function definition for ‘ttklabelframe’
    RIPAgui: no visible global function definition for ‘tkplace’
    RIPAgui: no visible global function definition for ‘tklabel’
    RIPAgui: no visible global function definition for ‘tclvalue’
    RIPAgui: no visible global function definition for ‘tkscale’
    RIPAgui: no visible global function definition for ‘tkbind’
    RIPAgui: no visible global function definition for ‘.Tk.subwin’
    RIPAgui: no visible global function definition for ‘tkscrollbar’
    RIPAgui : <anonymous>: no visible global function definition for
     ‘tkyview’
    RIPAgui: no visible global function definition for ‘tktext’
    RIPAgui : <anonymous>: no visible global function definition for
     ‘tkset’
    RIPAgui: no visible global function definition for ‘tkplace.configure’
    RIPAgui: no visible global function definition for ‘tkbutton’
    RIPAgui: no visible global function definition for ‘tkmenu’
    RIPAgui: no visible global function definition for ‘tkselect’
    RIPAgui: no visible global function definition for ‘tkfocus’
    Zprofile: no visible global function definition for ‘locator’
    Zprofile: no visible global function definition for ‘dev.new’
    Zprofile: no visible global function definition for ‘plot’
    cgauss: no visible global function definition for ‘sd’
    cgauss: no visible global function definition for ‘dnorm’
    checkTab: no visible global function definition for ‘tclvalue’
    checkTab: no visible global function definition for ‘tcl’
    contrast: no visible global function definition for ‘new’
    highpass: no visible global function definition for ‘planFFT’
    highpass: no visible global function definition for ‘FFT’
    highpass: no visible global function definition for ‘IFFT’
    lband: no visible global function definition for ‘new’
    lbandsample: no visible global function definition for ‘new’
    limage: no visible global function definition for ‘new’
    lowpass: no visible global function definition for ‘planFFT’
    lowpass: no visible global function definition for ‘FFT’
    lowpass: no visible global function definition for ‘IFFT’
    lscene: no visible global function definition for ‘new’
    medianImg: no visible global function definition for ‘tclvalue’
    medianImg: no visible global function definition for ‘%dopar%’
    medianImg: no visible global function definition for ‘foreach’
    modalDialog: no visible global function definition for ‘tktoplevel’
    modalDialog: no visible global function definition for ‘tkwm.deiconify’
    modalDialog: no visible global function definition for ‘tkfocus’
    modalDialog: no visible global function definition for ‘tkwm.title’
    modalDialog: no visible global function definition for ‘tkwm.geometry’
    modalDialog: no visible global function definition for ‘tclVar’
    modalDialog: no visible global function definition for ‘tkentry’
    modalDialog: no visible global function definition for ‘tkgrid’
    modalDialog: no visible global function definition for ‘tklabel’
    modalDialog : onOK: no visible global function definition for
     ‘tclvalue’
    modalDialog : onOK: no visible global function definition for
     ‘tkgrab.release’
    modalDialog : onOK: no visible global function definition for
     ‘tkdestroy’
    modalDialog : onCancel: no visible global function definition for
     ‘tkgrab.release’
    modalDialog : onCancel: no visible global function definition for
     ‘tkdestroy’
    modalDialog: no visible global function definition for ‘tkbutton’
    modalDialog: no visible global function definition for ‘tkbind’
    modalDialog : <anonymous>: no visible global function definition for
     ‘tkgrab.release’
    modalDialog: no visible global function definition for ‘tkwait.window’
    plot.imagematrix: no visible global function definition for ‘grey’
    plot.imagematrix: no visible global function definition for ‘rgb’
    plot.imagematrix: no visible global function definition for ‘image’
    read.aviris: no visible global function definition for ‘tktoplevel’
    read.aviris: no visible global function definition for ‘tktitle<-’
    read.aviris: no visible global function definition for ‘tkplace’
    read.aviris: no visible global function definition for ‘tklabel’
    read.aviris: no visible global function definition for ‘tkconfigure’
    read.aviris: no visible global function definition for ‘%dopar%’
    read.aviris: no visible global function definition for ‘foreach’
    read.aviris: no visible global function definition for ‘tkdestroy’
    stretchImg: no visible global function definition for ‘tclvalue’
    stretchImg: no visible global function definition for ‘%dopar%’
    stretchImg: no visible global function definition for ‘foreach’
    stretchImg: no visible global function definition for ‘quantile’
    takeSamples: no visible global function definition for ‘locator’
    takeSamples: no visible global function definition for ‘points’
    zoomGrey: no visible global function definition for ‘locator’
    zoomGrey: no visible global function definition for ‘rect’
    zoomGrey: no visible global function definition for ‘plot’
    zoomRGB: no visible global function definition for ‘locator’
    zoomRGB: no visible global function definition for ‘rect’
    zoomRGB: no visible global function definition for ‘plot’
    initialize,aviris_band: no visible global function definition for ‘sd’
    initialize,aviris_training: no visible binding for global variable
     ‘aviris_scene’
    Undefined global functions or variables:
     %dopar% .Tcl .Tk.subwin FFT IFFT aviris_scene chull cov detectCores
     dev.new dev.off display dnorm foreach ggobi gray grey hist image
     is.tclObj jpeg kurtosis locator mad makeCluster median new pairs par
     planFFT plot points princomp quantile readJPEG readPNG rect
     registerDoSNOW rgb sd setTkProgressBar skewness stopCluster tcl
     tclArray tclRequire tclVar tclvalue title tkProgressBar tkadd tkbind
     tkbutton tkcheckbutton tkconfigure tkcurselection tkdelete tkdestroy
     tkentry tkfocus tkfont.create tkframe tkgetOpenFile tkgetSaveFile
     tkgrab.release tkgrid tkgrid.configure tkinsert tklabel tklistbox
     tkmenu tkmessageBox tkpack tkplace tkplace.configure tkrplot tkscale
     tkscrollbar tkselect tkselection.set tkset tktext tktitle<-
     tktoplevel tkwait.window tkwidget tkwinfo tkwm.deiconify
     tkwm.geometry tkwm.resizable tkwm.title tkxview tkyview ttklabelframe
     ttknotebook writeJPEG writePNG
    Consider adding
     importFrom("grDevices", "chull", "dev.new", "dev.off", "gray", "grey",
     "jpeg", "rgb")
     importFrom("graphics", "hist", "image", "locator", "pairs", "par",
     "plot", "points", "rect", "title")
     importFrom("methods", "new")
     importFrom("stats", "cov", "dnorm", "mad", "median", "princomp",
     "quantile", "sd")
    to your NAMESPACE file (and ensure that your DESCRIPTION Imports field
    contains 'methods').
Flavors: r-devel-linux-x86_64-debian-clang, r-devel-linux-x86_64-debian-gcc, r-devel-linux-x86_64-fedora-clang, r-devel-linux-x86_64-fedora-gcc, r-devel-windows-ix86+x86_64, r-patched-linux-x86_64, r-patched-solaris-x86, r-release-linux-x86_64, r-release-windows-ix86+x86_64, r-release-osx-x86_64, r-oldrel-windows-ix86+x86_64, r-oldrel-osx-x86_64

Version: 2.0-2
Check: compiled code
Result: NOTE
    File ‘ripa/libs/ripa.so’:
     Found no calls to: ‘R_registerRoutines’, ‘R_useDynamicSymbols’
    
    It is good practice to register native routines and to disable symbol
    search.
    
    See ‘Writing portable packages’ in the ‘Writing R Extensions’ manual.
Flavors: r-devel-linux-x86_64-debian-clang, r-devel-linux-x86_64-debian-gcc, r-devel-linux-x86_64-fedora-clang, r-devel-linux-x86_64-fedora-gcc, r-patched-linux-x86_64, r-release-linux-x86_64

Version: 2.0-2
Check: package dependencies
Result: NOTE
    Package which this enhances but not available for checking: 'doMC'
Flavors: r-devel-windows-ix86+x86_64, r-release-windows-ix86+x86_64, r-oldrel-windows-ix86+x86_64

Version: 2.0-2
Check: package dependencies
Result: NOTE
    Package suggested but not available for checking: ‘rggobi’
Flavors: r-patched-solaris-x86, r-release-osx-x86_64

Version: 2.0-2
Check: package dependencies
Result: NOTE
    Packages suggested but not available for checking: ‘rggobi’ ‘fftw’
Flavor: r-oldrel-osx-x86_64