CRAN Package Check Results for Package riskPredictClustData

Last updated on 2024-04-20 21:56:18 CEST.

Flavor Version Tinstall Tcheck Ttotal Status Flags
r-devel-linux-x86_64-debian-clang 0.2.6 6.92 68.36 75.28 NOTE
r-devel-linux-x86_64-debian-gcc 0.2.6 6.55 51.22 57.77 NOTE
r-devel-linux-x86_64-fedora-clang 0.2.6 96.16 NOTE
r-devel-linux-x86_64-fedora-gcc 0.2.6 91.86 NOTE
r-prerel-macos-arm64 0.2.6 30.00 NOTE
r-prerel-windows-x86_64 0.2.6 8.00 74.00 82.00 NOTE
r-patched-linux-x86_64 0.2.6 4.92 65.82 70.74 NOTE
r-release-linux-x86_64 0.2.6 5.01 67.24 72.25 OK
r-release-macos-arm64 0.2.6 32.00 OK
r-release-macos-x86_64 0.2.6 45.00 OK
r-release-windows-x86_64 0.2.6 11.00 80.00 91.00 OK
r-oldrel-macos-arm64 0.2.6 41.00 OK
r-oldrel-windows-x86_64 0.2.6 11.00 88.00 99.00 OK

Check Details

Version: 0.2.6
Check: Rd files
Result: NOTE checkRd: (-1) riskPredict.Rd:38: Lost braces 38 | {hat{eta}_c^{(1)}} based on the prediction rule.} | ^ checkRd: (-1) riskPredict.Rd:38: Lost braces 38 | {hat{eta}_c^{(1)}} based on the prediction rule.} | ^ checkRd: (-1) riskPredict.Rd:38: Lost braces; missing escapes or markup? 38 | {hat{eta}_c^{(1)}} based on the prediction rule.} | ^ checkRd: (-1) riskPredictDiff.Rd:34: Lost braces 34 | {hat{eta}_c^{(1)}-hat{eta}_c^{(2)}} based on the 2 prediction rules.} | ^ checkRd: (-1) riskPredictDiff.Rd:34: Lost braces 34 | {hat{eta}_c^{(1)}-hat{eta}_c^{(2)}} based on the 2 prediction rules.} | ^ checkRd: (-1) riskPredictDiff.Rd:34: Lost braces; missing escapes or markup? 34 | {hat{eta}_c^{(1)}-hat{eta}_c^{(2)}} based on the 2 prediction rules.} | ^ checkRd: (-1) riskPredictDiff.Rd:34: Lost braces 34 | {hat{eta}_c^{(1)}-hat{eta}_c^{(2)}} based on the 2 prediction rules.} | ^ checkRd: (-1) riskPredictDiff.Rd:34: Lost braces; missing escapes or markup? 34 | {hat{eta}_c^{(1)}-hat{eta}_c^{(2)}} based on the 2 prediction rules.} | ^ Flavors: r-devel-linux-x86_64-debian-clang, r-devel-linux-x86_64-debian-gcc, r-devel-linux-x86_64-fedora-clang, r-devel-linux-x86_64-fedora-gcc, r-prerel-macos-arm64, r-prerel-windows-x86_64, r-patched-linux-x86_64