CRAN Package Check Results for Package riskRegression

Last updated on 2018-02-25 09:50:35 CET.

Flavor Version Tinstall Tcheck Ttotal Status Flags
r-devel-linux-x86_64-debian-clang 1.4.3 122.02 334.37 456.39 OK
r-devel-linux-x86_64-debian-gcc 1.4.3 99.41 195.05 294.46 OK
r-devel-linux-x86_64-fedora-clang 1.4.3 508.10 OK
r-devel-linux-x86_64-fedora-gcc 1.4.3 449.06 NOTE
r-devel-windows-ix86+x86_64 1.4.3 310.00 527.00 837.00 ERROR
r-patched-linux-x86_64 1.4.3 115.84 326.11 441.95 OK
r-patched-solaris-x86 1.4.3 656.80 OK
r-release-linux-x86_64 1.4.3 107.73 323.23 430.96 OK
r-release-windows-ix86+x86_64 1.4.3 325.00 709.00 1034.00 OK
r-release-osx-x86_64 1.4.3 OK
r-oldrel-windows-ix86+x86_64 1.4.3 232.00 414.00 646.00 OK
r-oldrel-osx-x86_64 1.4.3 OK

Check Details

Version: 1.4.3
Check: installed package size
Result: NOTE
     installed size is 6.3Mb
     sub-directories of 1Mb or more:
     libs 5.6Mb
Flavor: r-devel-linux-x86_64-fedora-gcc

Version: 1.4.3
Check: running tests for arch ‘i386’
Result: ERROR
     Running 'test-BinomialRegression.R' [0s]
     Running 'test-BrierScore.R' [11s]
     Running 'test-CauseSpecificCoxRegression.R' [5s]
     Running 'test-FineGrayRegression.R' [4s]
     Running 'test-ate.R' [30s]
     Running 'test-boxplotScore.R' [3s]
     Running 'test-confidenceBand_vs_timereg.R' [8s]
     Running 'test-iidCox.R' [4s]
     Running 'test-phreg.R' [0s]
     Running 'test-predictCSC_vs_mstate.R' [6s]
     Running 'test-predictCox-CSC-Risk_internal.R' [6s]
     Running 'test-predictCox_vs_timereg.R' [7s]
     Running 'test-score.R' [9s]
    Running the tests in 'tests/test-predictCSC_vs_mstate.R' failed.
    Last 13 lines of output:
     + })
     Error: Test failed: 'predict.CSC(2b) - compare to mstate'
     * as.double(pred.RR1a$absRisk.se) not equal to pred.probtrans[, "se2"].
     55/80 mismatches (average diff: 0.0388)
     [26] 0.0150 - 0.00440 == 0.0106
     [27] 0.0161 - 0.00465 == 0.0115
     [28] 0.0161 - 0.00465 == 0.0115
     [29] 0.0173 - 0.00491 == 0.0123
     [30] 0.0184 - 0.00517 == 0.0133
     [31] 0.0196 - 0.00544 == 0.0142
     [32] 0.0208 - 0.00571 == 0.0151
     [33] 0.0222 - 0.00601 == 0.0162
     [34] 0.0222 - 0.00601 == 0.0162
     ...
     Execution halted
Flavor: r-devel-windows-ix86+x86_64