CRAN Package Check Results for Package riskRegression

Last updated on 2019-02-16 19:47:42 CET.

Flavor Version Tinstall Tcheck Ttotal Status Flags
r-devel-linux-x86_64-debian-clang 2019.01.29 153.83 417.63 571.46 OK
r-devel-linux-x86_64-debian-gcc 2019.01.29 123.31 410.76 534.07 OK
r-devel-linux-x86_64-fedora-clang 2019.01.29 624.25 NOTE
r-devel-linux-x86_64-fedora-gcc 2019.01.29 480.00 OK
r-devel-windows-ix86+x86_64 2019.01.29 375.00 632.00 1007.00 OK
r-patched-linux-x86_64 2019.01.29 150.54 421.04 571.58 OK
r-patched-solaris-x86 2019.01.29 603.10 OK
r-release-linux-x86_64 2019.01.29 OK
r-release-windows-ix86+x86_64 2019.01.29 284.00 453.00 737.00 OK
r-release-osx-x86_64 2019.01.29 NOTE
r-oldrel-windows-ix86+x86_64 2019.01.29 395.00 804.00 1199.00 OK
r-oldrel-osx-x86_64 2019.01.29 NOTE

Check Details

Version: 2019.01.29
Check: installed package size
Result: NOTE
     installed size is 7.0Mb
     sub-directories of 1Mb or more:
     libs 6.0Mb
Flavors: r-devel-linux-x86_64-fedora-clang, r-release-osx-x86_64, r-oldrel-osx-x86_64