CRAN Package Check Results for Package riskRegression

Last updated on 2019-08-19 10:47:24 CEST.

Flavor Version Tinstall Tcheck Ttotal Status Flags
r-devel-linux-x86_64-debian-clang 2019.01.29 165.04 363.81 528.85 OK
r-devel-linux-x86_64-debian-gcc 2019.01.29 120.21 328.53 448.74 OK
r-devel-linux-x86_64-fedora-clang 2019.01.29 669.06 NOTE
r-devel-linux-x86_64-fedora-gcc 2019.01.29 610.04 OK
r-devel-windows-ix86+x86_64 2019.01.29 416.00 562.00 978.00 OK
r-patched-linux-x86_64 2019.01.29 144.03 336.68 480.71 OK
r-patched-solaris-x86 2019.01.29 708.80 OK
r-release-linux-x86_64 2019.01.29 143.48 344.12 487.60 OK
r-release-windows-ix86+x86_64 2019.01.29 401.00 472.00 873.00 OK
r-release-osx-x86_64 2019.01.29 NOTE
r-oldrel-windows-ix86+x86_64 2019.01.29 378.00 655.00 1033.00 OK
r-oldrel-osx-x86_64 2019.01.29 NOTE

Additional issues

LTO

Check Details

Version: 2019.01.29
Check: installed package size
Result: NOTE
     installed size is 7.6Mb
     sub-directories of 1Mb or more:
     libs 6.6Mb
Flavors: r-devel-linux-x86_64-fedora-clang, r-release-osx-x86_64, r-oldrel-osx-x86_64