CRAN Package Check Results for Package riskRegression

Last updated on 2019-12-06 05:46:49 CET.

Flavor Version Tinstall Tcheck Ttotal Status Flags
r-devel-linux-x86_64-debian-clang 2019.11.03 192.32 524.00 716.32 OK
r-devel-linux-x86_64-debian-gcc 2019.11.03 138.11 505.37 643.48 OK
r-devel-linux-x86_64-fedora-clang 2019.11.03 796.38 NOTE
r-devel-linux-x86_64-fedora-gcc 2019.11.03 777.66 OK
r-devel-windows-ix86+x86_64 2019.11.03 368.00 829.00 1197.00 OK
r-devel-windows-ix86+x86_64-gcc8 2019.11.03 433.00 855.00 1288.00 OK
r-patched-linux-x86_64 2019.11.03 145.70 446.72 592.42 OK
r-patched-solaris-x86 2019.11.03 776.70 OK
r-release-linux-x86_64 2019.11.03 149.87 459.05 608.92 OK
r-release-windows-ix86+x86_64 2019.11.03 289.00 595.00 884.00 OK
r-release-osx-x86_64 2019.11.03 NOTE
r-oldrel-windows-ix86+x86_64 2019.11.03 286.00 803.00 1089.00 OK
r-oldrel-osx-x86_64 2019.11.03 NOTE

Check Details

Version: 2019.11.03
Check: installed package size
Result: NOTE
     installed size is 7.6Mb
     sub-directories of 1Mb or more:
     libs 6.3Mb
Flavors: r-devel-linux-x86_64-fedora-clang, r-release-osx-x86_64, r-oldrel-osx-x86_64