CRAN Package Check Results for Package riskRegression

Last updated on 2018-11-18 11:51:03 CET.

Flavor Version Tinstall Tcheck Ttotal Status Flags
r-devel-linux-x86_64-debian-clang 2018.10.03 156.71 351.73 508.44 OK
r-devel-linux-x86_64-debian-gcc 2018.10.03 138.47 222.74 361.21 OK
r-devel-linux-x86_64-fedora-clang 2018.10.03 605.81 NOTE
r-devel-linux-x86_64-fedora-gcc 2018.10.03 555.17 OK
r-devel-windows-ix86+x86_64 2018.10.03 364.00 458.00 822.00 OK
r-patched-linux-x86_64 2018.10.03 171.88 279.00 450.88 OK
r-patched-solaris-x86 2018.10.03 647.70 OK
r-release-linux-x86_64 2018.10.03 163.46 279.73 443.19 OK
r-release-windows-ix86+x86_64 2018.10.03 385.00 478.00 863.00 WARN
r-release-osx-x86_64 2018.10.03 NOTE
r-oldrel-windows-ix86+x86_64 2018.10.03 293.00 796.00 1089.00 WARN
r-oldrel-osx-x86_64 2018.10.03 NOTE

Check Details

Version: 2018.10.03
Check: installed package size
Result: NOTE
     installed size is 7.4Mb
     sub-directories of 1Mb or more:
     libs 6.4Mb
Flavors: r-devel-linux-x86_64-fedora-clang, r-release-osx-x86_64, r-oldrel-osx-x86_64

Version: 2018.10.03
Check: whether package can be installed
Result: WARN
    Found the following significant warnings:
     Warning: S3 methods '[.fun_list', '[.grouped_df', 'all.equal.tbl_df', 'anti_join.data.frame', 'anti_join.tbl_df', 'arrange.data.frame', 'arrange.default', 'arrange.grouped_df', 'arrange.tbl_df', 'arrange_.data.frame', 'arrange_.tbl_df', 'as.data.frame.grouped_df', 'as.data.frame.rowwise_df', 'as.data.frame.tbl_cube', 'as.table.tbl_cube', 'as.tbl.data.frame', 'as.tbl.tbl', 'as.tbl_cube.array', 'as.tbl_cube.data.frame', 'as.tbl_cube.matrix', 'as.tbl_cube.table', 'as_tibble.grouped_df', 'as_tibble.tbl_cube', 'auto_copy.tbl_cube', 'auto_copy.tbl_df', 'cbind.grouped_df', 'collapse.data.frame', 'collect.data.frame', 'common_by.NULL', 'common_by.character', 'common_by.default', 'common_by.list', 'compute.data.frame', 'copy_to.DBIConnection', 'copy_to.src_local', 'default_missing.data.frame', 'default_missing.default', 'dim.tbl_cube', 'distinct.data.frame', 'distinct.default', 'distinct.grouped_df', 'distinct.tbl_df', 'distinct_.data.frame', 'distinct_.grouped_df', 'distinct_.tbl_df', 'do.NULL', 'do.da [... truncated]
Flavors: r-release-windows-ix86+x86_64, r-oldrel-windows-ix86+x86_64