Last updated on 2025-06-19 00:49:31 CEST.
Flavor | Version | Tinstall | Tcheck | Ttotal | Status | Flags |
---|---|---|---|---|---|---|
r-devel-linux-x86_64-debian-clang | 0.4.0 | 15.47 | 123.81 | 139.28 | NOTE | |
r-devel-linux-x86_64-debian-gcc | 0.4.0 | 10.30 | 85.59 | 95.89 | NOTE | |
r-devel-linux-x86_64-fedora-clang | 0.4.0 | 206.43 | OK | |||
r-devel-linux-x86_64-fedora-gcc | 0.4.0 | 215.31 | OK | |||
r-devel-windows-x86_64 | 0.4.0 | 14.00 | 156.00 | 170.00 | OK | |
r-patched-linux-x86_64 | 0.4.0 | 22.19 | 113.00 | 135.19 | OK | |
r-release-linux-x86_64 | 0.4.0 | 14.10 | 113.28 | 127.38 | OK | |
r-release-macos-arm64 | 0.4.0 | 68.00 | OK | |||
r-release-macos-x86_64 | 0.4.0 | 123.00 | OK | |||
r-release-windows-x86_64 | 0.4.0 | 15.00 | 158.00 | 173.00 | OK | |
r-oldrel-macos-arm64 | 0.4.0 | 52.00 | OK | |||
r-oldrel-macos-x86_64 | 0.4.0 | 108.00 | OK | |||
r-oldrel-windows-x86_64 | 0.4.0 | 14.00 | 181.00 | 195.00 | OK |
Version: 0.4.0
Check: CRAN incoming feasibility
Result: NOTE
Maintainer: ‘Hansjoerg Neth <h.neth@uni.kn>’
Package CITATION file contains call(s) to old-style personList() or
as.personList(). Please use c() on person objects instead.
Package CITATION file contains call(s) to old-style citEntry(). Please
use bibentry() instead.
Flavors: r-devel-linux-x86_64-debian-clang, r-devel-linux-x86_64-debian-gcc