CRAN Package Check Results for Package rite

Last updated on 2018-08-15 08:48:58 CEST.

Flavor Version Tinstall Tcheck Ttotal Status Flags
r-release-osx-x86_64 0.3.4 NOTE
r-oldrel-osx-x86_64 0.3.4 NOTE

Check Details

Version: 0.3.4
Check: R code for possible problems
Result: NOTE
    rite : loadHistory: no visible global function definition for
     ‘savehistory’
    rite : saveGist: no visible global function definition for ‘browseURL’
    rite : uploadToRPubs : processEntry: no visible global function
     definition for ‘browseURL’
    rite : runCode: no visible global function definition for ‘savehistory’
    rite : runCode: no visible global function definition for ‘loadhistory’
    rite : knittxt: no visible global function definition for ‘Sweave’
    rite : knittxt: no visible global function definition for ‘browseURL’
    rite : addHighlighting : addHighlight: no visible global function
     definition for ‘packageDescription’
    rite : addHighlighting : addHighlight: no visible global function
     definition for ‘na.omit’
    rite : about : <anonymous>: no visible global function definition for
     ‘browseURL’
    rite : <anonymous>: no visible global function definition for
     ‘capture.output’
    rite : <anonymous>: no visible global function definition for
     ‘update.packages’
    rite : <anonymous>: no visible global function definition for ‘help’
    rite : f1: no visible global function definition for ‘help’
    rite : f1: no visible global function definition for ‘help.search’
    rite : commandCompletion: no visible global function definition for
     ‘apropos’
    rite : findreplace : <anonymous>: no visible global function definition
     for ‘browseURL’
    Undefined global functions or variables:
     Sweave apropos browseURL capture.output help help.search loadhistory
     na.omit packageDescription savehistory update.packages
    Consider adding
     importFrom("stats", "na.omit")
     importFrom("utils", "Sweave", "apropos", "browseURL", "capture.output",
     "help", "help.search", "loadhistory", "packageDescription",
     "savehistory", "update.packages")
    to your NAMESPACE file.
Flavors: r-release-osx-x86_64, r-oldrel-osx-x86_64