CRAN Package Check Results for Package rjags

Last updated on 2019-12-15 11:46:46 CET.

Flavor Version Tinstall Tcheck Ttotal Status Flags
r-devel-linux-x86_64-debian-clang 4-10 9.56 27.44 37.00 OK
r-devel-linux-x86_64-debian-gcc 4-10 7.17 21.79 28.96 OK
r-devel-linux-x86_64-fedora-clang 4-10 47.90 OK
r-devel-linux-x86_64-fedora-gcc 4-10 45.64 OK
r-devel-windows-ix86+x86_64 4-10 23.00 74.00 97.00 OK
r-devel-windows-ix86+x86_64-gcc8 4-10 18.00 67.00 85.00 OK
r-patched-linux-x86_64 4-10 8.62 26.15 34.77 OK
r-patched-solaris-x86 4-10 63.60 OK
r-release-linux-x86_64 4-10 8.01 25.72 33.73 OK
r-release-windows-ix86+x86_64 4-10 28.00 53.00 81.00 OK
r-release-osx-x86_64 4-10 NOTE
r-oldrel-windows-ix86+x86_64 4-10 17.00 79.00 96.00 OK
r-oldrel-osx-x86_64 4-10 NOTE

Check Details

Version: 4-10
Check: dependencies in R code
Result: NOTE
    No protocol specified
    No protocol specified
Flavors: r-release-osx-x86_64, r-oldrel-osx-x86_64