CRAN Package Check Results for Package rjstat

Last updated on 2020-02-27 17:51:07 CET.

Flavor Version Tinstall Tcheck Ttotal Status Flags
r-devel-linux-x86_64-debian-clang 0.3.0 2.30 24.50 26.80 ERROR
r-devel-linux-x86_64-debian-gcc 0.3.0 1.67 19.77 21.44 ERROR
r-devel-linux-x86_64-fedora-clang 0.3.0 33.08 OK
r-devel-linux-x86_64-fedora-gcc 0.3.0 32.28 OK
r-devel-windows-ix86+x86_64 0.3.0 5.00 37.00 42.00 OK
r-devel-windows-ix86+x86_64-gcc8 0.3.0 5.00 39.00 44.00 OK
r-patched-linux-x86_64 0.3.0 1.53 22.53 24.06 OK
r-patched-solaris-x86 0.3.0 46.90 OK
r-release-linux-x86_64 0.3.0 1.73 22.55 24.28 OK
r-release-windows-ix86+x86_64 0.3.0 4.00 35.00 39.00 OK
r-release-osx-x86_64 0.3.0 OK
r-oldrel-windows-ix86+x86_64 0.3.0 3.00 41.00 44.00 OK
r-oldrel-osx-x86_64 0.3.0 OK

Check Details

Version: 0.3.0
Check: tests
Result: ERROR
     Running 'testthat.R' [2s/3s]
    Running the tests in 'tests/testthat.R' failed.
    Complete output:
     > library(testthat)
     > library(rjstat)
     >
     > test_check("rjstat")
     -- 1. Failure: value objects give correct output (@test-output.R#33) ----------
     fromJSONstat(txt1, use_factors = TRUE) not equal to data.frame(V1 = letters, value = c(1, rep(NA, 25))).
     Component "V1": 'current' is not a factor
    
     -- 2. Failure: value objects give correct output (@test-output.R#38) ----------
     fromJSONstat(txt2, use_factors = TRUE) not equal to data.frame(V1 = letters, value = c(1:2, rep(NA, 24))).
     Component "V1": 'current' is not a factor
    
     == testthat results ===========================================================
     [ OK: 57 | SKIPPED: 0 | WARNINGS: 0 | FAILED: 2 ]
     1. Failure: value objects give correct output (@test-output.R#33)
     2. Failure: value objects give correct output (@test-output.R#38)
    
     Error: testthat unit tests failed
     Execution halted
Flavor: r-devel-linux-x86_64-debian-clang

Version: 0.3.0
Check: tests
Result: ERROR
     Running ‘testthat.R’ [2s/3s]
    Running the tests in ‘tests/testthat.R’ failed.
    Complete output:
     > library(testthat)
     > library(rjstat)
     >
     > test_check("rjstat")
     ── 1. Failure: value objects give correct output (@test-output.R#33) ──────────
     fromJSONstat(txt1, use_factors = TRUE) not equal to data.frame(V1 = letters, value = c(1, rep(NA, 25))).
     Component "V1": 'current' is not a factor
    
     ── 2. Failure: value objects give correct output (@test-output.R#38) ──────────
     fromJSONstat(txt2, use_factors = TRUE) not equal to data.frame(V1 = letters, value = c(1:2, rep(NA, 24))).
     Component "V1": 'current' is not a factor
    
     ══ testthat results ═══════════════════════════════════════════════════════════
     [ OK: 57 | SKIPPED: 0 | WARNINGS: 0 | FAILED: 2 ]
     1. Failure: value objects give correct output (@test-output.R#33)
     2. Failure: value objects give correct output (@test-output.R#38)
    
     Error: testthat unit tests failed
     Execution halted
Flavor: r-devel-linux-x86_64-debian-gcc