Last updated on 2023-10-02 15:07:06 CEST.
Flavor | Version | Tinstall | Tcheck | Ttotal | Status | Flags |
---|---|---|---|---|---|---|
r-devel-linux-x86_64-debian-clang | 1.1.1 | 24.82 | 321.95 | 346.77 | NOTE | |
r-devel-linux-x86_64-debian-gcc | 1.1.1 | 16.87 | 237.48 | 254.35 | NOTE | |
r-devel-linux-x86_64-fedora-clang | 1.1.1 | 421.78 | NOTE | |||
r-devel-linux-x86_64-fedora-gcc | 1.1.1 | 413.93 | NOTE | |||
r-devel-windows-x86_64 | 1.1.1 | 33.00 | 265.00 | 298.00 | NOTE | |
r-patched-linux-x86_64 | 1.1.1 | 31.54 | 311.91 | 343.45 | OK | |
r-release-linux-x86_64 | 1.1.1 | 23.58 | 310.28 | 333.86 | OK | |
r-release-macos-arm64 | 1.1.1 | 109.00 | OK | |||
r-release-macos-x86_64 | 1.1.1 | 294.00 | OK | |||
r-release-windows-x86_64 | 1.1.1 | 32.00 | 340.00 | 372.00 | OK | |
r-oldrel-macos-arm64 | 1.1.1 | 106.00 | OK | |||
r-oldrel-macos-x86_64 | 1.1.1 | 155.00 | OK | |||
r-oldrel-windows-x86_64 | 1.1.1 | 41.00 | 293.00 | 334.00 | OK |
Version: 1.1.1
Check: Rd \usage sections
Result: NOTE
Documented arguments not in \usage in documentation object 'ns_env':
‘env’
Functions with \usage entries need to have the appropriate \alias
entries, and all their arguments documented.
The \usage entries must correspond to syntactically valid R code.
See chapter ‘Writing R documentation files’ in the ‘Writing R
Extensions’ manual.
Flavors: r-devel-linux-x86_64-debian-clang, r-devel-linux-x86_64-debian-gcc, r-devel-linux-x86_64-fedora-clang, r-devel-linux-x86_64-fedora-gcc, r-devel-windows-x86_64