CRAN Package Check Results for Package rlang

Last updated on 2024-02-26 09:48:33 CET.

Flavor Version Tinstall Tcheck Ttotal Status Flags
r-devel-linux-x86_64-debian-clang 1.1.3 25.37 314.84 340.21 OK
r-devel-linux-x86_64-debian-gcc 1.1.3 17.26 234.09 251.35 OK
r-devel-linux-x86_64-fedora-clang 1.1.3 424.43 OK
r-devel-linux-x86_64-fedora-gcc 1.1.3 429.80 OK
r-devel-windows-x86_64 1.1.3 1.00 4.00 5.00 ERROR
r-patched-linux-x86_64 1.1.3 30.47 311.16 341.63 OK
r-release-linux-x86_64 1.1.3 23.09 308.14 331.23 OK
r-release-macos-arm64 1.1.3 128.00 OK
r-release-macos-x86_64 1.1.3 334.00 OK
r-release-windows-x86_64 1.1.3 29.00 337.00 366.00 OK
r-oldrel-macos-arm64 1.1.3 129.00 OK
r-oldrel-windows-x86_64 1.1.3 37.00 287.00 324.00 OK

Check Details

Version: 1.1.3
Check: whether package can be installed
Result: ERROR Installation failed. Flavor: r-devel-windows-x86_64