CRAN Package Check Results for Package rleafmap

Last updated on 2019-02-20 13:46:41 CET.

Flavor Version Tinstall Tcheck Ttotal Status Flags
r-devel-linux-x86_64-debian-clang 0.2 6.24 68.22 74.46 OK
r-devel-linux-x86_64-debian-gcc 0.2 4.99 54.62 59.61 OK
r-devel-linux-x86_64-fedora-clang 0.2 92.23 OK
r-devel-linux-x86_64-fedora-gcc 0.2 86.37 OK
r-devel-windows-ix86+x86_64 0.2 14.00 74.00 88.00 OK
r-patched-linux-x86_64 0.2 OK
r-patched-solaris-x86 0.2 122.30 OK
r-release-linux-x86_64 0.2 OK
r-release-windows-ix86+x86_64 0.2 8.00 100.00 108.00 OK
r-release-osx-x86_64 0.2 OK
r-oldrel-windows-ix86+x86_64 0.2 13.00 99.00 112.00 OK
r-oldrel-osx-x86_64 0.2 NOTE

Check Details

Version: 0.2
Check: Rd cross-references
Result: NOTE
    Package unavailable to check Rd xrefs: ‘rgdal’
Flavor: r-oldrel-osx-x86_64