CRAN Package Check Results for Package rleafmap

Last updated on 2018-11-20 13:46:38 CET.

Flavor Version Tinstall Tcheck Ttotal Status Flags
r-devel-linux-x86_64-debian-clang 0.2 5.55 65.01 70.56 OK
r-devel-linux-x86_64-debian-gcc 0.2 4.67 52.96 57.63 OK
r-devel-linux-x86_64-fedora-clang 0.2 83.63 OK
r-devel-linux-x86_64-fedora-gcc 0.2 82.40 OK
r-devel-windows-ix86+x86_64 0.2 13.00 94.00 107.00 OK
r-patched-linux-x86_64 0.2 5.30 62.62 67.92 OK
r-patched-solaris-x86 0.2 125.50 OK
r-release-linux-x86_64 0.2 4.99 63.23 68.22 OK
r-release-windows-ix86+x86_64 0.2 9.00 92.00 101.00 OK
r-release-osx-x86_64 0.2 OK
r-oldrel-windows-ix86+x86_64 0.2 12.00 97.00 109.00 OK
r-oldrel-osx-x86_64 0.2 NOTE

Check Details

Version: 0.2
Check: Rd cross-references
Result: NOTE
    Package unavailable to check Rd xrefs: ‘rgdal’
Flavor: r-oldrel-osx-x86_64