CRAN Package Check Results for Package rleafmap

Last updated on 2018-02-24 20:48:42 CET.

Flavor Version Tinstall Tcheck Ttotal Status Flags
r-devel-linux-x86_64-debian-clang 0.2 4.40 53.00 57.40 OK
r-devel-linux-x86_64-debian-gcc 0.2 4.17 41.99 46.16 OK
r-devel-linux-x86_64-fedora-clang 0.2 68.18 OK
r-devel-linux-x86_64-fedora-gcc 0.2 67.42 OK
r-devel-windows-ix86+x86_64 0.2 12.00 83.00 95.00 OK
r-patched-linux-x86_64 0.2 4.13 56.40 60.53 OK
r-patched-solaris-x86 0.2 97.80 OK
r-release-linux-x86_64 0.2 4.29 56.45 60.74 OK
r-release-windows-ix86+x86_64 0.2 10.00 83.00 93.00 OK
r-release-osx-x86_64 0.2 NOTE
r-oldrel-windows-ix86+x86_64 0.2 7.00 62.00 69.00 OK
r-oldrel-osx-x86_64 0.2 OK

Check Details

Version: 0.2
Check: Rd cross-references
Result: NOTE
    Package unavailable to check Rd xrefs: ‘rgdal’
Flavor: r-release-osx-x86_64