CRAN Package Check Results for Package rleafmap

Last updated on 2018-08-22 06:47:01 CEST.

Flavor Version Tinstall Tcheck Ttotal Status Flags
r-devel-linux-x86_64-debian-clang 0.2 5.90 62.57 68.47 OK
r-devel-linux-x86_64-debian-gcc 0.2 4.96 50.74 55.70 OK
r-devel-linux-x86_64-fedora-clang 0.2 80.50 OK
r-devel-linux-x86_64-fedora-gcc 0.2 79.51 OK
r-devel-windows-ix86+x86_64 0.2 8.00 66.00 74.00 OK
r-patched-linux-x86_64 0.2 4.30 52.97 57.27 OK
r-patched-solaris-x86 0.2 108.60 OK
r-release-linux-x86_64 0.2 4.73 53.20 57.93 OK
r-release-windows-ix86+x86_64 0.2 10.00 65.00 75.00 OK
r-release-osx-x86_64 0.2 OK
r-oldrel-windows-ix86+x86_64 0.2 7.00 86.00 93.00 OK
r-oldrel-osx-x86_64 0.2 NOTE

Check Details

Version: 0.2
Check: Rd cross-references
Result: NOTE
    Package unavailable to check Rd xrefs: ‘rgdal’
Flavor: r-oldrel-osx-x86_64