CRAN Package Check Results for Package rleafmap

Last updated on 2018-05-23 04:48:51 CEST.

Flavor Version Tinstall Tcheck Ttotal Status Flags
r-devel-linux-x86_64-debian-clang 0.2 4.56 60.35 64.91 OK
r-devel-linux-x86_64-debian-gcc 0.2 4.13 48.44 52.57 OK
r-devel-linux-x86_64-fedora-clang 0.2 81.23 OK
r-devel-linux-x86_64-fedora-gcc 0.2 79.14 OK
r-devel-windows-ix86+x86_64 0.2 9.00 92.00 101.00 OK
r-patched-linux-x86_64 0.2 4.28 52.65 56.93 OK
r-patched-solaris-x86 0.2 106.90 OK
r-release-linux-x86_64 0.2 5.11 52.28 57.39 OK
r-release-windows-ix86+x86_64 0.2 11.00 66.00 77.00 OK
r-release-osx-x86_64 0.2 OK
r-oldrel-windows-ix86+x86_64 0.2 12.00 62.00 74.00 OK
r-oldrel-osx-x86_64 0.2 NOTE

Check Details

Version: 0.2
Check: Rd cross-references
Result: NOTE
    Package unavailable to check Rd xrefs: ‘rgdal’
Flavor: r-oldrel-osx-x86_64