CRAN Package Check Results for Package rliger

Last updated on 2021-05-16 09:48:11 CEST.

Flavor Version Tinstall Tcheck Ttotal Status Flags
r-devel-linux-x86_64-debian-clang 1.0.0 147.18 214.86 362.04 OK
r-devel-linux-x86_64-debian-gcc 1.0.0 98.74 162.97 261.71 OK
r-devel-linux-x86_64-fedora-clang 1.0.0 489.87 NOTE
r-devel-linux-x86_64-fedora-gcc 1.0.0 459.37 OK
r-devel-windows-ix86+x86_64 1.0.0 341.00 284.00 625.00 OK
r-devel-windows-x86_64-gcc10-UCRT 1.0.0 OK
r-patched-linux-x86_64 1.0.0 120.32 202.40 322.72 OK
r-patched-solaris-x86 1.0.0 533.80 OK
r-release-linux-x86_64 1.0.0 111.31 197.58 308.89 OK
r-release-macos-x86_64 1.0.0 NOTE
r-release-windows-ix86+x86_64 1.0.0 229.00 381.00 610.00 OK
r-oldrel-macos-x86_64 1.0.0 NOTE
r-oldrel-windows-ix86+x86_64 1.0.0 192.00 10.00 202.00 ERROR

Check Details

Version: 1.0.0
Check: installed package size
Result: NOTE
     installed size is 6.8Mb
     sub-directories of 1Mb or more:
     libs 6.1Mb
Flavors: r-devel-linux-x86_64-fedora-clang, r-release-macos-x86_64, r-oldrel-macos-x86_64

Version: 1.0.0
Check: package dependencies
Result: NOTE
    Packages suggested but not available for checking: 'reactome.db', 'fgsea'
Flavor: r-release-macos-x86_64

Version: 1.0.0
Check: package dependencies
Result: NOTE
    Packages suggested but not available for checking:
     'org.Hs.eg.db', 'reactome.db'
Flavor: r-oldrel-macos-x86_64

Version: 1.0.0
Check: whether package can be installed
Result: ERROR
    Installation failed.
Flavor: r-oldrel-windows-ix86+x86_64