CRAN Package Check Results for Package rlog

Last updated on 2024-05-25 06:57:08 CEST.

Flavor Version Tinstall Tcheck Ttotal Status Flags
r-devel-linux-x86_64-debian-clang 0.1.0 1.86 22.04 23.90 NOTE
r-devel-linux-x86_64-debian-gcc 0.1.0 1.47 17.37 18.84 NOTE
r-devel-linux-x86_64-fedora-clang 0.1.0 31.65 NOTE
r-devel-linux-x86_64-fedora-gcc 0.1.0 29.87 NOTE
r-devel-windows-x86_64 0.1.0 2.00 39.00 41.00 NOTE
r-patched-linux-x86_64 0.1.0 2.13 22.04 24.17 NOTE
r-release-linux-x86_64 0.1.0 2.02 21.97 23.99 NOTE
r-release-macos-arm64 0.1.0 13.00 NOTE
r-release-windows-x86_64 0.1.0 2.00 66.00 68.00 NOTE
r-oldrel-macos-arm64 0.1.0 14.00 NOTE
r-oldrel-macos-x86_64 0.1.0 18.00 NOTE
r-oldrel-windows-x86_64 0.1.0 2.00 41.00 43.00 NOTE

Check Details

Version: 0.1.0
Check: LazyData
Result: NOTE 'LazyData' is specified without a 'data' directory Flavors: r-devel-linux-x86_64-debian-clang, r-devel-linux-x86_64-debian-gcc, r-devel-linux-x86_64-fedora-clang, r-devel-linux-x86_64-fedora-gcc, r-devel-windows-x86_64, r-patched-linux-x86_64, r-release-linux-x86_64, r-release-macos-arm64, r-release-windows-x86_64, r-oldrel-macos-arm64, r-oldrel-macos-x86_64, r-oldrel-windows-x86_64