CRAN Package Check Results for Package rmapzen

Last updated on 2022-01-28 11:52:29 CET.

Flavor Version Tinstall Tcheck Ttotal Status Flags
r-devel-linux-x86_64-debian-clang 0.4.3 5.19 122.04 127.23 OK
r-devel-linux-x86_64-debian-gcc 0.4.3 3.37 90.50 93.87 OK
r-devel-linux-x86_64-fedora-clang 0.4.3 147.51 NOTE
r-devel-linux-x86_64-fedora-gcc 0.4.3 139.00 NOTE
r-devel-windows-x86_64-new-UL 0.4.3 53.00 149.00 202.00 OK
r-devel-windows-x86_64-new-TK 0.4.3 NOTE
r-patched-linux-x86_64 0.4.3 5.05 111.99 117.04 OK
r-release-linux-x86_64 0.4.3 3.00 113.10 116.10 OK
r-release-macos-arm64 0.4.3 NOTE
r-release-macos-x86_64 0.4.3 NOTE
r-release-windows-ix86+x86_64 0.4.3 10.00 138.00 148.00 OK
r-oldrel-macos-x86_64 0.4.3 NOTE
r-oldrel-windows-ix86+x86_64 0.4.3 10.00 138.00 148.00 OK

Check Details

Version: 0.4.3
Check: data for non-ASCII characters
Result: NOTE
     Note: found 31 marked UTF-8 strings
Flavors: r-devel-linux-x86_64-fedora-clang, r-devel-linux-x86_64-fedora-gcc, r-devel-windows-x86_64-new-TK, r-release-macos-arm64, r-release-macos-x86_64, r-oldrel-macos-x86_64