CRAN Package Check Results for Package rmarkdown

Last updated on 2018-06-20 17:48:52 CEST.

Flavor Version Tinstall Tcheck Ttotal Status Flags
r-devel-linux-x86_64-debian-clang 1.10 8.08 50.96 59.04 OK
r-devel-linux-x86_64-debian-gcc 1.10 6.02 40.26 46.28 OK
r-devel-linux-x86_64-fedora-clang 1.10 68.46 NOTE
r-devel-linux-x86_64-fedora-gcc 1.10 64.72 OK
r-devel-windows-ix86+x86_64 1.10 24.00 77.00 101.00 NOTE
r-patched-linux-x86_64 1.10 7.94 47.92 55.86 OK
r-patched-solaris-x86 1.10 92.50 NOTE
r-release-linux-x86_64 1.10 5.08 47.78 52.86 OK
r-release-windows-ix86+x86_64 1.10 15.00 80.00 95.00 NOTE
r-release-osx-x86_64 1.10 NOTE
r-oldrel-windows-ix86+x86_64 1.10 12.00 56.00 68.00 NOTE
r-oldrel-osx-x86_64 1.9 NOTE

Check Details

Version: 1.10
Check: installed package size
Result: NOTE
     installed size is 7.7Mb
     sub-directories of 1Mb or more:
     rmd 6.9Mb
Flavors: r-devel-linux-x86_64-fedora-clang, r-devel-windows-ix86+x86_64, r-patched-solaris-x86, r-release-windows-ix86+x86_64, r-release-osx-x86_64, r-oldrel-windows-ix86+x86_64

Version: 1.9
Check: installed package size
Result: NOTE
     installed size is 6.4Mb
     sub-directories of 1Mb or more:
     rmd 5.9Mb
Flavor: r-oldrel-osx-x86_64