CRAN Package Check Results for Package rmarkdown

Last updated on 2018-12-18 14:47:36 CET.

Flavor Version Tinstall Tcheck Ttotal Status Flags
r-devel-linux-x86_64-debian-clang 1.11 7.88 51.28 59.16 OK
r-devel-linux-x86_64-debian-gcc 1.11 6.22 40.12 46.34 OK
r-devel-linux-x86_64-fedora-clang 1.11 67.73 NOTE
r-devel-linux-x86_64-fedora-gcc 1.11 64.40 OK
r-devel-windows-ix86+x86_64 1.11 21.00 82.00 103.00 NOTE
r-patched-linux-x86_64 1.11 6.33 48.56 54.89 OK
r-patched-solaris-x86 1.11 93.80 NOTE
r-release-linux-x86_64 1.11 6.88 48.39 55.27 OK
r-release-windows-ix86+x86_64 1.11 16.00 80.00 96.00 NOTE
r-release-osx-x86_64 1.11 NOTE
r-oldrel-windows-ix86+x86_64 1.11 16.00 78.00 94.00 NOTE
r-oldrel-osx-x86_64 1.11 NOTE

Check Details

Version: 1.11
Check: installed package size
Result: NOTE
     installed size is 9.1Mb
     sub-directories of 1Mb or more:
     rmd 8.3Mb
Flavors: r-devel-linux-x86_64-fedora-clang, r-devel-windows-ix86+x86_64, r-patched-solaris-x86, r-release-windows-ix86+x86_64, r-release-osx-x86_64, r-oldrel-windows-ix86+x86_64, r-oldrel-osx-x86_64