CRAN Package Check Results for Package rmarkdown

Last updated on 2018-01-18 09:49:16 CET.

Flavor Version Tinstall Tcheck Ttotal Status Flags
r-devel-linux-x86_64-debian-clang 1.8 2.42 46.53 48.95 OK
r-devel-linux-x86_64-debian-gcc 1.8 2.03 40.35 42.38 OK
r-devel-linux-x86_64-fedora-clang 1.8 60.92 NOTE
r-devel-linux-x86_64-fedora-gcc 1.8 59.50 NOTE
r-devel-windows-ix86+x86_64 1.8 13.00 62.00 75.00 NOTE
r-patched-linux-x86_64 1.8 2.83 51.76 54.59 OK
r-patched-solaris-x86 1.8 88.40 NOTE
r-release-linux-x86_64 1.8 2.32 51.44 53.76 OK
r-release-windows-ix86+x86_64 1.8 10.00 56.00 66.00 NOTE
r-release-osx-x86_64 1.8 NOTE
r-oldrel-windows-ix86+x86_64 1.8 11.00 52.00 63.00 NOTE
r-oldrel-osx-x86_64 1.8 NOTE

Check Details

Version: 1.8
Check: installed package size
Result: NOTE
     installed size is 6.6Mb
     sub-directories of 1Mb or more:
     rmd 6.1Mb
Flavors: r-devel-linux-x86_64-fedora-clang, r-devel-linux-x86_64-fedora-gcc, r-devel-windows-ix86+x86_64, r-patched-solaris-x86, r-release-windows-ix86+x86_64, r-release-osx-x86_64, r-oldrel-windows-ix86+x86_64, r-oldrel-osx-x86_64