CRAN Package Check Results for Package rmarkdown

Last updated on 2022-06-26 20:51:47 CEST.

Flavor Version Tinstall Tcheck Ttotal Status Flags
r-devel-linux-x86_64-debian-clang 2.14 14.80 86.12 100.92 OK
r-devel-linux-x86_64-debian-gcc 2.14 9.52 67.20 76.72 OK
r-devel-linux-x86_64-fedora-clang 2.14 135.42 NOTE
r-devel-linux-x86_64-fedora-gcc 2.14 152.94 OK
r-devel-windows-x86_64 2.14 276.00 122.00 398.00 NOTE
r-patched-linux-x86_64 2.14 13.92 83.70 97.62 OK
r-release-linux-x86_64 2.14 12.41 84.49 96.90 OK
r-release-macos-arm64 2.14 47.00 NOTE
r-release-macos-x86_64 2.14 62.00 NOTE
r-release-windows-x86_64 2.14 300.00 119.00 419.00 NOTE
r-oldrel-macos-arm64 2.14 44.00 NOTE
r-oldrel-macos-x86_64 2.14 69.00 NOTE
r-oldrel-windows-ix86+x86_64 2.14 22.00 100.00 122.00 NOTE

Check Details

Version: 2.14
Check: installed package size
Result: NOTE
     installed size is 9.4Mb
     sub-directories of 1Mb or more:
     rmd 8.3Mb
Flavors: r-devel-linux-x86_64-fedora-clang, r-devel-windows-x86_64, r-release-macos-arm64, r-release-macos-x86_64, r-release-windows-x86_64, r-oldrel-macos-arm64, r-oldrel-macos-x86_64, r-oldrel-windows-ix86+x86_64

Version: 2.14
Check: package dependencies
Result: NOTE
    Package suggested but not available for checking: ‘katex’
Flavor: r-release-macos-x86_64