CRAN Package Check Results for Package rmarkdown

Last updated on 2018-09-24 16:51:03 CEST.

Flavor Version Tinstall Tcheck Ttotal Status Flags
r-devel-linux-x86_64-debian-clang 1.10 9.49 48.60 58.09 OK
r-devel-linux-x86_64-debian-gcc 1.10 6.70 40.62 47.32 OK
r-devel-linux-x86_64-fedora-clang 1.10 68.15 NOTE
r-devel-linux-x86_64-fedora-gcc 1.10 67.21 OK
r-devel-windows-ix86+x86_64 1.10 25.00 61.00 86.00 NOTE
r-patched-linux-x86_64 1.10 6.39 47.59 53.98 OK
r-patched-solaris-x86 1.10 92.60 NOTE
r-release-linux-x86_64 1.10 6.61 47.43 54.04 OK
r-release-windows-ix86+x86_64 1.10 15.00 83.00 98.00 NOTE
r-release-osx-x86_64 1.10 NOTE
r-oldrel-windows-ix86+x86_64 1.10 11.00 93.00 104.00 NOTE
r-oldrel-osx-x86_64 1.10 NOTE

Check Details

Version: 1.10
Check: installed package size
Result: NOTE
     installed size is 7.7Mb
     sub-directories of 1Mb or more:
     rmd 6.9Mb
Flavors: r-devel-linux-x86_64-fedora-clang, r-devel-windows-ix86+x86_64, r-patched-solaris-x86, r-release-windows-ix86+x86_64, r-release-osx-x86_64, r-oldrel-windows-ix86+x86_64, r-oldrel-osx-x86_64