CRAN Package Check Results for Package rmcfs

Last updated on 2018-02-20 17:47:58 CET.

Flavor Version Tinstall Tcheck Ttotal Status Flags
r-devel-linux-x86_64-debian-clang 1.2.9 5.75 111.80 117.55 OK
r-devel-linux-x86_64-debian-gcc 1.2.9 4.72 86.14 90.86 OK
r-devel-linux-x86_64-fedora-clang 1.2.9 139.80 OK
r-devel-linux-x86_64-fedora-gcc 1.2.9 137.15 OK
r-devel-windows-ix86+x86_64 1.2.9 11.00 93.00 104.00 OK
r-patched-linux-x86_64 1.2.9 3.47 130.56 134.03 OK
r-patched-solaris-x86 1.2.9 157.50 NOTE
r-release-linux-x86_64 1.2.9 3.83 126.24 130.07 OK
r-release-windows-ix86+x86_64 1.2.9 13.00 129.00 142.00 OK
r-release-osx-x86_64 1.2.9 OK
r-oldrel-windows-ix86+x86_64 1.2.9 15.00 122.00 137.00 OK
r-oldrel-osx-x86_64 1.2.8 OK

Check Details

Version: 1.2.9
Check: installed package size
Result: NOTE
     installed size is 5.2Mb
     sub-directories of 1Mb or more:
     java 4.5Mb
Flavor: r-patched-solaris-x86