CRAN Package Check Results for Package rmcfs

Last updated on 2018-11-17 06:46:56 CET.

Flavor Version Tinstall Tcheck Ttotal Status Flags
r-devel-linux-x86_64-debian-clang 1.2.15 5.45 120.08 125.53 OK
r-devel-linux-x86_64-debian-gcc 1.2.15 5.29 92.58 97.87 OK
r-devel-linux-x86_64-fedora-clang 1.2.15 159.78 OK
r-devel-linux-x86_64-fedora-gcc 1.2.15 151.48 OK
r-devel-windows-ix86+x86_64 1.2.15 18.00 87.00 105.00 OK
r-patched-linux-x86_64 1.2.15 5.66 113.31 118.97 OK
r-patched-solaris-x86 1.2.15 163.10 NOTE
r-release-linux-x86_64 1.2.15 6.88 117.85 124.73 OK
r-release-windows-ix86+x86_64 1.2.15 18.00 90.00 108.00 OK
r-release-osx-x86_64 1.2.15 OK
r-oldrel-windows-ix86+x86_64 1.2.15 15.00 93.00 108.00 OK
r-oldrel-osx-x86_64 1.2.15 OK

Check Details

Version: 1.2.15
Check: installed package size
Result: NOTE
     installed size is 5.2Mb
     sub-directories of 1Mb or more:
     java 4.5Mb
Flavor: r-patched-solaris-x86