CRAN Package Check Results for Package rmcfs

Last updated on 2018-08-19 02:48:01 CEST.

Flavor Version Tinstall Tcheck Ttotal Status Flags
r-devel-linux-x86_64-debian-clang 1.2.14 6.86 139.27 146.13 OK
r-devel-linux-x86_64-debian-gcc 1.2.14 5.50 105.64 111.14 OK
r-devel-linux-x86_64-fedora-clang 1.2.14 159.70 OK
r-devel-linux-x86_64-fedora-gcc 1.2.14 151.57 OK
r-devel-windows-ix86+x86_64 1.2.14 20.00 137.00 157.00 OK
r-patched-linux-x86_64 1.2.14 4.65 125.23 129.88 OK
r-patched-solaris-x86 1.2.14 161.80 NOTE
r-release-linux-x86_64 1.2.14 4.50 124.34 128.84 OK
r-release-windows-ix86+x86_64 1.2.14 16.00 85.00 101.00 OK
r-release-osx-x86_64 1.2.14 OK
r-oldrel-windows-ix86+x86_64 1.2.14 10.00 87.00 97.00 OK
r-oldrel-osx-x86_64 1.2.14 OK

Check Details

Version: 1.2.14
Check: installed package size
Result: NOTE
     installed size is 5.2Mb
     sub-directories of 1Mb or more:
     java 4.5Mb
Flavor: r-patched-solaris-x86