CRAN Package Check Results for Package rmcfs

Last updated on 2019-02-16 13:46:35 CET.

Flavor Version Tinstall Tcheck Ttotal Status Flags
r-devel-linux-x86_64-debian-clang 1.2.15 6.24 119.35 125.59 OK
r-devel-linux-x86_64-debian-gcc 1.2.15 4.58 95.32 99.90 OK
r-devel-linux-x86_64-fedora-clang 1.2.15 153.45 OK
r-devel-linux-x86_64-fedora-gcc 1.2.15 146.21 OK
r-devel-windows-ix86+x86_64 1.2.15 19.00 120.00 139.00 OK
r-patched-linux-x86_64 1.2.15 5.09 114.54 119.63 OK
r-patched-solaris-x86 1.2.15 159.00 NOTE
r-release-linux-x86_64 1.2.15 OK
r-release-windows-ix86+x86_64 1.2.15 12.00 127.00 139.00 OK
r-release-osx-x86_64 1.2.15 OK
r-oldrel-windows-ix86+x86_64 1.2.15 19.00 151.00 170.00 OK
r-oldrel-osx-x86_64 1.2.15 OK

Check Details

Version: 1.2.15
Check: installed package size
Result: NOTE
     installed size is 5.2Mb
     sub-directories of 1Mb or more:
     java 4.5Mb
Flavor: r-patched-solaris-x86