CRAN Package Check Results for Package rmcfs

Last updated on 2018-05-25 16:48:41 CEST.

Flavor Version Tinstall Tcheck Ttotal Status Flags
r-devel-linux-x86_64-debian-clang 1.2.11 5.92 136.78 142.70 OK
r-devel-linux-x86_64-debian-gcc 1.2.11 6.03 106.67 112.70 OK
r-devel-linux-x86_64-fedora-clang 1.2.11 153.20 OK
r-devel-linux-x86_64-fedora-gcc 1.2.11 152.86 OK
r-devel-windows-ix86+x86_64 1.2.11 11.00 105.00 116.00 OK
r-patched-linux-x86_64 1.2.11 6.61 125.83 132.44 OK
r-patched-solaris-x86 1.2.11 159.10 NOTE
r-release-linux-x86_64 1.2.11 4.76 127.57 132.33 OK
r-release-windows-ix86+x86_64 1.2.11 15.00 137.00 152.00 OK
r-release-osx-x86_64 1.2.11 OK
r-oldrel-windows-ix86+x86_64 1.2.11 13.00 99.00 112.00 OK
r-oldrel-osx-x86_64 1.2.10 OK

Check Details

Version: 1.2.11
Check: installed package size
Result: NOTE
     installed size is 5.3Mb
     sub-directories of 1Mb or more:
     java 4.5Mb
Flavor: r-patched-solaris-x86