CRAN Package Check Results for Package rmdformats

Last updated on 2021-05-09 18:46:56 CEST.

Flavor Version Tinstall Tcheck Ttotal Status Flags
r-devel-linux-x86_64-debian-clang 1.0.2 3.49 30.58 34.07 OK
r-devel-linux-x86_64-debian-gcc 1.0.2 2.47 24.52 26.99 OK
r-devel-linux-x86_64-fedora-clang 1.0.2 53.20 OK
r-devel-linux-x86_64-fedora-gcc 1.0.2 40.45 OK
r-devel-windows-ix86+x86_64 1.0.2 6.00 46.00 52.00 OK
r-devel-windows-x86_64-gcc10-UCRT 1.0.2 OK
r-patched-linux-x86_64 1.0.2 3.50 29.84 33.34 OK
r-patched-solaris-x86 1.0.2 66.40 NOTE
r-release-linux-x86_64 1.0.2 3.45 29.64 33.09 OK
r-release-macos-x86_64 1.0.2 OK
r-release-windows-ix86+x86_64 1.0.2 5.00 39.00 44.00 OK
r-oldrel-macos-x86_64 1.0.2 OK
r-oldrel-windows-ix86+x86_64 1.0.2 8.00 45.00 53.00 OK

Check Details

Version: 1.0.2
Check: installed package size
Result: NOTE
     installed size is 5.9Mb
     sub-directories of 1Mb or more:
     templates 5.4Mb
Flavor: r-patched-solaris-x86