CRAN Package Check Results for Package rmdplugr

Last updated on 2021-05-08 11:50:38 CEST.

Flavor Version Tinstall Tcheck Ttotal Status Flags
r-devel-linux-x86_64-debian-clang 0.4.1 2.20 31.80 34.00 NOTE
r-devel-linux-x86_64-debian-gcc 0.4.1 1.84 25.17 27.01 NOTE
r-devel-linux-x86_64-fedora-clang 0.4.1 51.19 NOTE
r-devel-linux-x86_64-fedora-gcc 0.4.1 41.81 NOTE
r-devel-windows-ix86+x86_64 0.4.1 5.00 55.00 60.00 NOTE
r-devel-windows-x86_64-gcc10-UCRT 0.4.1 NOTE
r-patched-linux-x86_64 0.4.1 2.41 31.06 33.47 NOTE
r-patched-solaris-x86 0.4.1 55.20 OK
r-release-linux-x86_64 0.4.1 2.51 30.92 33.43 OK
r-release-macos-x86_64 0.4.1 OK
r-release-windows-ix86+x86_64 0.4.1 6.00 42.00 48.00 OK
r-oldrel-macos-x86_64 0.4.1 OK
r-oldrel-windows-ix86+x86_64 0.4.1 4.00 49.00 53.00 OK

Check Details

Version: 0.4.1
Check: LazyData
Result: NOTE
     'LazyData' is specified without a 'data' directory
Flavors: r-devel-linux-x86_64-debian-clang, r-devel-linux-x86_64-debian-gcc, r-devel-linux-x86_64-fedora-clang, r-devel-linux-x86_64-fedora-gcc, r-devel-windows-ix86+x86_64, r-devel-windows-x86_64-gcc10-UCRT, r-patched-linux-x86_64