CRAN Package Check Results for Package rmgarch

Last updated on 2022-05-21 16:49:12 CEST.

Flavor Version Tinstall Tcheck Ttotal Status Flags
r-devel-linux-x86_64-debian-clang 1.3-9 161.65 293.13 454.78 OK
r-devel-linux-x86_64-debian-gcc 1.3-9 127.20 213.09 340.29 OK
r-devel-linux-x86_64-fedora-clang 1.3-9 603.75 NOTE
r-devel-linux-x86_64-fedora-gcc 1.3-9 546.86 OK
r-devel-windows-x86_64 1.3-9 195.00 318.00 513.00 OK
r-patched-linux-x86_64 1.3-9 123.74 277.35 401.09 OK
r-release-linux-x86_64 1.3-9 139.09 274.33 413.42 OK
r-release-macos-arm64 1.3-9 123.00 NOTE
r-release-macos-x86_64 1.3-9 216.00 NOTE
r-release-windows-x86_64 1.3-9 181.00 321.00 502.00 OK
r-oldrel-macos-arm64 1.3-9 100.00 NOTE
r-oldrel-macos-x86_64 1.3-9 155.00 NOTE
r-oldrel-windows-ix86+x86_64 1.3-9 323.00 342.00 665.00 NOTE

Check Details

Version: 1.3-9
Check: installed package size
Result: NOTE
     installed size is 7.5Mb
     sub-directories of 1Mb or more:
     R 2.1Mb
     libs 4.4Mb
Flavors: r-devel-linux-x86_64-fedora-clang, r-release-macos-arm64, r-release-macos-x86_64, r-oldrel-macos-arm64, r-oldrel-macos-x86_64, r-oldrel-windows-ix86+x86_64