CRAN Package Check Results for Package rmonad

Last updated on 2018-02-23 20:48:57 CET.

Flavor Version Tinstall Tcheck Ttotal Status Flags
r-devel-linux-x86_64-debian-clang 0.4.0 2.72 46.56 49.28 ERROR
r-devel-linux-x86_64-debian-gcc 0.4.0 2.31 36.73 39.04 ERROR
r-devel-linux-x86_64-fedora-clang 0.4.0 59.47 ERROR
r-devel-linux-x86_64-fedora-gcc 0.4.0 56.36 ERROR
r-devel-windows-ix86+x86_64 0.4.0 8.00 81.00 89.00 ERROR
r-patched-linux-x86_64 0.4.0 1.16 56.39 57.55 ERROR
r-patched-solaris-x86 0.4.0 71.60 ERROR
r-release-linux-x86_64 0.4.0 1.53 58.59 60.12 ERROR
r-release-windows-ix86+x86_64 0.4.0 5.00 85.00 90.00 ERROR
r-release-osx-x86_64 0.4.0 OK
r-oldrel-windows-ix86+x86_64 0.4.0 4.00 59.00 63.00 OK
r-oldrel-osx-x86_64 0.4.0 OK

Check Details

Version: 0.4.0
Check: tests
Result: ERROR
     Running ‘testthat.R’ [10s/12s]
    Running the tests in ‘tests/testthat.R’ failed.
    Complete output:
     > library(testthat)
     > library(rmonad)
     >
     > test_check("rmonad")
     ── 1. Error: %>>% and esc work (simple) (@test-binops.R#4) ────────────────────
     bad value
     1: expect_equal(1 %>>% *2 %>% esc, 2) at testthat/test-binops.R:4
     2: quasi_label(enquo(object), label)
     3: force(quo)
     4: enquo(object)
    
     ── 2. Error: %>>% chaining works (@test-binops.R#20) ──────────────────────────
     bad value
     1: expect_equal(1 %>>% *2 %>>% *4 %>>% *3 %>% esc, 24) at testthat/test-binops.R:20
     2: quasi_label(enquo(object), label)
     3: force(quo)
     4: enquo(object)
    
     ── 3. Error: last passing value propagate (@test-binops.R#30) ─────────────────
     bad value
     1: expect_equal(1 %>>% *2 %>>% *"4" %>>% *3 %>% .single_value, 2) at testthat/test-binops.R:30
     2: quasi_label(enquo(object), label)
     3: force(quo)
     4: enquo(object)
    
     ── 4. Error: output toss works %>_% (@test-binops.R#70) ───────────────────────
     bad value
     1: expect_equal(1 %>_% *3 %>>% *2 %>% get_code, list("1", "*3", "*2")) at testthat/test-binops.R:70
     2: quasi_label(enquo(object), label)
     3: force(quo)
     4: enquo(object)
    
     ── 5. Error: branching works %>^% (@test-branch.R#25) ─────────────────────────
     bad value
     1: expect_equal(16 %>^% sqrt %>^% *2 %>% get_value, list(16, 4, 32)) at testthat/test-branch.R:25
     2: quasi_label(enquo(object), label)
     3: force(quo)
     4: enquo(object)
    
     ── 6. Error: as_monad handles docstrings (@test-nse.R#102) ────────────────────
     bad value
     1: expect_equal(as_monad({
     "asdf"
     5
     }) %>>% *6 %>% esc, 30) at testthat/test-nse.R:102
     2: quasi_label(enquo(object), label)
     3: force(quo)
     4: enquo(object)
    
     ══ testthat results ═══════════════════════════════════════════════════════════
     OK: 276 SKIPPED: 0 FAILED: 6
     1. Error: %>>% and esc work (simple) (@test-binops.R#4)
     2. Error: %>>% chaining works (@test-binops.R#20)
     3. Error: last passing value propagate (@test-binops.R#30)
     4. Error: output toss works %>_% (@test-binops.R#70)
     5. Error: branching works %>^% (@test-branch.R#25)
     6. Error: as_monad handles docstrings (@test-nse.R#102)
    
     Error: testthat unit tests failed
     Execution halted
Flavor: r-devel-linux-x86_64-debian-clang

Version: 0.4.0
Check: tests
Result: ERROR
     Running ‘testthat.R’ [8s/11s]
    Running the tests in ‘tests/testthat.R’ failed.
    Complete output:
     > library(testthat)
     > library(rmonad)
     >
     > test_check("rmonad")
     ── 1. Error: %>>% and esc work (simple) (@test-binops.R#4) ────────────────────
     bad value
     1: expect_equal(1 %>>% *2 %>% esc, 2) at testthat/test-binops.R:4
     2: quasi_label(enquo(object), label)
     3: force(quo)
     4: enquo(object)
    
     ── 2. Error: %>>% chaining works (@test-binops.R#20) ──────────────────────────
     bad value
     1: expect_equal(1 %>>% *2 %>>% *4 %>>% *3 %>% esc, 24) at testthat/test-binops.R:20
     2: quasi_label(enquo(object), label)
     3: force(quo)
     4: enquo(object)
    
     ── 3. Error: last passing value propagate (@test-binops.R#30) ─────────────────
     bad value
     1: expect_equal(1 %>>% *2 %>>% *"4" %>>% *3 %>% .single_value, 2) at testthat/test-binops.R:30
     2: quasi_label(enquo(object), label)
     3: force(quo)
     4: enquo(object)
    
     ── 4. Error: output toss works %>_% (@test-binops.R#70) ───────────────────────
     bad value
     1: expect_equal(1 %>_% *3 %>>% *2 %>% get_code, list("1", "*3", "*2")) at testthat/test-binops.R:70
     2: quasi_label(enquo(object), label)
     3: force(quo)
     4: enquo(object)
    
     ── 5. Error: branching works %>^% (@test-branch.R#25) ─────────────────────────
     bad value
     1: expect_equal(16 %>^% sqrt %>^% *2 %>% get_value, list(16, 4, 32)) at testthat/test-branch.R:25
     2: quasi_label(enquo(object), label)
     3: force(quo)
     4: enquo(object)
    
     ── 6. Error: as_monad handles docstrings (@test-nse.R#102) ────────────────────
     bad value
     1: expect_equal(as_monad({
     "asdf"
     5
     }) %>>% *6 %>% esc, 30) at testthat/test-nse.R:102
     2: quasi_label(enquo(object), label)
     3: force(quo)
     4: enquo(object)
    
     ══ testthat results ═══════════════════════════════════════════════════════════
     OK: 276 SKIPPED: 0 FAILED: 6
     1. Error: %>>% and esc work (simple) (@test-binops.R#4)
     2. Error: %>>% chaining works (@test-binops.R#20)
     3. Error: last passing value propagate (@test-binops.R#30)
     4. Error: output toss works %>_% (@test-binops.R#70)
     5. Error: branching works %>^% (@test-branch.R#25)
     6. Error: as_monad handles docstrings (@test-nse.R#102)
    
     Error: testthat unit tests failed
     Execution halted
Flavor: r-devel-linux-x86_64-debian-gcc

Version: 0.4.0
Check: tests
Result: ERROR
     Running ‘testthat.R’ [12s/15s]
    Running the tests in ‘tests/testthat.R’ failed.
    Complete output:
     > library(testthat)
     > library(rmonad)
     >
     > test_check("rmonad")
     ── 1. Error: %>>% and esc work (simple) (@test-binops.R#4) ────────────────────
     bad value
     1: expect_equal(1 %>>% *2 %>% esc, 2) at testthat/test-binops.R:4
     2: quasi_label(enquo(object), label)
     3: force(quo)
     4: enquo(object)
    
     ── 2. Error: %>>% chaining works (@test-binops.R#20) ──────────────────────────
     bad value
     1: expect_equal(1 %>>% *2 %>>% *4 %>>% *3 %>% esc, 24) at testthat/test-binops.R:20
     2: quasi_label(enquo(object), label)
     3: force(quo)
     4: enquo(object)
    
     ── 3. Error: last passing value propagate (@test-binops.R#30) ─────────────────
     bad value
     1: expect_equal(1 %>>% *2 %>>% *"4" %>>% *3 %>% .single_value, 2) at testthat/test-binops.R:30
     2: quasi_label(enquo(object), label)
     3: force(quo)
     4: enquo(object)
    
     ── 4. Error: output toss works %>_% (@test-binops.R#70) ───────────────────────
     bad value
     1: expect_equal(1 %>_% *3 %>>% *2 %>% get_code, list("1", "*3", "*2")) at testthat/test-binops.R:70
     2: quasi_label(enquo(object), label)
     3: force(quo)
     4: enquo(object)
    
     ── 5. Error: branching works %>^% (@test-branch.R#25) ─────────────────────────
     bad value
     1: expect_equal(16 %>^% sqrt %>^% *2 %>% get_value, list(16, 4, 32)) at testthat/test-branch.R:25
     2: quasi_label(enquo(object), label)
     3: force(quo)
     4: enquo(object)
    
     ── 6. Error: as_monad handles docstrings (@test-nse.R#102) ────────────────────
     bad value
     1: expect_equal(as_monad({
     "asdf"
     5
     }) %>>% *6 %>% esc, 30) at testthat/test-nse.R:102
     2: quasi_label(enquo(object), label)
     3: force(quo)
     4: enquo(object)
    
     ══ testthat results ═══════════════════════════════════════════════════════════
     OK: 276 SKIPPED: 0 FAILED: 6
     1. Error: %>>% and esc work (simple) (@test-binops.R#4)
     2. Error: %>>% chaining works (@test-binops.R#20)
     3. Error: last passing value propagate (@test-binops.R#30)
     4. Error: output toss works %>_% (@test-binops.R#70)
     5. Error: branching works %>^% (@test-branch.R#25)
     6. Error: as_monad handles docstrings (@test-nse.R#102)
    
     Error: testthat unit tests failed
     Execution halted
Flavors: r-devel-linux-x86_64-fedora-clang, r-devel-linux-x86_64-fedora-gcc, r-patched-linux-x86_64

Version: 0.4.0
Check: tests
Result: ERROR
     Running 'testthat.R' [11s]
    Running the tests in 'tests/testthat.R' failed.
    Last 13 lines of output:
     2: quasi_label(enquo(object), label)
     3: force(quo)
     4: enquo(object)
    
     == testthat results ===========================================================
     OK: 276 SKIPPED: 0 FAILED: 6
     1. Error: %>>% and esc work (simple) (@test-binops.R#4)
     2. Error: %>>% chaining works (@test-binops.R#20)
     3. Error: last passing value propagate (@test-binops.R#30)
     4. Error: output toss works %>_% (@test-binops.R#70)
     5. Error: branching works %>^% (@test-branch.R#25)
     6. Error: as_monad handles docstrings (@test-nse.R#102)
    
     Error: testthat unit tests failed
     Execution halted
Flavor: r-devel-windows-ix86+x86_64

Version: 0.4.0
Check: tests
Result: ERROR
     Running ‘testthat.R’ [14s/14s]
    Running the tests in ‘tests/testthat.R’ failed.
    Complete output:
     > library(testthat)
     > library(rmonad)
     >
     > test_check("rmonad")
     ── 1. Error: %>>% and esc work (simple) (@test-binops.R#4) ────────────────────
     bad value
     1: expect_equal(1 %>>% *2 %>% esc, 2) at testthat/test-binops.R:4
     2: quasi_label(enquo(object), label)
     3: force(quo)
     4: enquo(object)
    
     ── 2. Error: %>>% chaining works (@test-binops.R#20) ──────────────────────────
     bad value
     1: expect_equal(1 %>>% *2 %>>% *4 %>>% *3 %>% esc, 24) at testthat/test-binops.R:20
     2: quasi_label(enquo(object), label)
     3: force(quo)
     4: enquo(object)
    
     ── 3. Error: last passing value propagate (@test-binops.R#30) ─────────────────
     bad value
     1: expect_equal(1 %>>% *2 %>>% *"4" %>>% *3 %>% .single_value, 2) at testthat/test-binops.R:30
     2: quasi_label(enquo(object), label)
     3: force(quo)
     4: enquo(object)
    
     ── 4. Error: output toss works %>_% (@test-binops.R#70) ───────────────────────
     bad value
     1: expect_equal(1 %>_% *3 %>>% *2 %>% get_code, list("1", "*3", "*2")) at testthat/test-binops.R:70
     2: quasi_label(enquo(object), label)
     3: force(quo)
     4: enquo(object)
    
     ── 5. Error: branching works %>^% (@test-branch.R#25) ─────────────────────────
     bad value
     1: expect_equal(16 %>^% sqrt %>^% *2 %>% get_value, list(16, 4, 32)) at testthat/test-branch.R:25
     2: quasi_label(enquo(object), label)
     3: force(quo)
     4: enquo(object)
    
     ── 6. Error: as_monad handles docstrings (@test-nse.R#102) ────────────────────
     bad value
     1: expect_equal(as_monad({
     "asdf"
     5
     }) %>>% *6 %>% esc, 30) at testthat/test-nse.R:102
     2: quasi_label(enquo(object), label)
     3: force(quo)
     4: enquo(object)
    
     ══ testthat results ═══════════════════════════════════════════════════════════
     OK: 276 SKIPPED: 0 FAILED: 6
     1. Error: %>>% and esc work (simple) (@test-binops.R#4)
     2. Error: %>>% chaining works (@test-binops.R#20)
     3. Error: last passing value propagate (@test-binops.R#30)
     4. Error: output toss works %>_% (@test-binops.R#70)
     5. Error: branching works %>^% (@test-branch.R#25)
     6. Error: as_monad handles docstrings (@test-nse.R#102)
    
     Error: testthat unit tests failed
     Execution halted
Flavor: r-patched-solaris-x86

Version: 0.4.0
Check: tests
Result: ERROR
     Running ‘testthat.R’ [14s/17s]
    Running the tests in ‘tests/testthat.R’ failed.
    Complete output:
     > library(testthat)
     > library(rmonad)
     >
     > test_check("rmonad")
     ── 1. Error: %>>% and esc work (simple) (@test-binops.R#4) ────────────────────
     bad value
     1: expect_equal(1 %>>% *2 %>% esc, 2) at testthat/test-binops.R:4
     2: quasi_label(enquo(object), label)
     3: force(quo)
     4: enquo(object)
    
     ── 2. Error: %>>% chaining works (@test-binops.R#20) ──────────────────────────
     bad value
     1: expect_equal(1 %>>% *2 %>>% *4 %>>% *3 %>% esc, 24) at testthat/test-binops.R:20
     2: quasi_label(enquo(object), label)
     3: force(quo)
     4: enquo(object)
    
     ── 3. Error: last passing value propagate (@test-binops.R#30) ─────────────────
     bad value
     1: expect_equal(1 %>>% *2 %>>% *"4" %>>% *3 %>% .single_value, 2) at testthat/test-binops.R:30
     2: quasi_label(enquo(object), label)
     3: force(quo)
     4: enquo(object)
    
     ── 4. Error: output toss works %>_% (@test-binops.R#70) ───────────────────────
     bad value
     1: expect_equal(1 %>_% *3 %>>% *2 %>% get_code, list("1", "*3", "*2")) at testthat/test-binops.R:70
     2: quasi_label(enquo(object), label)
     3: force(quo)
     4: enquo(object)
    
     ── 5. Error: branching works %>^% (@test-branch.R#25) ─────────────────────────
     bad value
     1: expect_equal(16 %>^% sqrt %>^% *2 %>% get_value, list(16, 4, 32)) at testthat/test-branch.R:25
     2: quasi_label(enquo(object), label)
     3: force(quo)
     4: enquo(object)
    
     ── 6. Error: as_monad handles docstrings (@test-nse.R#102) ────────────────────
     bad value
     1: expect_equal(as_monad({
     "asdf"
     5
     }) %>>% *6 %>% esc, 30) at testthat/test-nse.R:102
     2: quasi_label(enquo(object), label)
     3: force(quo)
     4: enquo(object)
    
     ══ testthat results ═══════════════════════════════════════════════════════════
     OK: 276 SKIPPED: 0 FAILED: 6
     1. Error: %>>% and esc work (simple) (@test-binops.R#4)
     2. Error: %>>% chaining works (@test-binops.R#20)
     3. Error: last passing value propagate (@test-binops.R#30)
     4. Error: output toss works %>_% (@test-binops.R#70)
     5. Error: branching works %>^% (@test-branch.R#25)
     6. Error: as_monad handles docstrings (@test-nse.R#102)
    
     Error: testthat unit tests failed
     Execution halted
Flavor: r-release-linux-x86_64

Version: 0.4.0
Check: tests
Result: ERROR
     Running 'testthat.R' [15s]
    Running the tests in 'tests/testthat.R' failed.
    Last 13 lines of output:
     2: quasi_label(enquo(object), label)
     3: force(quo)
     4: enquo(object)
    
     == testthat results ===========================================================
     OK: 276 SKIPPED: 0 FAILED: 6
     1. Error: %>>% and esc work (simple) (@test-binops.R#4)
     2. Error: %>>% chaining works (@test-binops.R#20)
     3. Error: last passing value propagate (@test-binops.R#30)
     4. Error: output toss works %>_% (@test-binops.R#70)
     5. Error: branching works %>^% (@test-branch.R#25)
     6. Error: as_monad handles docstrings (@test-nse.R#102)
    
     Error: testthat unit tests failed
     Execution halted
Flavor: r-release-windows-ix86+x86_64