CRAN Package Check Results for Package rms

Last updated on 2018-12-18 14:47:36 CET.

Flavor Version Tinstall Tcheck Ttotal Status Flags
r-devel-linux-x86_64-debian-clang 5.1-2 30.81 229.38 260.19 OK
r-devel-linux-x86_64-debian-gcc 5.1-2 26.67 169.30 195.97 OK
r-devel-linux-x86_64-fedora-clang 5.1-2 298.65 OK
r-devel-linux-x86_64-fedora-gcc 5.1-2 282.83 OK
r-devel-windows-ix86+x86_64 5.1-2 71.00 374.00 445.00 WARN
r-patched-linux-x86_64 5.1-2 27.01 213.41 240.42 OK
r-patched-solaris-x86 5.1-2 350.20 OK
r-release-linux-x86_64 5.1-2 24.46 210.87 235.33 OK
r-release-windows-ix86+x86_64 5.1-2 73.00 368.00 441.00 OK
r-release-osx-x86_64 5.1-2 OK
r-oldrel-windows-ix86+x86_64 5.1-2 38.00 443.00 481.00 WARN
r-oldrel-osx-x86_64 5.1-2 OK

Check Details

Version: 5.1-2
Check: whether package can be installed
Result: WARN
    Found the following significant warnings:
     Warning: S3 methods '[.fun_list', '[.grouped_df', 'all.equal.tbl_df', 'anti_join.data.frame', 'anti_join.tbl_df', 'arrange.data.frame', 'arrange.default', 'arrange.grouped_df', 'arrange.tbl_df', 'arrange_.data.frame', 'arrange_.tbl_df', 'as.data.frame.grouped_df', 'as.data.frame.rowwise_df', 'as.data.frame.tbl_cube', 'as.table.tbl_cube', 'as.tbl.data.frame', 'as.tbl.tbl', 'as.tbl_cube.array', 'as.tbl_cube.data.frame', 'as.tbl_cube.matrix', 'as.tbl_cube.table', 'as_tibble.grouped_df', 'as_tibble.tbl_cube', 'auto_copy.tbl_cube', 'auto_copy.tbl_df', 'cbind.grouped_df', 'collapse.data.frame', 'collect.data.frame', 'common_by.NULL', 'common_by.character', 'common_by.default', 'common_by.list', 'compute.data.frame', 'copy_to.DBIConnection', 'copy_to.src_local', 'default_missing.data.frame', 'default_missing.default', 'dim.tbl_cube', 'distinct.data.frame', 'distinct.default', 'distinct.grouped_df', 'distinct.tbl_df', 'distinct_.data.frame', 'distinct_.grouped_df', 'distinct_.tbl_df', 'do.NULL', 'do.da [... truncated]
Flavors: r-devel-windows-ix86+x86_64, r-oldrel-windows-ix86+x86_64