CRAN Package Check Results for Package rms

Last updated on 2020-12-04 02:51:48 CET.

Flavor Version Tinstall Tcheck Ttotal Status Flags
r-devel-linux-x86_64-debian-clang 6.1-0 39.80 271.07 310.87 OK
r-devel-linux-x86_64-debian-gcc 6.1-0 34.22 203.68 237.90 OK
r-devel-linux-x86_64-fedora-clang 6.1-0 386.71 OK
r-devel-linux-x86_64-fedora-gcc 6.1-0 389.33 OK
r-devel-windows-ix86+x86_64 6.1-0 78.00 384.00 462.00 OK
r-patched-linux-x86_64 6.1-0 29.17 249.97 279.14 OK
r-patched-solaris-x86 6.1-0 442.10 OK
r-release-linux-x86_64 6.1-0 28.52 249.28 277.80 OK
r-release-macos-x86_64 6.1-0 OK
r-release-windows-ix86+x86_64 6.1-0 57.00 274.00 331.00 OK
r-oldrel-macos-x86_64 6.1-0 NOTE
r-oldrel-windows-ix86+x86_64 6.1-0 61.00 380.00 441.00 OK

Check Details

Version: 6.1-0
Check: dependencies in R code
Result: NOTE
    No protocol specified
    No protocol specified
Flavor: r-oldrel-macos-x86_64