CRAN Package Check Results for Package rms

Last updated on 2018-09-24 16:51:04 CEST.

Flavor Version Tinstall Tcheck Ttotal Status Flags
r-devel-linux-x86_64-debian-clang 5.1-2 31.08 227.24 258.32 OK
r-devel-linux-x86_64-debian-gcc 5.1-2 25.32 176.48 201.80 OK
r-devel-linux-x86_64-fedora-clang 5.1-2 310.31 OK
r-devel-linux-x86_64-fedora-gcc 5.1-2 307.71 OK
r-devel-windows-ix86+x86_64 5.1-2 69.00 301.00 370.00 WARN
r-patched-linux-x86_64 5.1-2 21.83 209.73 231.56 OK
r-patched-solaris-x86 5.1-2 375.60 OK
r-release-linux-x86_64 5.1-2 28.10 212.36 240.46 OK
r-release-windows-ix86+x86_64 5.1-2 62.00 356.00 418.00 OK
r-release-osx-x86_64 5.1-2 OK
r-oldrel-windows-ix86+x86_64 5.1-2 27.00 430.00 457.00 OK
r-oldrel-osx-x86_64 5.1-2 OK

Check Details

Version: 5.1-2
Check: whether package can be installed
Result: WARN
    Found the following significant warnings:
     Warning: S3 methods '[.fun_list', '[.grouped_df', 'all.equal.tbl_df', 'anti_join.data.frame', 'anti_join.tbl_df', 'arrange.data.frame', 'arrange.default', 'arrange.grouped_df', 'arrange.tbl_df', 'arrange_.data.frame', 'arrange_.tbl_df', 'as.data.frame.grouped_df', 'as.data.frame.rowwise_df', 'as.data.frame.tbl_cube', 'as.data.frame.tbl_df', 'as.table.tbl_cube', 'as.tbl.data.frame', 'as.tbl.tbl', 'as.tbl_cube.array', 'as.tbl_cube.data.frame', 'as.tbl_cube.matrix', 'as.tbl_cube.table', 'as_data_frame.grouped_df', 'as_data_frame.tbl_cube', 'auto_copy.tbl_cube', 'auto_copy.tbl_df', 'cbind.grouped_df', 'collapse.data.frame', 'collect.data.frame', 'common_by.NULL', 'common_by.character', 'common_by.default', 'common_by.list', 'compute.data.frame', 'copy_to.DBIConnection', 'copy_to.src_local', 'default_missing.data.frame', 'default_missing.default', 'dim.tbl_cube', 'distinct.data.frame', 'distinct.default', 'distinct.grouped_df', 'distinct.tbl_df', 'distinct_.data.frame', 'distinct_.grouped_df', 'dist [... truncated]
Flavor: r-devel-windows-ix86+x86_64