Last updated on 2022-08-12 05:52:57 CEST.
Flavor | Version | Tinstall | Tcheck | Ttotal | Status | Flags |
---|---|---|---|---|---|---|
r-devel-linux-x86_64-debian-clang | 1.0.0.1 | 5.71 | 56.10 | 61.81 | NOTE | |
r-devel-linux-x86_64-debian-gcc | 1.0.0.1 | 4.98 | 42.04 | 47.02 | NOTE | |
r-devel-linux-x86_64-fedora-clang | 1.0.0.1 | 87.28 | NOTE | |||
r-devel-linux-x86_64-fedora-gcc | 1.0.0.1 | 82.65 | NOTE | |||
r-devel-windows-x86_64 | 1.0.0.1 | 13.00 | 82.00 | 95.00 | NOTE | |
r-patched-linux-x86_64 | 1.0.0.1 | 5.19 | 53.44 | 58.63 | NOTE | |
r-release-linux-x86_64 | 1.0.0.1 | 4.59 | 52.89 | 57.48 | NOTE | |
r-release-macos-arm64 | 1.0.0.1 | 23.00 | NOTE | |||
r-release-macos-x86_64 | 1.0.0.1 | 48.00 | NOTE | |||
r-release-windows-x86_64 | 1.0.0.1 | 14.00 | 81.00 | 95.00 | NOTE | |
r-oldrel-macos-arm64 | 1.0.0.1 | 26.00 | NOTE | |||
r-oldrel-macos-x86_64 | 1.0.0.1 | 32.00 | NOTE | |||
r-oldrel-windows-ix86+x86_64 | 1.0.0.1 | 15.00 | 76.00 | 91.00 | NOTE |
Version: 1.0.0.1
Check: LazyData
Result: NOTE
'LazyData' is specified without a 'data' directory
Flavors: r-devel-linux-x86_64-debian-clang, r-devel-linux-x86_64-debian-gcc, r-devel-linux-x86_64-fedora-clang, r-devel-linux-x86_64-fedora-gcc, r-devel-windows-x86_64, r-patched-linux-x86_64, r-release-linux-x86_64, r-release-macos-arm64, r-release-macos-x86_64, r-release-windows-x86_64, r-oldrel-macos-arm64, r-oldrel-macos-x86_64, r-oldrel-windows-ix86+x86_64