CRAN Package Check Results for Package rnaturalearth

Last updated on 2024-02-24 06:50:48 CET.

Flavor Version Tinstall Tcheck Ttotal Status Flags
r-devel-linux-x86_64-debian-clang 1.0.1 21.78 279.35 301.13 NOTE
r-devel-linux-x86_64-debian-gcc 1.0.1 21.75 203.72 225.47 NOTE
r-devel-linux-x86_64-fedora-clang 1.0.1 393.14 NOTE
r-devel-linux-x86_64-fedora-gcc 1.0.1 387.86 NOTE
r-devel-windows-x86_64 1.0.1 22.00 178.00 200.00 NOTE
r-patched-linux-x86_64 1.0.1 27.24 267.29 294.53 NOTE
r-release-linux-x86_64 1.0.1 22.89 264.85 287.74 NOTE
r-release-macos-arm64 1.0.1 96.00 NOTE
r-release-macos-x86_64 1.0.1 193.00 NOTE
r-release-windows-x86_64 1.0.1 29.00 229.00 258.00 NOTE
r-oldrel-macos-arm64 1.0.1 93.00 NOTE
r-oldrel-windows-x86_64 1.0.1 29.00 229.00 258.00 NOTE

Check Details

Version: 1.0.1
Check: package dependencies
Result: NOTE Package suggested but not available for checking: ‘rnaturalearthhires’ Flavors: r-devel-linux-x86_64-debian-clang, r-devel-linux-x86_64-debian-gcc, r-devel-linux-x86_64-fedora-clang, r-devel-linux-x86_64-fedora-gcc, r-devel-windows-x86_64, r-patched-linux-x86_64, r-release-linux-x86_64, r-release-macos-arm64, r-release-macos-x86_64, r-release-windows-x86_64, r-oldrel-macos-arm64, r-oldrel-windows-x86_64

Version: 1.0.1
Check: Rd cross-references
Result: NOTE Undeclared package ‘raster’ in Rd xrefs Flavor: r-devel-linux-x86_64-fedora-clang

Version: 1.0.1
Check: data for non-ASCII characters
Result: NOTE Note: found 2800 marked UTF-8 strings Flavors: r-devel-linux-x86_64-fedora-clang, r-devel-linux-x86_64-fedora-gcc