CRAN Package Check Results for Package rncl

Last updated on 2018-11-21 11:48:06 CET.

Flavor Version Tinstall Tcheck Ttotal Status Flags
r-devel-linux-x86_64-debian-clang 0.8.3 153.57 25.59 179.16 OK
r-devel-linux-x86_64-debian-gcc 0.8.3 155.38 20.95 176.33 WARN
r-devel-linux-x86_64-fedora-clang 0.8.3 302.84 NOTE
r-devel-linux-x86_64-fedora-gcc 0.8.3 275.83 WARN
r-devel-windows-ix86+x86_64 0.8.3 342.00 66.00 408.00 OK
r-patched-linux-x86_64 0.8.3 190.46 24.04 214.50 OK
r-patched-solaris-x86 0.8.3 219.70 OK
r-release-linux-x86_64 0.8.3 187.45 24.39 211.84 OK
r-release-windows-ix86+x86_64 0.8.3 263.00 92.00 355.00 OK
r-release-osx-x86_64 0.8.3 NOTE
r-oldrel-windows-ix86+x86_64 0.8.3 328.00 89.00 417.00 OK
r-oldrel-osx-x86_64 0.8.3 NOTE

Check Details

Version: 0.8.3
Check: whether package can be installed
Result: WARN
    Found the following significant warnings:
     nxsreader.cpp:659:22: warning: catching polymorphic type ‘class NxsException’ by value [-Wcatch-value=]
     nxsreader.cpp:709:25: warning: catching polymorphic type ‘class NxsException’ by value [-Wcatch-value=]
Flavors: r-devel-linux-x86_64-debian-gcc, r-devel-linux-x86_64-fedora-gcc

Version: 0.8.3
Check: installed package size
Result: NOTE
     installed size is 26.8Mb
     sub-directories of 1Mb or more:
     libs 26.5Mb
Flavors: r-devel-linux-x86_64-fedora-clang, r-release-osx-x86_64, r-oldrel-osx-x86_64