CRAN Package Check Results for Package rncl

Last updated on 2019-02-17 23:52:06 CET.

Flavor Version Tinstall Tcheck Ttotal Status Flags
r-devel-linux-x86_64-debian-clang 0.8.3 141.95 26.04 167.99 OK
r-devel-linux-x86_64-debian-gcc 0.8.3 141.19 21.13 162.32 WARN
r-devel-linux-x86_64-fedora-clang 0.8.3 310.92 NOTE
r-devel-linux-x86_64-fedora-gcc 0.8.3 273.02 WARN
r-devel-windows-ix86+x86_64 0.8.3 321.00 76.00 397.00 OK
r-patched-linux-x86_64 0.8.3 161.73 24.32 186.05 OK
r-patched-solaris-x86 0.8.3 200.10 OK
r-release-linux-x86_64 0.8.3 OK
r-release-windows-ix86+x86_64 0.8.3 251.00 88.00 339.00 OK
r-release-osx-x86_64 0.8.3 NOTE
r-oldrel-windows-ix86+x86_64 0.8.3 264.00 87.00 351.00 OK
r-oldrel-osx-x86_64 0.8.3 NOTE

Check Details

Version: 0.8.3
Check: whether package can be installed
Result: WARN
    Found the following significant warnings:
     nxsreader.cpp:659:22: warning: catching polymorphic type ‘class NxsException’ by value [-Wcatch-value=]
     nxsreader.cpp:709:25: warning: catching polymorphic type ‘class NxsException’ by value [-Wcatch-value=]
Flavors: r-devel-linux-x86_64-debian-gcc, r-devel-linux-x86_64-fedora-gcc

Version: 0.8.3
Check: installed package size
Result: NOTE
     installed size is 20.2Mb
     sub-directories of 1Mb or more:
     libs 20.0Mb
Flavors: r-devel-linux-x86_64-fedora-clang, r-release-osx-x86_64, r-oldrel-osx-x86_64