CRAN Package Check Results for Package rncl

Last updated on 2018-02-25 17:49:06 CET.

Flavor Version Tinstall Tcheck Ttotal Status Flags
r-devel-linux-x86_64-debian-clang 0.8.2 120.49 23.56 144.05 WARN
r-devel-linux-x86_64-debian-gcc 0.8.2 117.06 18.62 135.68 NOTE
r-devel-linux-x86_64-fedora-clang 0.8.2 256.20 WARN
r-devel-linux-x86_64-fedora-gcc 0.8.2 223.41 NOTE
r-devel-windows-ix86+x86_64 0.8.2 328.00 84.00 412.00 WARN
r-patched-linux-x86_64 0.8.2 132.35 23.82 156.17 NOTE
r-patched-solaris-x86 0.8.2 194.10 OK
r-release-linux-x86_64 0.8.2 141.12 23.75 164.87 NOTE
r-release-windows-ix86+x86_64 0.8.2 232.00 83.00 315.00 OK
r-release-osx-x86_64 0.8.2 NOTE
r-oldrel-windows-ix86+x86_64 0.8.2 256.00 57.00 313.00 OK
r-oldrel-osx-x86_64 0.8.2 NOTE

Check Details

Version: 0.8.2
Check: whether package can be installed
Result: WARN
    Found the following significant warnings:
     /home/hornik/tmp/R.check/r-devel-clang/Work/build/Packages/progress/include/RProgress.h:172:13: warning: variable length arrays are a C99 feature [-Wvla-extension]
     /home/hornik/tmp/R.check/r-devel-clang/Work/build/Packages/progress/include/RProgress.h:220:16: warning: variable length arrays are a C99 feature [-Wvla-extension]
Flavor: r-devel-linux-x86_64-debian-clang

Version: 0.8.2
Check: compiled code
Result: NOTE
    File ‘rncl/libs/rncl.so’:
     Found no calls to: ‘R_registerRoutines’, ‘R_useDynamicSymbols’
    
    It is good practice to register native routines and to disable symbol
    search.
    
    See ‘Writing portable packages’ in the ‘Writing R Extensions’ manual.
Flavors: r-devel-linux-x86_64-debian-clang, r-devel-linux-x86_64-debian-gcc, r-devel-linux-x86_64-fedora-clang, r-devel-linux-x86_64-fedora-gcc, r-patched-linux-x86_64, r-release-linux-x86_64

Version: 0.8.2
Check: whether package can be installed
Result: WARN
    Found the following significant warnings:
     /data/gannet/ripley/R/test-clang/progress/include/RProgress.h:172:13: warning: variable length arrays are a C99 feature [-Wvla-extension]
     /data/gannet/ripley/R/test-clang/progress/include/RProgress.h:220:16: warning: variable length arrays are a C99 feature [-Wvla-extension]
Flavor: r-devel-linux-x86_64-fedora-clang

Version: 0.8.2
Check: installed package size
Result: NOTE
     installed size is 25.2Mb
     sub-directories of 1Mb or more:
     libs 25.0Mb
Flavors: r-devel-linux-x86_64-fedora-clang, r-devel-linux-x86_64-fedora-gcc, r-release-osx-x86_64, r-oldrel-osx-x86_64

Version: 0.8.2
Check: whether package can be installed
Result: WARN
    Found the following significant warnings:
     d:/RCompile/CRANpkg/lib/3.5/progress/include/RProgress.h:172:27: warning: ISO C++ forbids variable length array 'bar' [-Wvla]
     d:/RCompile/CRANpkg/lib/3.5/progress/include/RProgress.h:220:26: warning: ISO C++ forbids variable length array 'spaces' [-Wvla]
Flavor: r-devel-windows-ix86+x86_64