CRAN Package Check Results for Package rncl

Last updated on 2018-05-26 14:46:47 CEST.

Flavor Version Tinstall Tcheck Ttotal Status Flags
r-devel-linux-x86_64-debian-clang 0.8.2 144.20 25.61 169.81 WARN
r-devel-linux-x86_64-debian-gcc 0.8.2 136.66 20.26 156.92 NOTE
r-devel-linux-x86_64-fedora-clang 0.8.2 260.02 WARN
r-devel-linux-x86_64-fedora-gcc 0.8.2 224.20 NOTE
r-devel-windows-ix86+x86_64 0.8.2 253.00 87.00 340.00 WARN
r-patched-linux-x86_64 0.8.2 168.60 23.16 191.76 NOTE
r-patched-solaris-x86 0.8.2 205.80 OK
r-release-linux-x86_64 0.8.2 171.27 23.33 194.60 NOTE
r-release-windows-ix86+x86_64 0.8.2 313.00 73.00 386.00 OK
r-release-osx-x86_64 0.8.2 NOTE
r-oldrel-windows-ix86+x86_64 0.8.2 329.00 64.00 393.00 OK
r-oldrel-osx-x86_64 0.8.2 NOTE

Check Details

Version: 0.8.2
Check: whether package can be installed
Result: WARN
    Found the following significant warnings:
     /home/hornik/tmp/R.check/r-devel-clang/Work/build/Packages/progress/include/RProgress.h:172:13: warning: variable length arrays are a C99 feature [-Wvla-extension]
     /home/hornik/tmp/R.check/r-devel-clang/Work/build/Packages/progress/include/RProgress.h:220:16: warning: variable length arrays are a C99 feature [-Wvla-extension]
Flavor: r-devel-linux-x86_64-debian-clang

Version: 0.8.2
Check: compiled code
Result: NOTE
    File ‘rncl/libs/rncl.so’:
     Found no calls to: ‘R_registerRoutines’, ‘R_useDynamicSymbols’
    
    It is good practice to register native routines and to disable symbol
    search.
    
    See ‘Writing portable packages’ in the ‘Writing R Extensions’ manual.
Flavors: r-devel-linux-x86_64-debian-clang, r-devel-linux-x86_64-debian-gcc, r-devel-linux-x86_64-fedora-clang, r-devel-linux-x86_64-fedora-gcc, r-patched-linux-x86_64, r-release-linux-x86_64

Version: 0.8.2
Check: whether package can be installed
Result: WARN
    Found the following significant warnings:
     /data/gannet/ripley/R/test-clang/progress/include/RProgress.h:172:13: warning: variable length arrays are a C99 feature [-Wvla-extension]
     /data/gannet/ripley/R/test-clang/progress/include/RProgress.h:220:16: warning: variable length arrays are a C99 feature [-Wvla-extension]
Flavor: r-devel-linux-x86_64-fedora-clang

Version: 0.8.2
Check: installed package size
Result: NOTE
     installed size is 25.2Mb
     sub-directories of 1Mb or more:
     libs 25.0Mb
Flavors: r-devel-linux-x86_64-fedora-clang, r-devel-linux-x86_64-fedora-gcc, r-release-osx-x86_64, r-oldrel-osx-x86_64

Version: 0.8.2
Check: whether package can be installed
Result: WARN
    Found the following significant warnings:
     d:/RCompile/CRANpkg/lib/3.6/progress/include/RProgress.h:172:27: warning: ISO C++ forbids variable length array 'bar' [-Wvla]
     d:/RCompile/CRANpkg/lib/3.6/progress/include/RProgress.h:220:26: warning: ISO C++ forbids variable length array 'spaces' [-Wvla]
Flavor: r-devel-windows-ix86+x86_64