CRAN Package Check Results for Package rncl

Last updated on 2018-08-19 22:53:30 CEST.

Flavor Version Tinstall Tcheck Ttotal Status Flags
r-devel-linux-x86_64-debian-clang 0.8.3 145.63 27.02 172.65 OK
r-devel-linux-x86_64-debian-gcc 0.8.3 157.67 21.94 179.61 OK
r-devel-linux-x86_64-fedora-clang 0.8.3 273.44 NOTE
r-devel-linux-x86_64-fedora-gcc 0.8.3 269.20 OK
r-devel-windows-ix86+x86_64 0.8.3 334.00 107.00 441.00 OK
r-patched-linux-x86_64 0.8.3 188.72 24.29 213.01 OK
r-patched-solaris-x86 0.8.3 205.10 OK
r-release-linux-x86_64 0.8.3 185.53 24.19 209.72 OK
r-release-windows-ix86+x86_64 0.8.3 325.00 64.00 389.00 OK
r-release-osx-x86_64 0.8.3 NOTE
r-oldrel-windows-ix86+x86_64 0.8.3 246.00 91.00 337.00 OK
r-oldrel-osx-x86_64 0.8.3 NOTE

Check Details

Version: 0.8.3
Check: installed package size
Result: NOTE
     installed size is 25.6Mb
     sub-directories of 1Mb or more:
     libs 25.3Mb
Flavors: r-devel-linux-x86_64-fedora-clang, r-release-osx-x86_64, r-oldrel-osx-x86_64