CRAN Package Check Results for Package rnetcarto

Last updated on 2018-02-23 04:48:33 CET.

Flavor Version Tinstall Tcheck Ttotal Status Flags
r-devel-linux-x86_64-debian-clang 0.2.4 3.23 19.14 22.37 NOTE
r-devel-linux-x86_64-debian-gcc 0.2.4 2.28 16.43 18.71 NOTE
r-devel-linux-x86_64-fedora-clang 0.2.4 29.14 NOTE
r-devel-linux-x86_64-fedora-gcc 0.2.4 27.26 NOTE
r-devel-windows-ix86+x86_64 0.2.4 16.00 41.00 57.00 OK
r-patched-linux-x86_64 0.2.4 2.82 23.17 25.99 NOTE
r-patched-solaris-x86 0.2.4 41.20 OK
r-release-linux-x86_64 0.2.4 2.68 22.52 25.20 NOTE
r-release-windows-ix86+x86_64 0.2.4 17.00 56.00 73.00 OK
r-release-osx-x86_64 0.2.4 OK
r-oldrel-windows-ix86+x86_64 0.2.4 10.00 34.00 44.00 OK
r-oldrel-osx-x86_64 0.2.4 OK

Check Details

Version: 0.2.4
Check: compiled code
Result: NOTE
    File ‘rnetcarto/libs/rnetcarto.so’:
     Found no calls to: ‘R_registerRoutines’, ‘R_useDynamicSymbols’
    
    It is good practice to register native routines and to disable symbol
    search.
    
    See ‘Writing portable packages’ in the ‘Writing R Extensions’ manual.
Flavors: r-devel-linux-x86_64-debian-clang, r-devel-linux-x86_64-debian-gcc, r-devel-linux-x86_64-fedora-clang, r-devel-linux-x86_64-fedora-gcc, r-patched-linux-x86_64, r-release-linux-x86_64