CRAN Package Check Results for Package rnetcarto

Last updated on 2019-02-16 19:47:42 CET.

Flavor Version Tinstall Tcheck Ttotal Status Flags
r-devel-linux-x86_64-debian-clang 0.2.4 3.59 22.13 25.72 OK
r-devel-linux-x86_64-debian-gcc 0.2.4 2.78 18.02 20.80 OK
r-devel-linux-x86_64-fedora-clang 0.2.4 32.62 NOTE
r-devel-linux-x86_64-fedora-gcc 0.2.4 30.41 NOTE
r-devel-windows-ix86+x86_64 0.2.4 29.00 60.00 89.00 OK
r-patched-linux-x86_64 0.2.4 2.89 20.63 23.52 OK
r-patched-solaris-x86 0.2.4 43.90 OK
r-release-linux-x86_64 0.2.4 OK
r-release-windows-ix86+x86_64 0.2.4 10.00 58.00 68.00 OK
r-release-osx-x86_64 0.2.4 OK
r-oldrel-windows-ix86+x86_64 0.2.4 15.00 75.00 90.00 OK
r-oldrel-osx-x86_64 0.2.4 OK

Check Details

Version: 0.2.4
Check: compiled code
Result: NOTE
    File ‘rnetcarto/libs/rnetcarto.so’:
     Found no calls to: ‘R_registerRoutines’, ‘R_useDynamicSymbols’
    
    It is good practice to register native routines and to disable symbol
    search.
    
    See ‘Writing portable packages’ in the ‘Writing R Extensions’ manual.
Flavors: r-devel-linux-x86_64-fedora-clang, r-devel-linux-x86_64-fedora-gcc