CRAN Package Check Results for Package rnetcarto

Last updated on 2018-05-24 11:49:52 CEST.

Flavor Version Tinstall Tcheck Ttotal Status Flags
r-devel-linux-x86_64-debian-clang 0.2.4 2.96 20.14 23.10 NOTE
r-devel-linux-x86_64-debian-gcc 0.2.4 2.60 17.45 20.05 NOTE
r-devel-linux-x86_64-fedora-clang 0.2.4 29.85 NOTE
r-devel-linux-x86_64-fedora-gcc 0.2.4 28.99 NOTE
r-devel-windows-ix86+x86_64 0.2.4 11.00 66.00 77.00 OK
r-patched-linux-x86_64 0.2.4 3.04 20.40 23.44 NOTE
r-patched-solaris-x86 0.2.4 46.30 OK
r-release-linux-x86_64 0.2.4 2.96 20.54 23.50 NOTE
r-release-windows-ix86+x86_64 0.2.4 15.00 58.00 73.00 OK
r-release-osx-x86_64 0.2.4 OK
r-oldrel-windows-ix86+x86_64 0.2.4 18.00 39.00 57.00 OK
r-oldrel-osx-x86_64 0.2.4 OK

Check Details

Version: 0.2.4
Check: compiled code
Result: NOTE
    File ‘rnetcarto/libs/rnetcarto.so’:
     Found no calls to: ‘R_registerRoutines’, ‘R_useDynamicSymbols’
    
    It is good practice to register native routines and to disable symbol
    search.
    
    See ‘Writing portable packages’ in the ‘Writing R Extensions’ manual.
Flavors: r-devel-linux-x86_64-debian-clang, r-devel-linux-x86_64-debian-gcc, r-devel-linux-x86_64-fedora-clang, r-devel-linux-x86_64-fedora-gcc, r-patched-linux-x86_64, r-release-linux-x86_64