CRAN Package Check Results for Package rnetcarto

Last updated on 2018-11-18 14:46:49 CET.

Flavor Version Tinstall Tcheck Ttotal Status Flags
r-devel-linux-x86_64-debian-clang 0.2.4 3.33 22.02 25.35 OK
r-devel-linux-x86_64-debian-gcc 0.2.4 2.63 17.98 20.61 OK
r-devel-linux-x86_64-fedora-clang 0.2.4 31.75 NOTE
r-devel-linux-x86_64-fedora-gcc 0.2.4 30.07 NOTE
r-devel-windows-ix86+x86_64 0.2.4 13.00 45.00 58.00 OK
r-patched-linux-x86_64 0.2.4 2.86 20.70 23.56 OK
r-patched-solaris-x86 0.2.4 49.40 OK
r-release-linux-x86_64 0.2.4 3.01 20.65 23.66 OK
r-release-windows-ix86+x86_64 0.2.4 13.00 60.00 73.00 OK
r-release-osx-x86_64 0.2.4 OK
r-oldrel-windows-ix86+x86_64 0.2.4 17.00 55.00 72.00 OK
r-oldrel-osx-x86_64 0.2.4 OK

Check Details

Version: 0.2.4
Check: compiled code
Result: NOTE
    File ‘rnetcarto/libs/rnetcarto.so’:
     Found no calls to: ‘R_registerRoutines’, ‘R_useDynamicSymbols’
    
    It is good practice to register native routines and to disable symbol
    search.
    
    See ‘Writing portable packages’ in the ‘Writing R Extensions’ manual.
Flavors: r-devel-linux-x86_64-fedora-clang, r-devel-linux-x86_64-fedora-gcc