CRAN Package Check Results for Package rnpn

Last updated on 2022-08-08 07:51:09 CEST.

Flavor Version Tinstall Tcheck Ttotal Status Flags
r-devel-linux-x86_64-debian-clang 1.2.5 5.87 101.69 107.56 OK
r-devel-linux-x86_64-debian-gcc 1.2.5 4.40 74.63 79.03 OK
r-devel-linux-x86_64-fedora-clang 1.2.5 131.70 NOTE
r-devel-linux-x86_64-fedora-gcc 1.2.5 130.60 NOTE
r-devel-windows-x86_64 1.2.5 37.00 174.00 211.00 OK
r-patched-linux-x86_64 1.2.5 7.52 95.15 102.67 OK
r-release-linux-x86_64 1.2.5 OK
r-release-macos-arm64 1.2.5 81.00 NOTE
r-release-macos-x86_64 1.2.5 94.00 NOTE
r-release-windows-x86_64 1.2.5 41.00 186.00 227.00 OK
r-oldrel-macos-arm64 1.2.5 79.00 NOTE
r-oldrel-macos-x86_64 1.2.5 97.00 NOTE
r-oldrel-windows-ix86+x86_64 1.2.5 11.00 171.00 182.00 OK

Check Details

Version: 1.2.5
Check: dependencies in R code
Result: NOTE
    Namespace in Imports field not imported from: ‘rgdal’
     All declared Imports should be used.
Flavors: r-devel-linux-x86_64-fedora-clang, r-devel-linux-x86_64-fedora-gcc, r-release-macos-arm64, r-release-macos-x86_64, r-oldrel-macos-arm64, r-oldrel-macos-x86_64