CRAN Package Check Results for Package rnr

Last updated on 2022-11-30 20:55:23 CET.

Flavor Version Tinstall Tcheck Ttotal Status Flags
r-devel-linux-x86_64-debian-clang 0.2.1 2.31 25.16 27.47 NOTE
r-devel-linux-x86_64-debian-gcc 0.2.1 1.26 19.26 20.52 NOTE
r-devel-linux-x86_64-fedora-clang 0.2.1 44.23 NOTE
r-devel-linux-x86_64-fedora-gcc 0.2.1 42.34 NOTE
r-devel-windows-x86_64 0.2.1 7.00 52.00 59.00 NOTE
r-patched-linux-x86_64 0.2.1 1.34 24.09 25.43 NOTE
r-release-linux-x86_64 0.2.1 1.65 23.77 25.42 NOTE
r-release-macos-arm64 0.2.1 15.00 NOTE
r-release-macos-x86_64 0.2.1 20.00 NOTE
r-release-windows-x86_64 0.2.1 9.00 55.00 64.00 NOTE
r-oldrel-macos-arm64 0.2.1 15.00 NOTE
r-oldrel-macos-x86_64 0.2.1 26.00 NOTE
r-oldrel-windows-ix86+x86_64 0.2.1 6.00 48.00 54.00 NOTE

Check Details

Version: 0.2.1
Check: LazyData
Result: NOTE
     'LazyData' is specified without a 'data' directory
Flavors: r-devel-linux-x86_64-debian-clang, r-devel-linux-x86_64-debian-gcc, r-devel-linux-x86_64-fedora-clang, r-devel-linux-x86_64-fedora-gcc, r-devel-windows-x86_64, r-patched-linux-x86_64, r-release-linux-x86_64, r-release-macos-arm64, r-release-macos-x86_64, r-release-windows-x86_64, r-oldrel-macos-arm64, r-oldrel-macos-x86_64, r-oldrel-windows-ix86+x86_64