CRAN Package Check Results for Package rnrfa

Last updated on 2018-11-14 19:52:32 CET.

Flavor Version Tinstall Tcheck Ttotal Status Flags
r-devel-linux-x86_64-debian-clang 1.4.0 4.08 64.49 68.57 ERROR
r-devel-linux-x86_64-debian-gcc 1.4.0 3.80 54.03 57.83 ERROR
r-devel-linux-x86_64-fedora-clang 1.4.0 45.62 ERROR
r-devel-linux-x86_64-fedora-gcc 1.4.0 80.03 ERROR
r-devel-windows-ix86+x86_64 1.4.0 8.00 104.00 112.00 ERROR
r-patched-linux-x86_64 1.4.0 3.80 56.89 60.69 ERROR
r-patched-solaris-x86 1.4.0 122.40 ERROR
r-release-linux-x86_64 1.4.0 3.74 57.10 60.84 ERROR
r-release-windows-ix86+x86_64 1.4.0 20.00 98.00 118.00 ERROR
r-release-osx-x86_64 1.4.0 OK
r-oldrel-windows-ix86+x86_64 1.4.0 15.00 109.00 124.00 ERROR
r-oldrel-osx-x86_64 1.4.0 OK

Check Details

Version: 1.4.0
Check: tests
Result: ERROR
     Running ‘testthat.R’ [10s/17s]
    Running the tests in ‘tests/testthat.R’ failed.
    Complete output:
     > library('testthat')
     > library('rnrfa')
    
     +----------------------------------------------------------------+
     | If you wish to use NRFA data, please refer to the following |
     | Terms & Conditions: |
     | http://nrfa.ceh.ac.uk/costs-terms-and-conditions |
     +----------------------------------------------------------------+
    
     >
     > test_check('rnrfa')
     ── 1. Failure: get_ts cmr single works (@test-get_ts.R#6) ─────────────────────
     as.numeric(rain[1]) not equal to 410.
     1/1 mismatches
     [1] 262 - 410 == -148
    
     ── 2. Failure: get_ts cmr multi works (@test-get_ts.R#13) ─────────────────────
     as.numeric(rain[[1]][1]) not equal to 114.
     1/1 mismatches
     [1] 96 - 114 == -18
    
     ── 3. Failure: get_ts cmr multi works (@test-get_ts.R#14) ─────────────────────
     as.numeric(rain[[2]][1]) not equal to 178.
     1/1 mismatches
     [1] 254 - 178 == 76
    
     ── 4. Failure: get_ts cmr multi works (@test-get_ts.R#15) ─────────────────────
     as.numeric(rain[[3]][1]) not equal to 320.
     1/1 mismatches
     [1] 248 - 320 == -72
    
     ══ testthat results ═══════════════════════════════════════════════════════════
     OK: 25 SKIPPED: 0 FAILED: 4
     1. Failure: get_ts cmr single works (@test-get_ts.R#6)
     2. Failure: get_ts cmr multi works (@test-get_ts.R#13)
     3. Failure: get_ts cmr multi works (@test-get_ts.R#14)
     4. Failure: get_ts cmr multi works (@test-get_ts.R#15)
    
     Error: testthat unit tests failed
     Execution halted
Flavors: r-devel-linux-x86_64-debian-clang, r-patched-linux-x86_64

Version: 1.4.0
Check: tests
Result: ERROR
     Running ‘testthat.R’ [8s/17s]
    Running the tests in ‘tests/testthat.R’ failed.
    Complete output:
     > library('testthat')
     > library('rnrfa')
    
     +----------------------------------------------------------------+
     | If you wish to use NRFA data, please refer to the following |
     | Terms & Conditions: |
     | http://nrfa.ceh.ac.uk/costs-terms-and-conditions |
     +----------------------------------------------------------------+
    
     >
     > test_check('rnrfa')
     ── 1. Failure: get_ts cmr single works (@test-get_ts.R#6) ─────────────────────
     as.numeric(rain[1]) not equal to 410.
     1/1 mismatches
     [1] 262 - 410 == -148
    
     ── 2. Failure: get_ts cmr multi works (@test-get_ts.R#13) ─────────────────────
     as.numeric(rain[[1]][1]) not equal to 114.
     1/1 mismatches
     [1] 96 - 114 == -18
    
     ── 3. Failure: get_ts cmr multi works (@test-get_ts.R#14) ─────────────────────
     as.numeric(rain[[2]][1]) not equal to 178.
     1/1 mismatches
     [1] 254 - 178 == 76
    
     ── 4. Failure: get_ts cmr multi works (@test-get_ts.R#15) ─────────────────────
     as.numeric(rain[[3]][1]) not equal to 320.
     1/1 mismatches
     [1] 248 - 320 == -72
    
     ══ testthat results ═══════════════════════════════════════════════════════════
     OK: 25 SKIPPED: 0 FAILED: 4
     1. Failure: get_ts cmr single works (@test-get_ts.R#6)
     2. Failure: get_ts cmr multi works (@test-get_ts.R#13)
     3. Failure: get_ts cmr multi works (@test-get_ts.R#14)
     4. Failure: get_ts cmr multi works (@test-get_ts.R#15)
    
     Error: testthat unit tests failed
     Execution halted
Flavor: r-devel-linux-x86_64-debian-gcc

Version: 1.4.0
Check: tests
Result: ERROR
     Running ‘testthat.R’
    Running the tests in ‘tests/testthat.R’ failed.
    Complete output:
     > library('testthat')
     > library('rnrfa')
    
     +----------------------------------------------------------------+
     | If you wish to use NRFA data, please refer to the following |
     | Terms & Conditions: |
     | http://nrfa.ceh.ac.uk/costs-terms-and-conditions |
     +----------------------------------------------------------------+
    
     >
     > test_check('rnrfa')
     ── 1. Failure: get_ts cmr single works (@test-get_ts.R#6) ─────────────────────
     as.numeric(rain[1]) not equal to 410.
     1/1 mismatches
     [1] 262 - 410 == -148
    
     ── 2. Failure: get_ts cmr multi works (@test-get_ts.R#13) ─────────────────────
     as.numeric(rain[[1]][1]) not equal to 114.
     1/1 mismatches
     [1] 96 - 114 == -18
    
     ── 3. Failure: get_ts cmr multi works (@test-get_ts.R#14) ─────────────────────
     as.numeric(rain[[2]][1]) not equal to 178.
     1/1 mismatches
     [1] 254 - 178 == 76
    
     ── 4. Failure: get_ts cmr multi works (@test-get_ts.R#15) ─────────────────────
     as.numeric(rain[[3]][1]) not equal to 320.
     1/1 mismatches
     [1] 248 - 320 == -72
    
     ══ testthat results ═══════════════════════════════════════════════════════════
     OK: 25 SKIPPED: 0 FAILED: 4
     1. Failure: get_ts cmr single works (@test-get_ts.R#6)
     2. Failure: get_ts cmr multi works (@test-get_ts.R#13)
     3. Failure: get_ts cmr multi works (@test-get_ts.R#14)
     4. Failure: get_ts cmr multi works (@test-get_ts.R#15)
    
     Error: testthat unit tests failed
     Execution halted
Flavor: r-devel-linux-x86_64-fedora-clang

Version: 1.4.0
Check: tests
Result: ERROR
     Running ‘testthat.R’ [13s/17s]
    Running the tests in ‘tests/testthat.R’ failed.
    Complete output:
     > library('testthat')
     > library('rnrfa')
    
     +----------------------------------------------------------------+
     | If you wish to use NRFA data, please refer to the following |
     | Terms & Conditions: |
     | http://nrfa.ceh.ac.uk/costs-terms-and-conditions |
     +----------------------------------------------------------------+
    
     >
     > test_check('rnrfa')
     ── 1. Failure: get_ts cmr single works (@test-get_ts.R#6) ─────────────────────
     as.numeric(rain[1]) not equal to 410.
     1/1 mismatches
     [1] 262 - 410 == -148
    
     ── 2. Failure: get_ts cmr multi works (@test-get_ts.R#13) ─────────────────────
     as.numeric(rain[[1]][1]) not equal to 114.
     1/1 mismatches
     [1] 96 - 114 == -18
    
     ── 3. Failure: get_ts cmr multi works (@test-get_ts.R#14) ─────────────────────
     as.numeric(rain[[2]][1]) not equal to 178.
     1/1 mismatches
     [1] 254 - 178 == 76
    
     ── 4. Failure: get_ts cmr multi works (@test-get_ts.R#15) ─────────────────────
     as.numeric(rain[[3]][1]) not equal to 320.
     1/1 mismatches
     [1] 248 - 320 == -72
    
     ══ testthat results ═══════════════════════════════════════════════════════════
     OK: 25 SKIPPED: 0 FAILED: 4
     1. Failure: get_ts cmr single works (@test-get_ts.R#6)
     2. Failure: get_ts cmr multi works (@test-get_ts.R#13)
     3. Failure: get_ts cmr multi works (@test-get_ts.R#14)
     4. Failure: get_ts cmr multi works (@test-get_ts.R#15)
    
     Error: testthat unit tests failed
     Execution halted
Flavor: r-devel-linux-x86_64-fedora-gcc

Version: 1.4.0
Check: tests
Result: ERROR
     Running 'testthat.R' [43s]
    Running the tests in 'tests/testthat.R' failed.
    Complete output:
     > library('testthat')
     > library('rnrfa')
    
     +----------------------------------------------------------------+
     | If you wish to use NRFA data, please refer to the following |
     | Terms & Conditions: |
     | http://nrfa.ceh.ac.uk/costs-terms-and-conditions |
     +----------------------------------------------------------------+
    
     >
     > test_check('rnrfa')
     -- 1. Failure: get_ts cmr single works (@test-get_ts.R#6) ---------------------
     as.numeric(rain[1]) not equal to 410.
     1/1 mismatches
     [1] 262 - 410 == -148
    
     -- 2. Failure: get_ts cmr multi works (@test-get_ts.R#13) ---------------------
     as.numeric(rain[[1]][1]) not equal to 114.
     1/1 mismatches
     [1] 96 - 114 == -18
    
     -- 3. Failure: get_ts cmr multi works (@test-get_ts.R#14) ---------------------
     as.numeric(rain[[2]][1]) not equal to 178.
     1/1 mismatches
     [1] 254 - 178 == 76
    
     -- 4. Failure: get_ts cmr multi works (@test-get_ts.R#15) ---------------------
     as.numeric(rain[[3]][1]) not equal to 320.
     1/1 mismatches
     [1] 248 - 320 == -72
    
     == testthat results ===========================================================
     OK: 25 SKIPPED: 0 FAILED: 4
     1. Failure: get_ts cmr single works (@test-get_ts.R#6)
     2. Failure: get_ts cmr multi works (@test-get_ts.R#13)
     3. Failure: get_ts cmr multi works (@test-get_ts.R#14)
     4. Failure: get_ts cmr multi works (@test-get_ts.R#15)
    
     Error: testthat unit tests failed
     Execution halted
Flavors: r-devel-windows-ix86+x86_64, r-oldrel-windows-ix86+x86_64

Version: 1.4.0
Check: tests
Result: ERROR
     Running ‘testthat.R’ [28s/65s]
    Running the tests in ‘tests/testthat.R’ failed.
    Complete output:
     > library('testthat')
     > library('rnrfa')
    
     +----------------------------------------------------------------+
     | If you wish to use NRFA data, please refer to the following |
     | Terms & Conditions: |
     | http://nrfa.ceh.ac.uk/costs-terms-and-conditions |
     +----------------------------------------------------------------+
    
     >
     > test_check('rnrfa')
     ── 1. Failure: get_ts cmr single works (@test-get_ts.R#6) ─────────────────────
     as.numeric(rain[1]) not equal to 410.
     1/1 mismatches
     [1] 262 - 410 == -148
    
     ── 2. Failure: get_ts cmr multi works (@test-get_ts.R#13) ─────────────────────
     as.numeric(rain[[1]][1]) not equal to 114.
     1/1 mismatches
     [1] 96 - 114 == -18
    
     ── 3. Failure: get_ts cmr multi works (@test-get_ts.R#14) ─────────────────────
     as.numeric(rain[[2]][1]) not equal to 178.
     1/1 mismatches
     [1] 254 - 178 == 76
    
     ── 4. Failure: get_ts cmr multi works (@test-get_ts.R#15) ─────────────────────
     as.numeric(rain[[3]][1]) not equal to 320.
     1/1 mismatches
     [1] 248 - 320 == -72
    
     ══ testthat results ═══════════════════════════════════════════════════════════
     OK: 25 SKIPPED: 0 FAILED: 4
     1. Failure: get_ts cmr single works (@test-get_ts.R#6)
     2. Failure: get_ts cmr multi works (@test-get_ts.R#13)
     3. Failure: get_ts cmr multi works (@test-get_ts.R#14)
     4. Failure: get_ts cmr multi works (@test-get_ts.R#15)
    
     Error: testthat unit tests failed
     Execution halted
Flavor: r-patched-solaris-x86

Version: 1.4.0
Check: tests
Result: ERROR
     Running ‘testthat.R’ [11s/18s]
    Running the tests in ‘tests/testthat.R’ failed.
    Complete output:
     > library('testthat')
     > library('rnrfa')
    
     +----------------------------------------------------------------+
     | If you wish to use NRFA data, please refer to the following |
     | Terms & Conditions: |
     | http://nrfa.ceh.ac.uk/costs-terms-and-conditions |
     +----------------------------------------------------------------+
    
     >
     > test_check('rnrfa')
     ── 1. Failure: get_ts cmr single works (@test-get_ts.R#6) ─────────────────────
     as.numeric(rain[1]) not equal to 410.
     1/1 mismatches
     [1] 262 - 410 == -148
    
     ── 2. Failure: get_ts cmr multi works (@test-get_ts.R#13) ─────────────────────
     as.numeric(rain[[1]][1]) not equal to 114.
     1/1 mismatches
     [1] 96 - 114 == -18
    
     ── 3. Failure: get_ts cmr multi works (@test-get_ts.R#14) ─────────────────────
     as.numeric(rain[[2]][1]) not equal to 178.
     1/1 mismatches
     [1] 254 - 178 == 76
    
     ── 4. Failure: get_ts cmr multi works (@test-get_ts.R#15) ─────────────────────
     as.numeric(rain[[3]][1]) not equal to 320.
     1/1 mismatches
     [1] 248 - 320 == -72
    
     ══ testthat results ═══════════════════════════════════════════════════════════
     OK: 25 SKIPPED: 0 FAILED: 4
     1. Failure: get_ts cmr single works (@test-get_ts.R#6)
     2. Failure: get_ts cmr multi works (@test-get_ts.R#13)
     3. Failure: get_ts cmr multi works (@test-get_ts.R#14)
     4. Failure: get_ts cmr multi works (@test-get_ts.R#15)
    
     Error: testthat unit tests failed
     Execution halted
Flavor: r-release-linux-x86_64

Version: 1.4.0
Check: tests
Result: ERROR
     Running 'testthat.R' [36s]
    Running the tests in 'tests/testthat.R' failed.
    Complete output:
     > library('testthat')
     > library('rnrfa')
    
     +----------------------------------------------------------------+
     | If you wish to use NRFA data, please refer to the following |
     | Terms & Conditions: |
     | http://nrfa.ceh.ac.uk/costs-terms-and-conditions |
     +----------------------------------------------------------------+
    
     >
     > test_check('rnrfa')
     -- 1. Failure: get_ts cmr single works (@test-get_ts.R#6) ---------------------
     as.numeric(rain[1]) not equal to 410.
     1/1 mismatches
     [1] 262 - 410 == -148
    
     -- 2. Failure: get_ts cmr multi works (@test-get_ts.R#13) ---------------------
     as.numeric(rain[[1]][1]) not equal to 114.
     1/1 mismatches
     [1] 96 - 114 == -18
    
     -- 3. Failure: get_ts cmr multi works (@test-get_ts.R#14) ---------------------
     as.numeric(rain[[2]][1]) not equal to 178.
     1/1 mismatches
     [1] 254 - 178 == 76
    
     -- 4. Failure: get_ts cmr multi works (@test-get_ts.R#15) ---------------------
     as.numeric(rain[[3]][1]) not equal to 320.
     1/1 mismatches
     [1] 248 - 320 == -72
    
     == testthat results ===========================================================
     OK: 25 SKIPPED: 0 FAILED: 4
     1. Failure: get_ts cmr single works (@test-get_ts.R#6)
     2. Failure: get_ts cmr multi works (@test-get_ts.R#13)
     3. Failure: get_ts cmr multi works (@test-get_ts.R#14)
     4. Failure: get_ts cmr multi works (@test-get_ts.R#15)
    
     Error: testthat unit tests failed
     Execution halted
Flavor: r-release-windows-ix86+x86_64