CRAN Package Check Results for Package roadoi

Last updated on 2020-04-02 22:51:08 CEST.

Flavor Version Tinstall Tcheck Ttotal Status Flags
r-devel-linux-x86_64-debian-clang 0.6 5.09 52.18 57.27 OK
r-devel-linux-x86_64-debian-gcc 0.6 4.37 41.05 45.42 OK
r-devel-linux-x86_64-fedora-clang 0.6 63.47 OK
r-devel-linux-x86_64-fedora-gcc 0.6 63.41 OK
r-devel-windows-ix86+x86_64 0.6 18.00 99.00 117.00 OK
r-devel-windows-ix86+x86_64-gcc8 0.6 16.00 104.00 120.00 OK
r-patched-linux-x86_64 0.6 5.00 49.84 54.84 OK
r-patched-solaris-x86 0.6 100.70 OK
r-release-linux-x86_64 0.6 4.28 47.88 52.16 OK
r-release-windows-ix86+x86_64 0.6 12.00 106.00 118.00 OK
r-release-osx-x86_64 0.6 WARN
r-oldrel-windows-ix86+x86_64 0.6 7.00 110.00 117.00 OK
r-oldrel-osx-x86_64 0.6 OK

Check Details

Version: 0.6
Check: re-building of vignette outputs
Result: WARN
    Error(s) in re-building vignettes:
     ...
    --- re-building ‘intro.Rmd’ using rmarkdown
    Warning in engine$weave(file, quiet = quiet, encoding = enc) :
     Pandoc (>= 1.12.3) and/or pandoc-citeproc not available. Falling back to R Markdown v1.
    Quitting from lines 188-195 (intro.Rmd)
    Error: processing vignette 'intro.Rmd' failed with diagnostics:
    Column `is_oa` is unknown
    --- failed re-building ‘intro.Rmd’
    
    SUMMARY: processing the following file failed:
     ‘intro.Rmd’
    
    Error: Vignette re-building failed.
    Execution halted
Flavor: r-release-osx-x86_64