CRAN Package Check Results for Package robCompositions

Last updated on 2019-01-23 08:49:20 CET.

Flavor Version Tinstall Tcheck Ttotal Status Flags
r-devel-linux-x86_64-debian-clang 2.0.9 21.01 205.01 226.02 OK
r-devel-linux-x86_64-debian-gcc 2.0.9 16.56 154.60 171.16 OK
r-devel-linux-x86_64-fedora-clang 2.0.9 252.91 NOTE
r-devel-linux-x86_64-fedora-gcc 2.0.9 236.94 NOTE
r-devel-windows-ix86+x86_64 2.0.9 47.00 195.00 242.00 OK --no-examples --no-tests --no-vignettes
r-patched-linux-x86_64 2.0.9 16.54 192.87 209.41 OK
r-patched-solaris-x86 2.0.9 357.40 NOTE
r-release-linux-x86_64 2.0.9 15.70 188.32 204.02 OK
r-release-windows-ix86+x86_64 2.0.9 37.00 251.00 288.00 OK --no-examples --no-tests --no-vignettes
r-release-osx-x86_64 2.0.9 NOTE
r-oldrel-windows-ix86+x86_64 2.0.9 41.00 249.00 290.00 OK --no-examples --no-tests --no-vignettes
r-oldrel-osx-x86_64 2.0.9 NOTE

Check Details

Version: 2.0.9
Check: data for non-ASCII characters
Result: NOTE
     Note: found 5701 marked UTF-8 strings
Flavors: r-devel-linux-x86_64-fedora-clang, r-devel-linux-x86_64-fedora-gcc, r-patched-solaris-x86, r-release-osx-x86_64, r-oldrel-osx-x86_64