CRAN Package Check Results for Package robCompositions

Last updated on 2018-10-16 22:56:37 CEST.

Flavor Version Tinstall Tcheck Ttotal Status Flags
r-devel-linux-x86_64-debian-clang 2.0.8 20.53 213.92 234.45 OK
r-devel-linux-x86_64-debian-gcc 2.0.8 17.14 166.97 184.11 OK
r-devel-linux-x86_64-fedora-clang 2.0.8 276.06 NOTE
r-devel-linux-x86_64-fedora-gcc 2.0.8 275.38 NOTE
r-devel-windows-ix86+x86_64 2.0.8 59.00 179.00 238.00 OK --no-examples --no-tests --no-vignettes
r-patched-linux-x86_64 2.0.8 18.11 185.74 203.85 OK
r-patched-solaris-x86 2.0.8 344.20 NOTE
r-release-linux-x86_64 2.0.8 15.78 185.25 201.03 OK
r-release-windows-ix86+x86_64 2.0.8 42.00 246.00 288.00 WARN --no-examples --no-tests --no-vignettes
r-release-osx-x86_64 2.0.8 NOTE
r-oldrel-windows-ix86+x86_64 2.0.8 46.00 178.00 224.00 OK --no-examples --no-tests --no-vignettes
r-oldrel-osx-x86_64 2.0.8 NOTE

Check Details

Version: 2.0.8
Check: data for non-ASCII characters
Result: NOTE
     Note: found 5701 marked UTF-8 strings
Flavors: r-devel-linux-x86_64-fedora-clang, r-devel-linux-x86_64-fedora-gcc, r-patched-solaris-x86, r-release-osx-x86_64, r-oldrel-osx-x86_64

Version: 2.0.8
Flags: --no-examples --no-tests --no-vignettes
Check: whether package can be installed
Result: WARN
    Found the following significant warnings:
     Warning: S3 methods '[.fun_list', '[.grouped_df', 'all.equal.tbl_df', 'anti_join.data.frame', 'anti_join.tbl_df', 'arrange.data.frame', 'arrange.default', 'arrange.grouped_df', 'arrange.tbl_df', 'arrange_.data.frame', 'arrange_.tbl_df', 'as.data.frame.grouped_df', 'as.data.frame.rowwise_df', 'as.data.frame.tbl_cube', 'as.data.frame.tbl_df', 'as.table.tbl_cube', 'as.tbl.data.frame', 'as.tbl.tbl', 'as.tbl_cube.array', 'as.tbl_cube.data.frame', 'as.tbl_cube.matrix', 'as.tbl_cube.table', 'as_data_frame.grouped_df', 'as_data_frame.tbl_cube', 'auto_copy.tbl_cube', 'auto_copy.tbl_df', 'cbind.grouped_df', 'collapse.data.frame', 'collect.data.frame', 'common_by.NULL', 'common_by.character', 'common_by.default', 'common_by.list', 'compute.data.frame', 'copy_to.DBIConnection', 'copy_to.src_local', 'default_missing.data.frame', 'default_missing.default', 'dim.tbl_cube', 'distinct.data.frame', 'distinct.default', 'distinct.grouped_df', 'distinct.tbl_df', 'distinct_.data.frame', 'distinct_.grouped_df', 'dist [... truncated]
Flavor: r-release-windows-ix86+x86_64