CRAN Package Check Results for Package roben

Last updated on 2024-03-04 21:51:16 CET.

Flavor Version Tinstall Tcheck Ttotal Status Flags
r-devel-linux-x86_64-debian-clang 0.1.0 247.99 57.04 305.03 NOTE
r-devel-linux-x86_64-debian-gcc 0.1.0 192.74 40.04 232.78 NOTE
r-devel-linux-x86_64-fedora-clang 0.1.0 455.10 NOTE
r-devel-linux-x86_64-fedora-gcc 0.1.0 452.77 NOTE
r-devel-windows-x86_64 0.1.0 181.00 89.00 270.00 NOTE
r-patched-linux-x86_64 0.1.0 252.85 54.40 307.25 NOTE
r-release-linux-x86_64 0.1.0 235.18 54.13 289.31 NOTE
r-release-macos-arm64 0.1.0 101.00 NOTE
r-release-macos-x86_64 0.1.0 171.00 NOTE
r-release-windows-x86_64 0.1.0 227.00 105.00 332.00 NOTE
r-oldrel-macos-arm64 0.1.0 102.00 NOTE
r-oldrel-windows-x86_64 0.1.0 221.00 96.00 317.00 OK

Additional issues

OpenBLAS

Check Details

Version: 0.1.0
Check: C++ specification
Result: NOTE Specified C++11: please drop specification unless essential Flavors: r-devel-linux-x86_64-debian-clang, r-devel-linux-x86_64-debian-gcc, r-devel-linux-x86_64-fedora-clang, r-devel-linux-x86_64-fedora-gcc, r-devel-windows-x86_64, r-patched-linux-x86_64, r-release-linux-x86_64, r-release-macos-arm64, r-release-macos-x86_64, r-release-windows-x86_64

Version: 0.1.0
Check: Rd files
Result: NOTE checkRd: (-1) roben.Rd:53: Lost braces; missing escapes or markup? 53 | When {structure="sparsegroup"} (default setting), selection will be conducted on both individual and group levels (bi-level selection): | ^ checkRd: (-1) roben.Rd:58: Lost braces; missing escapes or markup? 58 | If {structure="group"}, only group-level selection will be conducted on \eqn{||\beta_{j}||_{2}}. If {structure="individual"}, only individual-level selection will be conducted on each \eqn{\beta_{jl}}, (\eqn{l=1,\ldots,L}). | ^ checkRd: (-1) roben.Rd:58: Lost braces; missing escapes or markup? 58 | If {structure="group"}, only group-level selection will be conducted on \eqn{||\beta_{j}||_{2}}. If {structure="individual"}, only individual-level selection will be conducted on each \eqn{\beta_{jl}}, (\eqn{l=1,\ldots,L}). | ^ checkRd: (-1) roben.Rd:60: Lost braces; missing escapes or markup? 60 | When {sparse=TRUE} (default), spike--and--slab priors are imposed on individual and/or group levels to identify important main and interaction effects. Otherwise, Laplacian shrinkage will be used. | ^ checkRd: (-1) roben.Rd:62: Lost braces; missing escapes or markup? 62 | When {robust=TRUE} (default), the distribution of \eqn{\epsilon_{i}} is defined as a Laplace distribution with density | ^ checkRd: (-1) roben.Rd:65: Lost braces; missing escapes or markup? 65 | }, (\eqn{i=1,\dots,n}), which leads to a Bayesian formulation of LAD regression. If {robust=FALSE}, \eqn{\epsilon_{i}} follows a normal distribution. | ^ checkRd: (-1) roben.Rd:74: Lost braces in \itemize; meant \describe ? checkRd: (-1) roben.Rd:75: Lost braces in \itemize; meant \describe ? checkRd: (-1) roben.Rd:76: Lost braces in \itemize; meant \describe ? checkRd: (-1) roben.Rd:77: Lost braces in \itemize; meant \describe ? Flavors: r-devel-linux-x86_64-debian-clang, r-devel-linux-x86_64-debian-gcc, r-devel-linux-x86_64-fedora-clang, r-devel-linux-x86_64-fedora-gcc, r-devel-windows-x86_64

Version: 0.1.0
Check: installed package size
Result: NOTE installed size is 9.0Mb sub-directories of 1Mb or more: libs 8.4Mb Flavors: r-release-macos-arm64, r-release-macos-x86_64, r-oldrel-macos-arm64