Last updated on 2022-05-27 22:52:05 CEST.
Flavor | Version | Tinstall | Tcheck | Ttotal | Status | Flags |
---|---|---|---|---|---|---|
r-devel-linux-x86_64-debian-clang | 0.1.0 | 239.92 | 65.36 | 305.28 | OK | |
r-devel-linux-x86_64-debian-gcc | 0.1.0 | 187.02 | 47.28 | 234.30 | OK | |
r-devel-linux-x86_64-fedora-clang | 0.1.0 | 492.86 | NOTE | |||
r-devel-linux-x86_64-fedora-gcc | 0.1.0 | 387.83 | OK | |||
r-devel-windows-x86_64 | 0.1.0 | 169.00 | 104.00 | 273.00 | OK | |
r-patched-linux-x86_64 | 0.1.0 | 204.53 | 65.07 | 269.60 | OK | |
r-release-linux-x86_64 | 0.1.0 | 202.34 | 66.20 | 268.54 | OK | |
r-release-macos-arm64 | 0.1.0 | 102.00 | NOTE | |||
r-release-macos-x86_64 | 0.1.0 | 115.00 | NOTE | |||
r-release-windows-x86_64 | 0.1.0 | 170.00 | 108.00 | 278.00 | OK | |
r-oldrel-macos-arm64 | 0.1.0 | 102.00 | NOTE | |||
r-oldrel-macos-x86_64 | 0.1.0 | 143.00 | NOTE | |||
r-oldrel-windows-ix86+x86_64 | 0.1.0 | 545.00 | 132.00 | 677.00 | OK |
Version: 0.1.0
Check: installed package size
Result: NOTE
installed size is 8.0Mb
sub-directories of 1Mb or more:
libs 7.4Mb
Flavors: r-devel-linux-x86_64-fedora-clang, r-release-macos-arm64, r-release-macos-x86_64, r-oldrel-macos-arm64, r-oldrel-macos-x86_64