CRAN Package Check Results for Package robets

Last updated on 2021-04-14 16:47:39 CEST.

Flavor Version Tinstall Tcheck Ttotal Status Flags
r-devel-linux-x86_64-debian-clang 1.4 41.37 74.65 116.02 NOTE
r-devel-linux-x86_64-debian-gcc 1.4 27.49 54.47 81.96 NOTE
r-devel-linux-x86_64-fedora-clang 1.4 160.68 NOTE
r-devel-linux-x86_64-fedora-gcc 1.4 136.58 NOTE
r-devel-windows-ix86+x86_64 1.4 100.00 118.00 218.00 NOTE
r-devel-windows-x86_64-gcc10-UCRT 1.4 NOTE
r-patched-linux-x86_64 1.4 31.94 68.25 100.19 OK
r-patched-solaris-x86 1.4 173.80 OK
r-release-linux-x86_64 1.4 29.42 68.06 97.48 OK
r-release-macos-x86_64 1.4 OK
r-release-windows-ix86+x86_64 1.4 102.00 145.00 247.00 OK
r-oldrel-macos-x86_64 1.4 OK
r-oldrel-windows-ix86+x86_64 1.4 64.00 95.00 159.00 OK

Check Details

Version: 1.4
Check: LazyData
Result: NOTE
     'LazyData' is specified without a 'data' directory
Flavors: r-devel-linux-x86_64-debian-clang, r-devel-linux-x86_64-debian-gcc, r-devel-linux-x86_64-fedora-clang, r-devel-linux-x86_64-fedora-gcc, r-devel-windows-ix86+x86_64, r-devel-windows-x86_64-gcc10-UCRT