CRAN Package Check Results for Package robotoolbox

Last updated on 2024-02-28 07:53:53 CET.

Flavor Version Tinstall Tcheck Ttotal Status Flags
r-devel-linux-x86_64-debian-clang 1.3.2 9.04 126.92 135.96 OK
r-devel-linux-x86_64-debian-gcc 1.3.2 7.22 94.19 101.41 OK
r-devel-linux-x86_64-fedora-clang 1.3.2 166.88 NOTE
r-devel-linux-x86_64-fedora-gcc 1.3.2 179.77 NOTE
r-devel-windows-x86_64 1.3.2 11.00 110.00 121.00 OK
r-patched-linux-x86_64 1.3.2 6.48 121.63 128.11 OK
r-release-linux-x86_64 1.3.2 6.05 121.74 127.79 OK
r-release-macos-arm64 1.3.2 61.00 OK
r-release-macos-x86_64 1.3.2 230.00 OK
r-release-windows-x86_64 1.3.2 14.00 131.00 145.00 OK
r-oldrel-macos-arm64 1.3.2 53.00 OK
r-oldrel-windows-x86_64 1.3.2 15.00 141.00 156.00 OK

Check Details

Version: 1.3.2
Check: data for non-ASCII characters
Result: NOTE Note: found 19 marked UTF-8 strings Flavors: r-devel-linux-x86_64-fedora-clang, r-devel-linux-x86_64-fedora-gcc