CRAN Package Check Results for Package robotstxt

Last updated on 2018-11-18 11:51:04 CET.

Flavor Version Tinstall Tcheck Ttotal Status Flags
r-devel-linux-x86_64-debian-clang 0.6.2 1.12 27.87 28.99 OK
r-devel-linux-x86_64-debian-gcc 0.6.2 1.16 22.66 23.82 OK
r-devel-linux-x86_64-fedora-clang 0.6.2 36.91 NOTE
r-devel-linux-x86_64-fedora-gcc 0.6.2 34.30 NOTE
r-devel-windows-ix86+x86_64 0.6.2 6.00 39.00 45.00 OK
r-patched-linux-x86_64 0.6.2 1.49 26.55 28.04 OK
r-patched-solaris-x86 0.6.2 52.20 NOTE
r-release-linux-x86_64 0.6.2 1.54 26.58 28.12 OK
r-release-windows-ix86+x86_64 0.6.2 4.00 42.00 46.00 OK
r-release-osx-x86_64 0.6.2 NOTE
r-oldrel-windows-ix86+x86_64 0.6.2 4.00 43.00 47.00 OK
r-oldrel-osx-x86_64 0.6.2 NOTE

Check Details

Version: 0.6.2
Check: dependencies in R code
Result: NOTE
    Namespace in Imports field not imported from: ‘future’
     All declared Imports should be used.
Flavors: r-devel-linux-x86_64-fedora-clang, r-devel-linux-x86_64-fedora-gcc, r-patched-solaris-x86, r-release-osx-x86_64, r-oldrel-osx-x86_64