CRAN Package Check Results for Package robotstxt

Last updated on 2019-02-21 01:50:58 CET.

Flavor Version Tinstall Tcheck Ttotal Status Flags
r-devel-linux-x86_64-debian-clang 0.6.2 1.64 27.70 29.34 OK
r-devel-linux-x86_64-debian-gcc 0.6.2 1.47 22.18 23.65 OK
r-devel-linux-x86_64-fedora-clang 0.6.2 36.82 NOTE
r-devel-linux-x86_64-fedora-gcc 0.6.2 35.04 NOTE
r-devel-windows-ix86+x86_64 0.6.2 7.00 58.00 65.00 OK
r-patched-linux-x86_64 0.6.2 OK
r-patched-solaris-x86 0.6.2 49.00 NOTE
r-release-linux-x86_64 0.6.2 OK
r-release-windows-ix86+x86_64 0.6.2 3.00 74.00 77.00 OK
r-release-osx-x86_64 0.6.2 NOTE
r-oldrel-windows-ix86+x86_64 0.6.2 3.00 50.00 53.00 OK
r-oldrel-osx-x86_64 0.6.2 NOTE

Check Details

Version: 0.6.2
Check: dependencies in R code
Result: NOTE
    Namespace in Imports field not imported from: ‘future’
     All declared Imports should be used.
Flavors: r-devel-linux-x86_64-fedora-clang, r-devel-linux-x86_64-fedora-gcc, r-patched-solaris-x86, r-release-osx-x86_64, r-oldrel-osx-x86_64