CRAN Package Check Results for Package robotstxt

Last updated on 2018-08-21 08:49:09 CEST.

Flavor Version Tinstall Tcheck Ttotal Status Flags
r-devel-linux-x86_64-debian-clang 0.6.2 1.32 28.81 30.13 OK
r-devel-linux-x86_64-debian-gcc 0.6.2 1.21 23.57 24.78 OK
r-devel-linux-x86_64-fedora-clang 0.6.2 35.38 NOTE
r-devel-linux-x86_64-fedora-gcc 0.6.2 34.28 NOTE
r-devel-windows-ix86+x86_64 0.6.2 5.00 57.00 62.00 OK
r-patched-linux-x86_64 0.6.2 1.36 26.84 28.20 OK
r-patched-solaris-x86 0.6.2 53.40 NOTE
r-release-linux-x86_64 0.6.2 1.49 26.77 28.26 OK
r-release-windows-ix86+x86_64 0.6.2 6.00 58.00 64.00 OK
r-release-osx-x86_64 0.6.2 NOTE
r-oldrel-windows-ix86+x86_64 0.6.2 4.00 102.00 106.00 OK
r-oldrel-osx-x86_64 0.6.2 NOTE

Check Details

Version: 0.6.2
Check: dependencies in R code
Result: NOTE
    Namespace in Imports field not imported from: ‘future’
     All declared Imports should be used.
Flavors: r-devel-linux-x86_64-fedora-clang, r-devel-linux-x86_64-fedora-gcc, r-patched-solaris-x86, r-release-osx-x86_64, r-oldrel-osx-x86_64