CRAN Package Check Results for Package robumeta

Last updated on 2024-04-15 12:55:00 CEST.

Flavor Version Tinstall Tcheck Ttotal Status Flags
r-devel-linux-x86_64-debian-clang 2.1 4.01 33.99 38.00 NOTE
r-devel-linux-x86_64-debian-gcc 2.1 2.57 25.36 27.93 NOTE
r-devel-linux-x86_64-fedora-clang 2.1 48.07 NOTE
r-devel-linux-x86_64-fedora-gcc 2.1 57.68 NOTE
r-prerel-macos-arm64 2.1 23.00 NOTE
r-prerel-windows-x86_64 2.1 5.00 47.00 52.00 NOTE
r-patched-linux-x86_64 2.1 2.79 32.71 35.50 NOTE
r-release-linux-x86_64 2.1 4.04 31.40 35.44 OK
r-release-macos-arm64 2.1 22.00 OK
r-release-macos-x86_64 2.1 34.00 OK
r-release-windows-x86_64 2.1 5.00 48.00 53.00 OK
r-oldrel-macos-arm64 2.1 19.00 OK
r-oldrel-windows-x86_64 2.1 5.00 51.00 56.00 OK

Check Details

Version: 2.1
Check: Rd files
Result: NOTE checkRd: (-1) predict.robu.Rd:36-42: Lost braces in \itemize; meant \describe ? checkRd: (-1) predict.robu.Rd:43-49: Lost braces in \itemize; meant \describe ? checkRd: (-1) predict.robu.Rd:50-55: Lost braces in \itemize; meant \describe ? Flavors: r-devel-linux-x86_64-debian-clang, r-devel-linux-x86_64-debian-gcc, r-devel-linux-x86_64-fedora-clang, r-devel-linux-x86_64-fedora-gcc, r-prerel-macos-arm64, r-prerel-windows-x86_64, r-patched-linux-x86_64

Version: 2.1
Check: data for non-ASCII characters
Result: NOTE Note: found 6 marked UTF-8 strings Flavors: r-devel-linux-x86_64-fedora-clang, r-devel-linux-x86_64-fedora-gcc