CRAN Package Check Results for Package robustlmm

Last updated on 2022-10-07 17:52:13 CEST.

Flavor Version Tinstall Tcheck Ttotal Status Flags
r-devel-linux-x86_64-debian-clang 3.0-4 231.53 737.10 968.63 OK
r-devel-linux-x86_64-debian-gcc 3.0-4 204.56 536.69 741.25 NOTE
r-devel-linux-x86_64-fedora-clang 3.0-4 1221.12 NOTE
r-devel-linux-x86_64-fedora-gcc 3.0-4 1221.80 OK
r-devel-windows-x86_64 3.0-4 373.00 799.00 1172.00 NOTE
r-patched-linux-x86_64 3.0-4 190.86 686.58 877.44 OK
r-release-linux-x86_64 3.0-4 184.65 694.62 879.27 OK
r-release-macos-arm64 3.0-4 304.00 NOTE
r-release-macos-x86_64 3.0-4 525.00 NOTE
r-release-windows-x86_64 3.0-4 422.00 812.00 1234.00 NOTE
r-oldrel-macos-arm64 3.0-4 296.00 NOTE
r-oldrel-macos-x86_64 3.0-4 518.00 NOTE
r-oldrel-windows-ix86+x86_64 3.0-4 554.00 1032.00 1586.00 NOTE

Check Details

Version: 3.0-4
Check: compilation flags used
Result: NOTE
    Compilation used the following non-portable flag(s):
     ‘-Wstrict-prototypes’
Flavor: r-devel-linux-x86_64-debian-gcc

Version: 3.0-4
Check: installed package size
Result: NOTE
     installed size is 6.3Mb
     sub-directories of 1Mb or more:
     doc 1.7Mb
     libs 2.1Mb
     simulationStudy 1.5Mb
Flavors: r-devel-linux-x86_64-fedora-clang, r-devel-windows-x86_64, r-release-macos-arm64, r-release-macos-x86_64, r-release-windows-x86_64, r-oldrel-macos-arm64, r-oldrel-macos-x86_64, r-oldrel-windows-ix86+x86_64